456
CXUS54 KCRP 011300
CF6RKP
PRELIMINARY LOCAL CLIMATOLOGICAL DATA (WS FORM: F-6)
STATION: ROCKPORT
MONTH: JUNE
YEAR: 2020
LATITUDE: 28 4 N
LONGITUDE: 97 3 W
TEMPERATURE IN F: :PCPN: SNOW: WIND :SUNSHINE: SKY :PK WND
================================================================================
1 2 3 4 5 6A 6B 7 8 9 10 11 12 13 14 15 16 17 18
12Z AVG MX 2MIN
DY MAX MIN AVG DEP HDD CDD WTR SNW DPTH SPD SPD DIR MIN PSBL S-S WX SPD DR
================================================================================
1 79 69 74 -8 0 9 3.30 0.0 0 10.2 22 110 M M 6 138 27 110
2 87 72 80 -2 0 15 T 0.0 0 8.2 16 110 M M 2 18 20 110
3 88 78 83 1 0 18 T 0.0 0 8.9 15 140 M M 2 1 19 130
4 89 75 82 0 0 17 0.00 0.0 0 8.0 15 140 M M 1 20 150
5 89 75 82 -1 0 17 0.00 0.0 0 7.9 14 140 M M 1 16 110
6 93 77 85 2 0 20 0.01 0.0 0 6.1 13 90 M M 1 16 90
7 92 77 85 2 0 20 0.00 0.0 0 5.8 12 130 M M 1 15 140
8 93 79 86 3 0 21 0.00 0.0 0 9.6 17 150 M M 1 24 150
9 92 82 87 4 0 22 0.00 0.0 0 10.4 17 130 M M 4 8 25 150
10 93 80 87 4 0 22 0.00 0.0 0 11.2 23 50 M M 2 18 28 40
11 91 71 81 -3 0 16 0.00 0.0 0 9.1 16 80 M M 0 21 70
12 89 68 79 -5 0 14 0.00 0.0 0 7.8 15 90 M M 0 18 80
13 90 69 80 -4 0 15 0.00 0.0 0 9.9 15 110 M M 0 20 100
14 89 72 81 -3 0 16 0.00 0.0 0 9.9 15 110 M M 0 18 110
15 89 79 84 0 0 19 0.08 0.0 0 10.9 22 90 M M 1 38 28 90
16 88 80 84 0 0 19 0.00 0.0 0 12.8 17 130 M M 1 22 140
17 89 79 84 0 0 19 0.00 0.0 0 11.0 16 140 M M 1 22 140
18 87 74 81 -3 0 16 0.30 0.0 0 11.3 17 140 M M 2 13 23 140
19 90 81 86 2 0 21 0.00 0.0 0 13.1 20 140 M M 2 26 140
20 91 75 83 -1 0 18 0.02 0.0 0 11.0 18 140 M M 2 26 140
21 90 82 86 2 0 21 0.02 0.0 0 11.4 21 150 M M 2 38 27 160
22 91 83 87 3 0 22 0.00 0.0 0 14.0 25 140 M M 3 8 34 140
23 88 80 84 0 0 19 0.01 0.0 0 8.1 21 130 M M 3 38 26 150
24 88 77 83 -1 0 18 0.00 0.0 0 5.1 13 360 M M 2 18 15 10
25 90 78 84 -1 0 19 0.00 0.0 0 7.5 21 150 M M 3 138 28 140
26 85 75 80 -5 0 15 0.08 0.0 0 9.3 17 150 M M 8 18 22 130
27 90 82 86 1 0 21 0.00 0.0 0 11.3 18 150 M M 2 18 24 150
28 91 82 87 2 0 22 0.00 0.0 0 13.6 22 150 M M 4 18 32 140
29 92 83 88 3 0 23 0.00 0.0 0 14.4 23 150 M M 5 8 32 150
30 91 83 87 2 0 22 0.00 0.0 0 13.6 20 140 M M 6 8 29 170
================================================================================
SM 2684 2317 0 556 3.82 0.0 301.4 M 68
================================================================================
AV 89.5 77.2 10.0 FASTST M M 2 MAX(MPH)
MISC ----> # 25 140 # 34 140
================================================================================
NOTES:
# LAST OF SEVERAL OCCURRENCES
COLUMN 17 PEAK WIND IN M.P.H.
PRELIMINARY LOCAL CLIMATOLOGICAL DATA (WS FORM: F-6) , PAGE 2
STATION: ROCKPORT
MONTH: JUNE
YEAR: 2020
LATITUDE: 28 4 N
LONGITUDE: 97 3 W
[TEMPERATURE DATA] [PRECIPITATION DATA] SYMBOLS USED IN COLUMN 16
AVERAGE MONTHLY: 83.4 TOTAL FOR MONTH: 3.82 1 = FOG OR MIST
DPTR FM NORMAL: -0.5 DPTR FM NORMAL: 0.23 2 = FOG REDUCING VISIBILITY
HIGHEST: 93 ON 10, 8 GRTST 24HR 3.30 ON 1- 1 TO 1/4 MILE OR LESS
LOWEST: 68 ON 12 3 = THUNDER
SNOW, ICE PELLETS, HAIL 4 = ICE PELLETS
TOTAL MONTH: 0.0 INCH 5 = HAIL
GRTST 24HR 0.0 6 = FREEZING RAIN OR DRIZZLE
GRTST DEPTH: 0 7 = DUSTSTORM OR SANDSTORM:
VSBY 1/2 MILE OR LESS
8 = SMOKE OR HAZE
[NO. OF DAYS WITH] [WEATHER - DAYS WITH] 9 = BLOWING SNOW
X = TORNADO
MAX 32 OR BELOW: 0 0.01 INCH OR MORE: 8
MAX 90 OR ABOVE: 16 0.10 INCH OR MORE: 2
MIN 32 OR BELOW: 0 0.50 INCH OR MORE: 1
MIN 0 OR BELOW: 0 1.00 INCH OR MORE: 1
[HDD (BASE 65) ]
TOTAL THIS MO. 0 CLEAR (SCALE 0-3) 24
DPTR FM NORMAL 0 PTCLDY (SCALE 4-7) 5
TOTAL FM JUL 1 592 CLOUDY (SCALE 8-10) 1
DPTR FM NORMAL -284
[CDD (BASE 65) ]
TOTAL THIS MO. 556
DPTR FM NORMAL -6 [PRESSURE DATA]
TOTAL FM JAN 1 1767 HIGHEST SLP 30.22 ON 12
DPTR FM NORMAL 390 LOWEST SLP 29.63 ON 8
[REMARKS]
#FINAL-06-20#