000
CXUS54 KCRP 011300
CF6RKP
PRELIMINARY LOCAL CLIMATOLOGICAL DATA (WS FORM: F-6)
STATION: ROCKPORT
MONTH: FEBRUARY
YEAR: 2020
LATITUDE: 28 4 N
LONGITUDE: 97 3 W
TEMPERATURE IN F: :PCPN: SNOW: WIND :SUNSHINE: SKY :PK WND
================================================================================
1 2 3 4 5 6A 6B 7 8 9 10 11 12 13 14 15 16 17 18
12Z AVG MX 2MIN
DY MAX MIN AVG DEP HDD CDD WTR SNW DPTH SPD SPD DIR MIN PSBL S-S WX SPD DR
================================================================================
1 75 46 61 3 4 0 0.00 0.0 0 5.9 12 310 M M 1 16 310
2 75 49 62 4 3 0 0.00 0.0 0 8.0 14 160 M M 0 8 22 170
3 76 64 70 12 0 5 T 0.0 0 11.6 24 150 M M 2 8 34 150
4 80 64 72 14 0 7 T 0.0 0 9.1 22 180 M M 3 18 36 180
5 69 45 57 -1 8 0 T M 0 17.3 26 340 M M 10 18 35 330
6 63 39 51 -7 14 0 0.00 0.0 0 11.5 23 320 M M 2 31 280
7 73 39 56 -3 9 0 0.00 0.0 0 9.7 20 180 M M 0 30 190
8 78 58 68 9 0 3 0.00 0.0 0 7.6 17 140 M M 4 128 22 130
9 75 65 70 11 0 5 0.00 0.0 0 12.6 20 140 M M 10 18 28 150
10 77 69 73 14 0 8 0.00 0.0 0 10.4 17 150 M M 10 18 25 160
11 70 52 61 2 4 0 T 0.0 0 12.8 21 20 M M 10 18 28 30
12 57 50 54 -5 11 0 0.00 0.0 0 9.0 23 320 M M 9 18 29 320
13 69 46 58 -2 7 0 0.00 0.0 0 9.6 20 30 M M 1 128 26 30
14 61 41 51 -9 14 0 0.00 0.0 0 11.1 18 20 M M 1 8 24 10
15 74 51 63 3 2 0 0.00 0.0 0 7.3 13 110 M M 2 18 16 90
16 77 60 69 9 0 4 0.00 0.0 0 5.9 14 120 M M 9 128 17 140
17 80 67 74 14 0 9 T 0.0 0 9.0 21 150 M M 8 128 26 150
18 79 60 70 10 0 5 T 0.0 0 9.5 21 360 M M 8 128 25 350
19 67 58 63 2 2 0 0.00 0.0 0 10.4 16 10 M M 10 18 21 10
20 59 50 55 -6 10 0 T 0.0 0 16.9 26 10 M M 10 18 34 10
21 63 46 55 -6 10 0 0.00 0.0 0 14.3 28 20 M M 3 36 20
22 67 45 56 -5 9 0 0.00 0.0 0 8.6 15 100 M M 3 18 120
23 77 63 70 9 0 5 0.00 0.0 0 7.5 17 150 M M 9 8 25 140
24 81 62 72 10 0 7 0.04 0.0 0 6.0 16 330 M M 5 18 19 330
25 81 0 41 -21 24 0 0.00 0.0 0 9.3 28 360 M M 1 37 360
26 63 48 56 -6 9 0 T M 0 18.8 31 360 M M 4 41 350
27 63 34 49 -13 16 0 0.00 0.0 0 6.6 15 140 M M 0 19 140
28 75 -1 37 -25 28 0 0.00 0.0 0 6.7 13 170 M M 0 17 160
29 75 45 60 -2 5 0 0.00 0.0 0 7.9 17 160 M M 0 128 24 150
================================================================================
SM 2079 1415 189 58 0.04 0.0 290.9 M 135
================================================================================
AV 71.7 48.8 10.0 FASTST M M 5 MAX(MPH)
MISC ----> # 31 360 # 41 350
================================================================================
NOTES:
# LAST OF SEVERAL OCCURRENCES
COLUMN 17 PEAK WIND IN M.P.H.
PRELIMINARY LOCAL CLIMATOLOGICAL DATA (WS FORM: F-6) , PAGE 2
STATION: ROCKPORT
MONTH: FEBRUARY
YEAR: 2020
LATITUDE: 28 4 N
LONGITUDE: 97 3 W
[TEMPERATURE DATA] [PRECIPITATION DATA] SYMBOLS USED IN COLUMN 16
AVERAGE MONTHLY: 60.2 TOTAL FOR MONTH: 0.04 1 = FOG OR MIST
DPTR FM NORMAL: 0.3 DPTR FM NORMAL: -2.00 2 = FOG REDUCING VISIBILITY
HIGHEST: 81 ON 25,24 GRTST 24HR 0.04 ON 24-24 TO 1/4 MILE OR LESS
LOWEST: -1 ON 28 3 = THUNDER
SNOW, ICE PELLETS, HAIL 4 = ICE PELLETS
TOTAL MONTH: 0.0 INCH 5 = HAIL
GRTST 24HR 0.0 6 = FREEZING RAIN OR DRIZZLE
GRTST DEPTH: 0 7 = DUSTSTORM OR SANDSTORM:
VSBY 1/2 MILE OR LESS
8 = SMOKE OR HAZE
[NO. OF DAYS WITH] [WEATHER - DAYS WITH] 9 = BLOWING SNOW
X = TORNADO
MAX 32 OR BELOW: 0 0.01 INCH OR MORE: 1
MAX 90 OR ABOVE: 0 0.10 INCH OR MORE: 0
MIN 32 OR BELOW: 2 0.50 INCH OR MORE: 0
MIN 0 OR BELOW: 2 1.00 INCH OR MORE: 0
[HDD (BASE 65) ]
TOTAL THIS MO. 189 CLEAR (SCALE 0-3) 15
DPTR FM NORMAL 12 PTCLDY (SCALE 4-7) 4
TOTAL FM JUL 1 586 CLOUDY (SCALE 8-10) 10
DPTR FM NORMAL -204
[CDD (BASE 65) ]
TOTAL THIS MO. 58
DPTR FM NORMAL 24 [PRESSURE DATA]
TOTAL FM JAN 1 122 HIGHEST SLP 30.67 ON 21
DPTR FM NORMAL 68 LOWEST SLP 29.67 ON 4
[REMARKS]
#FINAL-02-20#