000
CXUS51 KRNK 010711 CCA
CF6RNK
PRELIMINARY LOCAL CLIMATOLOGICAL DATA (WS FORM: F-6)...CORRECTED
STATION: BLACKSBURG VA
MONTH: JULY
YEAR: 2020
LATITUDE: 37 13 N
LONGITUDE: 80 25 W
TEMPERATURE IN F: :PCPN: SNOW: WIND :SUNSHINE: SKY :PK WND
================================================================================
1 2 3 4 5 6A 6B 7 8 9 10 11 12 13 14 15 16 17 18
12Z AVG MX 2MIN
DY MAX MIN AVG DEP HDD CDD WTR SNW DPTH SPD SPD DIR MIN PSBL S-S WX SPD DR
================================================================================
1 86 61 74 3 0 9 0.00 0.0 0 2.3 8 350 M M 2 1 M M
2 85 61 73 2 0 8 0.00 0.0 0 1.7 7 80 M M 4 M M
3 87 59 73 2 0 8 0.00 0.0 0 0.4 6 90 M M 4 M M
4 89 62 76 5 0 11 0.00 0.0 0 0.8 7 110 M M 4 M M
5 87 64 76 5 0 11 0.00 0.0 0 1.7 9 140 M M 2 13 20 170
6 87 65 76 5 0 11 0.00 0.0 0 2.6 9 170 M M 2 1 16 160
7 87 62 75 4 0 10 0.00 0.0 0 3.2 12 120 M M 1 M M
8 86 66 76 5 0 11 0.00 0.0 0 4.5 13 110 M M 1 16 100
9 86 64 75 4 0 10 0.00 0.0 0 2.5 10 100 M M 4 M M
10 88 65 77 6 0 12 0.01 0.0 0 1.4 6 280 M M 2 M M
11 83 63 73 2 0 8 0.00 0.0 0 4.7 13 300 M M 5 22 300
12 83 59 71 0 0 6 0.00 0.0 0 1.5 7 310 M M 1 M M
13 84 60 72 1 0 7 0.47 0.0 0 1.7 8 320 M M 3 13 M M
14 86 57 72 1 0 7 0.00 0.0 0 0.2 7 340 M M 1 1 M M
15 87 60 74 3 0 9 0.00 0.0 0 2.3 9 140 M M 3 M M
16 87 70 79 8 0 14 0.19 0.0 0 4.1 12 150 M M 8 13 16 170
17 89 67 78 7 0 13 T 0.0 0 1.6 8 290 M M 2 1 M M
18 90 65 78 7 0 13 0.00 0.0 0 2.0 10 120 M M 1 M M
19 92 67 80 9 0 15 0.00 0.0 0 2.4 9 240 M M 1 1 18 240
20 91 67 79 8 0 14 0.00 0.0 0 2.2 7 250 M M 2 17 300
21 89 67 78 7 0 13 0.04 0.0 0 1.4 7 160 M M 2 3 M M
22 88 65 77 6 0 12 0.15 0.0 0 1.7 8 300 M M 3 13 M M
23 84 67 76 5 0 11 0.07 0.0 0 0.9 12 300 M M 6 13 22 300
24 86 66 76 5 0 11 T 0.0 0 2.2 8 300 M M 4 1 16 300
25 88 64 76 5 0 11 0.00 0.0 0 1.7 9 330 M M 2 1 M M
26 88 64 76 5 0 11 0.17 0.0 0 1.7 14 310 M M 3 1 21 310
27 87 65 76 5 0 11 0.13 0.0 0 2.0 9 310 M M 3 13 M M
28 85 66 76 5 0 11 0.06 0.0 0 2.1 9 290 M M 3 13 M M
29 88 66 77 6 0 12 0.00 0.0 0 1.6 9 160 M M 4 M M
30 83 65 74 3 0 9 1.12 0.0 0 1.2 10 150 M M 5 13 M M
31 86 69 78 7 0 13 0.18 0.0 0 2.7 8 310 M M 7 13 18 290
================================================================================
SM 2692 1988 0 332 2.59 0.0 63.0 M 95
================================================================================
AV 86.8 64.1 2.0 FASTST M M 3 MAX(MPH)
MISC ----> 14 310 # 22 300
================================================================================
NOTES:
# LAST OF SEVERAL OCCURRENCES
COLUMN 17 PEAK WIND IN M.P.H.
PRELIMINARY LOCAL CLIMATOLOGICAL DATA (WS FORM: F-6) , PAGE 2
STATION: BLACKSBURG VA
MONTH: JULY
YEAR: 2020
LATITUDE: 37 13 N
LONGITUDE: 80 25 W
[TEMPERATURE DATA] [PRECIPITATION DATA] SYMBOLS USED IN COLUMN 16
AVERAGE MONTHLY: 75.5 TOTAL FOR MONTH: 2.59 1 = FOG OR MIST
DPTR FM NORMAL: 4.3 DPTR FM NORMAL: -1.67 2 = FOG REDUCING VISIBILITY
HIGHEST: 92 ON 19 GRTST 24HR 1.12 ON 30-30 TO 1/4 MILE OR LESS
LOWEST: 57 ON 14 3 = THUNDER
SNOW, ICE PELLETS, HAIL 4 = ICE PELLETS
TOTAL MONTH: 0.0 INCH 5 = HAIL
GRTST 24HR 0.0 6 = FREEZING RAIN OR DRIZZLE
GRTST DEPTH: 0 7 = DUSTSTORM OR SANDSTORM:
VSBY 1/2 MILE OR LESS
8 = SMOKE OR HAZE
[NO. OF DAYS WITH] [WEATHER - DAYS WITH] 9 = BLOWING SNOW
X = TORNADO
MAX 32 OR BELOW: 0 0.01 INCH OR MORE: 11
MAX 90 OR ABOVE: 3 0.10 INCH OR MORE: 7
MIN 32 OR BELOW: 0 0.50 INCH OR MORE: 1
MIN 0 OR BELOW: 0 1.00 INCH OR MORE: 1
[HDD (BASE 65) ]
TOTAL THIS MO. 0 CLEAR (SCALE 0-3) 20
DPTR FM NORMAL -6 PTCLDY (SCALE 4-7) 10
TOTAL FM JUL 1 0 CLOUDY (SCALE 8-10) 1
DPTR FM NORMAL 0
[CDD (BASE 65) ]
TOTAL THIS MO. 332
DPTR FM NORMAL 136 [PRESSURE DATA]
TOTAL FM JAN 1 503 HIGHEST SLP M ON M
DPTR FM NORMAL 159 LOWEST SLP M ON M
[REMARKS]
#FINAL-07-20#