000
CXUS55 KABQ 011250
CF6ROW
PRELIMINARY LOCAL CLIMATOLOGICAL DATA (WS FORM: F-6)
STATION: ROSWELL NM
MONTH: DECEMBER
YEAR: 2023
LATITUDE: 33 17 N
LONGITUDE: 104 32 W
TEMPERATURE IN F: :PCPN: SNOW: WIND :SUNSHINE: SKY :PK WND
================================================================================
1 2 3 4 5 6A 6B 7 8 9 10 11 12 13 14 15 16 17 18
12Z AVG MX 2MIN
DY MAX MIN AVG DEP HDD CDD WTR SNW DPTH SPD SPD DIR MIN PSBL S-S WX SPD DR
================================================================================
1 65 32 49 3 16 0 0.00 0.0 0 6.5 24 260 M M 2 29 260
2 62 35 49 4 16 0 T 0.0 0 9.3 26 280 M M 2 39 300
3 70 27 49 4 16 0 0.00 0.0 0 7.1 24 330 M M 0 34 330
4 65 32 49 4 16 0 0.00 0.0 0 6.5 18 200 M M 0 23 200
5 65 35 50 6 15 0 0.00 0.0 0 7.4 21 360 M M 0 26 10
6 67 31 49 5 16 0 0.00 0.0 0 5.9 15 170 M M 0 19 150
7 75 33 54 10 11 0 0.00 0.0 0 5.2 18 260 M M 0 24 260
8 76 33 55 11 10 0 0.00 0.0 0 9.9 30 280 M M 0 40 280
9 47 29 38 -5 27 0 0.00 0.0 0 16.7 36 350 M M 1 53 10
10 60 20 40 -3 25 0 0.00 0.0 0 5.7 17 190 M M 0 23 200
11 61 29 45 2 20 0 0.00 0.0 0 3.8 9 280 M M 0 11 200
12 53 35 44 1 21 0 0.00 0.0 0 4.1 9 150 M M 3 14 150
13 54 45 50 8 15 0 0.09 0.0 0 5.6 17 140 M M 10 13 23 140
14 52 34 43 1 22 0 0.17 0.0 0 12.7 24 140 M M 8 13 33 140
15 59 30 45 3 20 0 0.00 0.0 0 3.1 10 40 M M 3 12 15 40
16 58 32 45 3 20 0 0.00 0.0 0 3.5 9 170 M M 0 10 170
17 67 32 50 8 15 0 0.00 0.0 0 3.7 15 350 M M 0 21 340
18 59 33 46 4 19 0 0.00 0.0 0 6.2 13 320 M M 0 16 330
19 61 35 48 6 17 0 0.00 0.0 0 3.3 9 150 M M 1 13 170
20 60 36 48 7 17 0 0.01 0.0 0 4.1 12 20 M M 4 3 15 220
21 66 41 54 13 11 0 T 0.0 0 3.1 13 130 M M 1 12 16 130
22 65 38 52 11 13 0 0.00 0.0 0 4.8 17 160 M M 1 22 160
23 57 40 49 8 16 0 0.05 0.0 0 8.5 30 270 M M 6 18 40 270
24 60 35 48 7 17 0 0.00 0.0 0 11.5 30 320 M M 0 43 320
25 48 29 39 -2 26 0 0.00 0.0 0 6.9 15 200 M M 2 19 200
26 55 22 39 -2 26 0 0.00 0.0 0 7.7 30 330 M M 0 41 320
27 57 26 42 1 23 0 0.00 0.0 0 5.3 12 130 M M 0 15 10
28 55 27 41 0 24 0 0.00 0.0 0 3.1 12 10 M M 0 14 10
29 58 25 42 1 23 0 0.00 0.0 0 3.2 10 260 M M 0 12 260
30 63 25 44 3 21 0 0.00 0.0 0 3.9 9 10 M M 0 12 350
31 61 31 46 5 19 0 0.00 0.0 0 6.3 13 20 M M 0 17 10
================================================================================
SM 1881 987 573 0 0.32 0.0 194.6 M 44
================================================================================
AV 60.7 31.8 6.3 FASTST M M 1 MAX(MPH)
MISC ----> 36 350 53 10
================================================================================
NOTES:
# LAST OF SEVERAL OCCURRENCES
COLUMN 17 PEAK WIND IN M.P.H.
PRELIMINARY LOCAL CLIMATOLOGICAL DATA (WS FORM: F-6) , PAGE 2
STATION: ROSWELL NM
MONTH: DECEMBER
YEAR: 2023
LATITUDE: 33 17 N
LONGITUDE: 104 32 W
[TEMPERATURE DATA] [PRECIPITATION DATA] SYMBOLS USED IN COLUMN 16
AVERAGE MONTHLY: 46.3 TOTAL FOR MONTH: 0.32 1 = FOG OR MIST
DPTR FM NORMAL: 3.9 DPTR FM NORMAL: -0.24 2 = FOG REDUCING VISIBILITY
HIGHEST: 76 ON 8 GRTST 24HR 0.19 ON 13-14 TO 1/4 MILE OR LESS
LOWEST: 20 ON 10 3 = THUNDER
SNOW, ICE PELLETS, HAIL 4 = ICE PELLETS
TOTAL MONTH: 0.0 INCH 5 = HAIL
GRTST 24HR 0.0 6 = FREEZING RAIN OR DRIZZLE
GRTST DEPTH: 0 7 = DUSTSTORM OR SANDSTORM:
VSBY 1/2 MILE OR LESS
8 = SMOKE OR HAZE
[NO. OF DAYS WITH] [WEATHER - DAYS WITH] 9 = BLOWING SNOW
X = TORNADO
MAX 32 OR BELOW: 0 0.01 INCH OR MORE: 4
MAX 90 OR ABOVE: 0 0.10 INCH OR MORE: 1
MIN 32 OR BELOW: 17 0.50 INCH OR MORE: 0
MIN 0 OR BELOW: 0 1.00 INCH OR MORE: 0
[HDD (BASE 65) ]
TOTAL THIS MO. 573 CLEAR (SCALE 0-3) 27
DPTR FM NORMAL -127 PTCLDY (SCALE 4-7) 3
TOTAL FM JUL 1 1017 CLOUDY (SCALE 8-10) 1
DPTR FM NORMAL -238
[CDD (BASE 65) ]
TOTAL THIS MO. 0
DPTR FM NORMAL 0 [PRESSURE DATA]
TOTAL FM JAN 1 2832 HIGHEST SLP 30.51 ON 9
DPTR FM NORMAL 596 LOWEST SLP 29.60 ON 8
[REMARKS]
#FINAL-12-23#