000
CXUS56 KFGZ 010910
CF6RQE
PRELIMINARY LOCAL CLIMATOLOGICAL DATA (WS FORM: F-6)
STATION: WINDOW ROCK AZ AIRPORT
MONTH: APRIL
YEAR: 2021
LATITUDE: 35 39 N
LONGITUDE: 109 4 W
TEMPERATURE IN F: :PCPN: SNOW: WIND :SUNSHINE: SKY :PK WND
================================================================================
1 2 3 4 5 6A 6B 7 8 9 10 11 12 13 14 15 16 17 18
12Z AVG MX 2MIN
DY MAX MIN AVG DEP HDD CDD WTR SNW DPTH SPD SPD DIR MIN PSBL S-S WX SPD DR
================================================================================
1 68 15 42 0 23 0 0.00 M M 1.8 14 70 M M 0 19 140
2 72 39 56 13 9 0 0.00 M M 5.0 17 230 M M 1 22 180
3 77 33 55 12 10 0 0.00 M M 4.1 15 70 M M 0 20 60
4 78 29 54 11 11 0 0.00 M M 4.3 21 250 M M 2 27 290
5 76 30 53 10 12 0 0.00 M M 11.5 28 230 M M 0 39 250
6 67 27 47 3 18 0 0.00 M M 12.2 29 260 M M 0 39 250
7 68 22 45 1 20 0 0.00 M M 5.6 20 290 M M 0 26 280
8 72 26 49 5 16 0 0.00 M M 9.0 28 250 M M 1 37 240
9 68 23 46 2 19 0 0.00 M M 6.5 21 300 M M 0 29 360
10 72 18 45 1 20 0 0.00 M M 4.2 20 280 M M 0 25 280
11 73 23 48 3 17 0 0.00 M M 5.1 20 250 M M 0 27 220
12 72 32 52 7 13 0 0.00 M M 4.9 22 230 M M 1 28 230
13 71 45 58 13 7 0 0.00 M M 10.9 29 220 M M 2 37 200
14 72 38 55 10 10 0 0.00 M M 14.8 35 240 M M 0 46 230
15 64 30 47 1 18 0 0.00 M M 12.0 35 230 M M 1 45 260
16 60 19 40 -6 25 0 0.00 M M 4.6 20 240 M M 2 24 240
17 54 30 42 -4 23 0 T M M 6.3 16 360 M M 7 22 130
18 56 26 41 -5 24 0 0.00 M M 6.3 18 50 M M 5 8 26 100
19 66 18 42 -5 23 0 0.00 M M 6.3 23 260 M M 0 29 250
20 69 26 48 1 17 0 0.00 M M 6.2 22 250 M M 0 37 260
21 67 28 48 1 17 0 0.00 M M 11.6 32 230 M M 0 41 220
22 64 34 49 1 16 0 0.00 M M 11.9 28 240 M M 1 35 220
23 65 30 48 0 17 0 0.01 M M 7.1 25 310 M M 3 36 320
24 72 37 55 7 10 0 0.00 M M 10.7 31 220 M M 0 43 220
25 75 34 55 7 10 0 0.00 M M 12.6 30 210 M M 0 41 200
26 67 43 55 6 10 0 0.00 M M 15.6 33 230 M M 0 47 210
27 55 39 47 -2 18 0 T M M 12.0 29 250 M M 6 35 240
28 64 31 48 -1 17 0 0.00 M M 7.9 23 50 M M 4 31 40
29 73 30 52 2 13 0 0.00 M M 4.0 17 30 M M 0 25 30
30 80 29 55 5 10 0 0.00 M M 5.0 15 320 M M 0 20 180
================================================================================
SM 2057 884 473 0 0.01 M 240.0 M 36
================================================================================
AV 68.6 29.5 8.0 FASTST M M 1 MAX(MPH)
MISC ----> # 35 240 47 210
================================================================================
NOTES:
# LAST OF SEVERAL OCCURRENCES
COLUMN 17 PEAK WIND IN M.P.H.
PRELIMINARY LOCAL CLIMATOLOGICAL DATA (WS FORM: F-6) , PAGE 2
STATION: WINDOW ROCK AZ AIRPORT
MONTH: APRIL
YEAR: 2021
LATITUDE: 35 39 N
LONGITUDE: 109 4 W
[TEMPERATURE DATA] [PRECIPITATION DATA] SYMBOLS USED IN COLUMN 16
AVERAGE MONTHLY: 49.0 TOTAL FOR MONTH: 0.01 1 = FOG OR MIST
DPTR FM NORMAL: 3.1 DPTR FM NORMAL: -0.58 2 = FOG REDUCING VISIBILITY
HIGHEST: 80 ON 30 GRTST 24HR 0.01 ON 23-23 TO 1/4 MILE OR LESS
LOWEST: 15 ON 1 3 = THUNDER
SNOW, ICE PELLETS, HAIL 4 = ICE PELLETS
TOTAL MONTH: M 5 = HAIL
GRTST 24HR M ON M 6 = FREEZING RAIN OR DRIZZLE
GRTST DEPTH: M ON M 7 = DUSTSTORM OR SANDSTORM:
VSBY 1/2 MILE OR LESS
8 = SMOKE OR HAZE
[NO. OF DAYS WITH] [WEATHER - DAYS WITH] 9 = BLOWING SNOW
X = TORNADO
MAX 32 OR BELOW: 0 0.01 INCH OR MORE: 1
MAX 90 OR ABOVE: 0 0.10 INCH OR MORE: 0
MIN 32 OR BELOW: 21 0.50 INCH OR MORE: 0
MIN 0 OR BELOW: 0 1.00 INCH OR MORE: 0
[HDD (BASE 65) ]
TOTAL THIS MO. 473 CLEAR (SCALE 0-3) 25
DPTR FM NORMAL -100 PTCLDY (SCALE 4-7) 5
TOTAL FM JUL 1 5690 CLOUDY (SCALE 8-10) 0
DPTR FM NORMAL -316
[CDD (BASE 65) ]
TOTAL THIS MO. 0
DPTR FM NORMAL 0 [PRESSURE DATA]
TOTAL FM JAN 1 0 HIGHEST SLP M ON M
DPTR FM NORMAL 0 LOWEST SLP 29.52 ON 26
[REMARKS]
#FINAL-04-21#