000
CXUS53 KARX 041456
CF6RST
PRELIMINARY LOCAL CLIMATOLOGICAL DATA (WS FORM: F-6)
STATION: ROCHESTER MN
MONTH: NOVEMBER
YEAR: 2021
LATITUDE: 43 55 N
LONGITUDE: 92 30 W
TEMPERATURE IN F: :PCPN: SNOW: WIND :SUNSHINE: SKY :PK WND
================================================================================
1 2 3 4 5 6A 6B 7 8 9 10 11 12 13 14 15 16 17 18
12Z AVG MX 2MIN
DY MAX MIN AVG DEP HDD CDD WTR SNW DPTH SPD SPD DIR MIN PSBL S-S WX SPD DR
================================================================================
1 41 28 35 -6 30 0 0.00 0.0 0 12.4 23 300 M M 5 29 320
2 43 26 35 -5 30 0 0.00 0.0 0 9.4 17 330 M M 5 23 340
3 43 23 33 -7 32 0 0.00 0.0 0 5.8 14 200 M M 5 18 200
4 51 28 40 1 25 0 0.00 0.0 0 8.7 17 200 M M 4 26 200
5 55 34 45 6 20 0 0.00 0.0 0 21.1 33 170 M M 1 44 180
6 67 39 53 15 12 0 0.00 0.0 0 12.1 23 190 M M 0 31 200
7 62 41 52 14 13 0 0.00 0.0 0 11.5 20 170 M M 0 28 170
8 60 39 50 13 15 0 0.00 0.0 0 9.3 22 350 M M 2 12 28 350
9 56 33 45 8 20 0 0.00 0.0 0 5.6 10 10 M M 1 13 360
10 53 31 42 6 23 0 1.42 0.0 0 14.1 24 110 M M 5 1 34 120
11 49 33 41 5 24 0 0.38 T 0 18.4 31 300 M M 10 1 41 260
12 40 31 36 1 29 0 0.05 0.3 T 16.5 26 310 M M 10 1 33 310
13 33 29 31 -4 34 0 0.03 0.3 0 14.6 23 210 M M 10 1 32 210
14 34 26 30 -4 35 0 T T T 16.0 30 320 M M 9 1 41 330
15 36 26 31 -3 34 0 0.00 0.0 T 7.1 13 130 M M 6 16 130
16 45 26 36 3 29 0 0.00 0.0 0 19.0 36 140 M M 0 49 140
17 43 26 35 2 30 0 0.00 0.0 0 18.9 33 290 M M 3 47 290
18 30 18 24 -8 41 0 T T 0 18.1 31 290 M M 8 40 300
19 37 16 27 -5 38 0 0.00 0.0 0 15.1 25 170 M M 0 37 170
20 48 30 39 7 26 0 0.00 0.0 0 9.7 21 170 M M 1 28 180
21 40 18 29 -2 36 0 0.00 0.0 0 17.7 37 310 M M 4 47 310
22 31 13 22 -8 43 0 0.00 0.0 0 7.9 16 300 M M 5 21 300
23 50 22 36 6 29 0 0.00 0.0 0 18.7 31 170 M M 0 44 180
24 52 30 41 11 24 0 0.00 0.0 0 18.2 28 350 M M 2 38 170
25 30 11 21 -8 44 0 T T 0 15.0 25 320 M M 5 32 330
26 33 11 22 -7 43 0 0.00 0.0 0 11.8 20 170 M M 6 25 160
27 42 25 34 6 31 0 T T 0 12.4 21 330 M M 1 27 340
28 39 21 30 2 35 0 0.00 0.0 0 12.7 22 310 M M 1 29 310
29 54 29 42 15 23 0 T 0.0 0 13.1 22 270 M M 5 28 280
30 45 27 36 9 29 0 0.01 0.0 0 8.2 18 340 M M 2 24 330
================================================================================
SM 1342 790 877 0 1.89 0.6 399.1 M 116
================================================================================
AV 44.7 26.3 13.3 FASTST M M 4 MAX(MPH)
MISC ----> 37 310 49 140
================================================================================
NOTES:
# LAST OF SEVERAL OCCURRENCES
COLUMN 17 PEAK WIND IN M.P.H.
PRELIMINARY LOCAL CLIMATOLOGICAL DATA (WS FORM: F-6) , PAGE 2
STATION: ROCHESTER MN
MONTH: NOVEMBER
YEAR: 2021
LATITUDE: 43 55 N
LONGITUDE: 92 30 W
[TEMPERATURE DATA] [PRECIPITATION DATA] SYMBOLS USED IN COLUMN 16
AVERAGE MONTHLY: 35.5 TOTAL FOR MONTH: 1.89 1 = FOG OR MIST
DPTR FM NORMAL: 1.9 DPTR FM NORMAL: 0.09 2 = FOG REDUCING VISIBILITY
HIGHEST: 67 ON 6 GRTST 24HR 1.79 ON 10-11 TO 1/4 MILE OR LESS
LOWEST: 11 ON 26,25 3 = THUNDER
SNOW, ICE PELLETS, HAIL 4 = ICE PELLETS
TOTAL MONTH: 0.6 INCH 5 = HAIL
GRTST 24HR 0.3 ON 12-12 6 = FREEZING RAIN OR DRIZZLE
GRTST DEPTH: T 7 = DUSTSTORM OR SANDSTORM:
VSBY 1/2 MILE OR LESS
8 = SMOKE OR HAZE
[NO. OF DAYS WITH] [WEATHER - DAYS WITH] 9 = BLOWING SNOW
X = TORNADO
MAX 32 OR BELOW: 3 0.01 INCH OR MORE: 5
MAX 90 OR ABOVE: 0 0.10 INCH OR MORE: 2
MIN 32 OR BELOW: 24 0.50 INCH OR MORE: 1
MIN 0 OR BELOW: 0 1.00 INCH OR MORE: 1
[HDD (BASE 65) ]
TOTAL THIS MO. 877 CLEAR (SCALE 0-3) 13
DPTR FM NORMAL -63 PTCLDY (SCALE 4-7) 13
TOTAL FM JUL 1 1336 CLOUDY (SCALE 8-10) 4
DPTR FM NORMAL -352
[CDD (BASE 65) ]
TOTAL THIS MO. 0
DPTR FM NORMAL 0 [PRESSURE DATA]
TOTAL FM JAN 1 714 HIGHEST SLP 30.45 ON 19
DPTR FM NORMAL 181 LOWEST SLP 29.46 ON 12
[REMARKS]
#FINAL-11-21#