000
CXUS54 KTSA 010950
CF6RVS
PRELIMINARY LOCAL CLIMATOLOGICAL DATA (WS FORM: F-6)
STATION: TULSA-RIVERSIDE OKLAHOMA
MONTH: NOVEMBER
YEAR: 2021
LATITUDE: 36 2 N
LONGITUDE: 95 59 W
TEMPERATURE IN F: :PCPN: SNOW: WIND :SUNSHINE: SKY :PK WND
================================================================================
1 2 3 4 5 6A 6B 7 8 9 10 11 12 13 14 15 16 17 18
12Z AVG MX 2MIN
DY MAX MIN AVG DEP HDD CDD WTR SNW DPTH SPD SPD DIR MIN PSBL S-S WX SPD DR
================================================================================
1 52 46 49 -7 16 0 0.02 0.0 M 8.6 16 30 M M 9 3 22 30
2 51 43 47 -9 18 0 0.45 0.0 M 9.5 15 30 M M 10 1 24 40
3 51 44 48 -7 17 0 0.03 0.0 M 3.3 10 30 M M 10 1 14 30
4 59 38 49 -6 16 0 0.00 0.0 M 1.4 7 190 M M 7 18 11 160
5 60 35 48 -7 17 0 0.00 0.0 M 3.4 13 170 M M 1 12 18 160
6 66 36 51 -3 14 0 0.00 0.0 M 3.6 13 200 M M 0 1 17 170
7 75 40 58 4 7 0 0.00 0.0 M 8.1 18 180 M M 0 27 190
8 78 45 62 8 3 0 0.00 0.0 M 7.6 22 190 M M 0 30 190
9 72 53 63 10 2 0 0.00 0.0 M 3.6 12 210 M M 3 1 16 210
10 69 53 61 8 4 0 1.20 0.0 M 8.9 21 240 M M 9 13 43 240
11 63 39 51 -1 14 0 0.00 0.0 M 3.0 10 270 M M 1 23 340
12 55 37 46 -6 19 0 0.01 0.0 M 5.4 15 320 M M 3 32 320
13 58 29 44 -8 21 0 0.00 0.0 M 2.4 13 190 M M 0 18 200
14 62 36 49 -2 16 0 0.00 0.0 M 2.2 13 360 M M 0 8 24 20
15 73 37 55 4 10 0 0.00 0.0 M 4.2 16 200 M M 0 8 23 190
16 79 46 63 13 2 0 0.00 0.0 M 10.2 24 190 M M 0 12 36 200
17 70 47 59 9 6 0 0.00 0.0 M 11.5 21 10 M M 4 34 360
18 57 30 44 -6 21 0 0.00 0.0 M 4.5 14 10 M M 0 24 20
19 57 26 42 -7 23 0 0.00 0.0 M 7.4 18 170 M M 0 28 180
20 66 45 56 7 9 0 0.00 0.0 M 6.3 16 170 M M 0 25 170
21 62 39 51 3 14 0 0.00 0.0 M 5.2 17 10 M M 2 25 360
22 61 32 47 -1 18 0 0.00 0.0 M 3.1 10 190 M M 0 17 210
23 71 35 53 5 12 0 0.00 0.0 M 7.8 20 180 M M 0 28 180
24 68 54 61 14 4 0 0.01 0.0 M 13.2 30 190 M M 4 3 45 190
25 53 30 42 -5 23 0 0.00 0.0 M 7.0 17 360 M M 0 31 330
26 61 25 43 -4 22 0 0.00 0.0 M 6.6 18 180 M M 0 24 190
27 69 39 54 8 11 0 0.00 0.0 M 5.0 14 210 M M 0 20 240
28 60 36 48 2 17 0 0.00 0.0 M 4.8 13 10 M M 0 20 10
29 71 33 52 6 13 0 0.00 0.0 M 3.2 15 210 M M 0 21 210
30 72 35 54 9 11 0 0.00 0.0 M 2.3 10 110 M M 0 14 40
================================================================================
SM 1921 1163 400 0 1.72 0.0 173.3 M 63
================================================================================
AV 64.0 38.8 5.8 FASTST M M 2 MAX(MPH)
MISC ----> 30 190 45 190
================================================================================
NOTES:
# LAST OF SEVERAL OCCURRENCES
COLUMN 17 PEAK WIND IN M.P.H.
PRELIMINARY LOCAL CLIMATOLOGICAL DATA (WS FORM: F-6) , PAGE 2
STATION: TULSA-RIVERSIDE OKLAHOMA
MONTH: NOVEMBER
YEAR: 2021
LATITUDE: 36 2 N
LONGITUDE: 95 59 W
[TEMPERATURE DATA] [PRECIPITATION DATA] SYMBOLS USED IN COLUMN 16
AVERAGE MONTHLY: 51.4 TOTAL FOR MONTH: 1.72 1 = FOG OR MIST
DPTR FM NORMAL: 0.7 DPTR FM NORMAL: -0.92 2 = FOG REDUCING VISIBILITY
HIGHEST: 79 ON 16 GRTST 24HR 1.20 ON 10-10 TO 1/4 MILE OR LESS
LOWEST: 25 ON 26 3 = THUNDER
SNOW, ICE PELLETS, HAIL 4 = ICE PELLETS
TOTAL MONTH: 0.0 INCH 5 = HAIL
GRTST 24HR 0.0 6 = FREEZING RAIN OR DRIZZLE
GRTST DEPTH: M ON M 7 = DUSTSTORM OR SANDSTORM:
VSBY 1/2 MILE OR LESS
8 = SMOKE OR HAZE
[NO. OF DAYS WITH] [WEATHER - DAYS WITH] 9 = BLOWING SNOW
X = TORNADO
MAX 32 OR BELOW: 0 0.01 INCH OR MORE: 6
MAX 90 OR ABOVE: 0 0.10 INCH OR MORE: 2
MIN 32 OR BELOW: 6 0.50 INCH OR MORE: 1
MIN 0 OR BELOW: 0 1.00 INCH OR MORE: 1
[HDD (BASE 65) ]
TOTAL THIS MO. 400 CLEAR (SCALE 0-3) 23
DPTR FM NORMAL -37 PTCLDY (SCALE 4-7) 3
TOTAL FM JUL 1 488 CLOUDY (SCALE 8-10) 4
DPTR FM NORMAL -119
[CDD (BASE 65) ]
TOTAL THIS MO. 0
DPTR FM NORMAL -6 [PRESSURE DATA]
TOTAL FM JAN 1 2094 HIGHEST SLP 30.59 ON 18
DPTR FM NORMAL -51 LOWEST SLP 29.72 ON 17
[REMARKS]
#FINAL-11-21#