000
CXUS55 KPIH 011205 RRA
CF6RXE
PRELIMINARY LOCAL CLIMATOLOGICAL DATA (WS FORM: F-6)
STATION: REXBURG ID
MONTH: JULY
YEAR: 2020
LATITUDE: 43 49 N
LONGITUDE: 111 48 W
TEMPERATURE IN F: :PCPN: SNOW: WIND :SUNSHINE: SKY :PK WND
================================================================================
1 2 3 4 5 6A 6B 7 8 9 10 11 12 13 14 15 16 17 18
12Z AVG MX 2MIN
DY MAX MIN AVG DEP HDD CDD WTR SNW DPTH SPD SPD DIR MIN PSBL S-S WX SPD DR
================================================================================
1 74 43 59 -5 6 0 0.00 M M 10.4 26 240 M M 2 36 240
2 77 46 62 -2 3 0 0.00 M M 6.2 15 200 M M 0 20 200
3 85 55 70 6 0 5 T M M 6.9 17 270 M M 1 26 310
4 87 52 70 6 0 5 0.00 M M 7.3 17 220 M M 1 23 230
5 85 50 68 3 0 3 0.00 M M 7.4 20 210 M M 0 26 200
6 87 48 68 3 0 3 0.00 M M 5.7 16 210 M M 0 23 200
7 80 55 68 3 0 3 0.00 M M 14.5 32 210 M M 0 46 200
8 77 52 65 0 0 0 0.00 M M 10.4 21 200 M M 0 28 200
9 84 45 65 -1 0 0 0.00 M M 6.5 20 200 M M 0 26 200
10 83 51 67 1 0 2 0.00 M M 11.5 24 200 M M 0 33 190
11 89 47 68 2 0 3 0.00 M M 4.7 15 190 M M 0 23 200
12 87 50 69 3 0 4 0.00 M M 11.0 30 210 M M 0 42 180
13 82 53 68 1 0 3 0.00 M M 11.3 28 200 M M 0 39 210
14 78 47 63 -4 2 0 0.00 M M 4.0 12 160 M M 0 16 210
15 82 44 63 -4 2 0 0.00 M M 4.7 15 240 M M 0 19 240
16 86 47 67 0 0 2 0.00 M M 7.5 18 200 M M 0 25 200
17 94 50 72 4 0 7 0.00 M M 8.6 20 210 M M 0 28 210
18 84 53 69 1 0 4 0.00 M M 7.2 16 180 M M 0 24 210
19 85 50 68 0 0 3 0.00 M M 6.9 14 190 M M 0 21 270
20 85 50 68 0 0 3 0.00 M M 4.9 10 80 M M 0 16 220
21 89 52 71 3 0 6 0.00 M M 5.3 16 240 M M 0 22 240
22 80 51 66 -2 0 1 0.02 M M 5.7 21 200 M M 2 26 200
23 85 58 72 3 0 7 0.05 M M 6.2 17 130 M M 3 26 140
24 84 52 68 -1 0 3 0.00 M M 8.3 17 180 M M 0 24 180
25 88 51 70 1 0 5 0.01 M M 5.3 20 360 M M 1 3 29 350
26 89 50 70 1 0 5 0.00 M M 4.3 9 220 M M 0 14 290
27 93 51 72 3 0 7 0.00 M M 3.3 12 210 M M 0 16 220
28 70 60 65 -4 0 0 0.10 M M 6.9 20 180 M M 6 31 190
29 86 55 71 2 0 6 T M M 6.1 22 10 M M 1 3 31 360
30 91 50 71 2 0 6 0.00 M M 4.0 9 70 M M 0 12 80
31 96 54 75 6 0 10 0.00 M M 6.1 13 70 M M 0 17 60
================================================================================
SM 2622 1572 13 106 0.18 M 219.1 M 17
================================================================================
AV 84.6 50.7 7.1 FASTST M M 1 MAX(MPH)
MISC ----> # 32 210 # 46 200
================================================================================
NOTES:
# LAST OF SEVERAL OCCURRENCES
PRECIPITATION SUSPECT DURING FREEZING/FROZEN EVENTS
COLUMN 17 PEAK WIND IN M.P.H.
PRELIMINARY LOCAL CLIMATOLOGICAL DATA (WS FORM: F-6) , PAGE 2
STATION: REXBURG ID
MONTH: JULY
YEAR: 2020
LATITUDE: 43 49 N
LONGITUDE: 111 48 W
[TEMPERATURE DATA] [PRECIPITATION DATA] SYMBOLS USED IN COLUMN 16
AVERAGE MONTHLY: 67.7 TOTAL FOR MONTH: 0.18 1 = FOG OR MIST
DPTR FM NORMAL: 0.6 DPTR FM NORMAL: -0.54 2 = FOG REDUCING VISIBILITY
HIGHEST: 96 ON 31 GRTST 24HR 0.10 ON 28-28 TO 1/4 MILE OR LESS
LOWEST: 43 ON 1 3 = THUNDER
SNOW, ICE PELLETS, HAIL 4 = ICE PELLETS
TOTAL MONTH: M 5 = HAIL
GRTST 24HR M ON M 6 = FREEZING RAIN OR DRIZZLE
GRTST DEPTH: M ON M 7 = DUSTSTORM OR SANDSTORM:
VSBY 1/2 MILE OR LESS
8 = SMOKE OR HAZE
[NO. OF DAYS WITH] [WEATHER - DAYS WITH] 9 = BLOWING SNOW
X = TORNADO
MAX 32 OR BELOW: 0 0.01 INCH OR MORE: 4
MAX 90 OR ABOVE: 4 0.10 INCH OR MORE: 1
MIN 32 OR BELOW: 0 0.50 INCH OR MORE: 0
MIN 0 OR BELOW: 0 1.00 INCH OR MORE: 0
[HDD (BASE 65) ]
TOTAL THIS MO. 13 CLEAR (SCALE 0-3) 29
DPTR FM NORMAL -17 PTCLDY (SCALE 4-7) 2
TOTAL FM JUL 1 13 CLOUDY (SCALE 8-10) 0
DPTR FM NORMAL -17
[CDD (BASE 65) ]
TOTAL THIS MO. 106
DPTR FM NORMAL 14 [PRESSURE DATA]
TOTAL FM JAN 1 153 HIGHEST SLP 30.20 ON 11
DPTR FM NORMAL 39 LOWEST SLP 29.68 ON 7
[REMARKS]
#FINAL-07-20#