000
CXUS54 KEWX 011010
CF6RYW
PRELIMINARY LOCAL CLIMATOLOGICAL DATA (WS FORM: F-6)
STATION: LAGO VISTA
MONTH: MARCH
YEAR: 2022
LATITUDE: 30 30 N
LONGITUDE: 97 58 W
TEMPERATURE IN F: :PCPN: SNOW: WIND :SUNSHINE: SKY :PK WND
================================================================================
1 2 3 4 5 6A 6B 7 8 9 10 11 12 13 14 15 16 17 18
12Z AVG MX 2MIN
DY MAX MIN AVG DEP HDD CDD WTR SNW DPTH SPD SPD DIR MIN PSBL S-S WX SPD DR
================================================================================
1 76 40 58 M 7 0 0.00 M M 4.4 7 150 M M 0 M M
2 77 46 62 M 3 0 0.00 M M 5.3 8 260 M M 0 M M
3 82 54 68 M 0 3 0.00 M M 5.5 8 120 M M 0 M M
4 76 58 67 M 0 2 0.00 M M 7.2 14 150 M M 7 1 22 170
5 82 63 73 M 0 8 0.00 M M 10.2 17 190 M M 10 23 170
6 82 66 74 M 0 9 0.00 M M 8.4 17 180 M M 9 25 180
7 56 40 48 M 17 0 0.00 M M 10.9 21 350 M M 8 30 350
8 55 37 46 M 19 0 0.00 M M 6.9 13 40 M M 7 18 40
9 65 32 49 M 16 0 0.00 M M 5.3 9 50 M M 0 1 M M
10 75 37 56 M 9 0 0.00 M M 4.9 9 150 M M 1 16 150
11 59 33 46 M 19 0 0.00 M M 10.9 17 10 M M 7 30 360
12 60 26 43 M 22 0 0.00 M M 6.2 14 10 M M 0 29 360
13 68 34 51 M 14 0 0.00 M M 8.0 13 180 M M 1 23 160
14 81 48 65 M 0 0 0.00 M M 11.0 18 190 M M 4 29 200
15 76 50 63 M 2 0 0.00 M M 9.3 15 310 M M 0 25 330
16 83 46 65 M 0 0 0.00 M M 6.1 13 160 M M 0 20 140
17 74 53 64 M 1 0 0.00 M M 7.9 14 190 M M 8 1 21 200
18 73 46 60 M 5 0 0.00 M M 10.3 18 300 M M 0 32 310
19 82 45 64 M 1 0 0.00 M M 4.4 8 150 M M 0 M M
20 80 51 66 M 0 1 0.00 M M 9.6 15 140 M M 2 26 150
21 80 57 69 M 0 4 0.44 M M 9.2 17 150 M M 8 13 30 170
22 63 46 55 M 10 0 0.00 M M 11.7 20 310 M M 1 31 290
23 69 39 54 M 11 0 0.00 M M 8.1 17 280 M M 0 25 280
24 75 39 57 M 8 0 0.00 M M 7.4 16 290 M M 1 27 310
25 88 49 69 M 0 4 0.00 M M 3.9 8 160 M M 0 M M
26 92 59 76 M 0 11 0.00 M M 8.7 14 220 M M 0 22 220
27 90 60 75 M 0 10 0.00 M M 9.4 15 180 M M 0 21 210
28 87 58 73 M 0 8 0.00 M M 10.6 16 200 M M 3 28 200
29 78 65 72 M 0 7 0.00 M M 13.4 17 160 M M 8 31 160
30 77 52 65 M 0 0 0.18 M M 12.3 22 300 M M 3 1 37 300
31 80 43 62 M 3 0 0.00 M M 4.6 9 270 M M 0 M M
================================================================================
SM 2341 1472 167 67 0.62 M 251.9 M 88
================================================================================
AV 75.5 47.5 8.1 FASTST M M 3 MAX(MPH)
MISC ----> 22 300 37 300
================================================================================
NOTES:
# LAST OF SEVERAL OCCURRENCES
COLUMN 17 PEAK WIND IN M.P.H.
PRELIMINARY LOCAL CLIMATOLOGICAL DATA (WS FORM: F-6) , PAGE 2
STATION: LAGO VISTA
MONTH: MARCH
YEAR: 2022
LATITUDE: 30 30 N
LONGITUDE: 97 58 W
[TEMPERATURE DATA] [PRECIPITATION DATA] SYMBOLS USED IN COLUMN 16
AVERAGE MONTHLY: 61.5 TOTAL FOR MONTH: 0.62 1 = FOG OR MIST
DPTR FM NORMAL: 0.0 DPTR FM NORMAL: M 2 = FOG REDUCING VISIBILITY
HIGHEST: 92 ON 26 GRTST 24HR 0.44 ON 21-21 TO 1/4 MILE OR LESS
LOWEST: 26 ON 12 3 = THUNDER
SNOW, ICE PELLETS, HAIL 4 = ICE PELLETS
TOTAL MONTH: M 5 = HAIL
GRTST 24HR M ON M 6 = FREEZING RAIN OR DRIZZLE
GRTST DEPTH: M ON M 7 = DUSTSTORM OR SANDSTORM:
VSBY 1/2 MILE OR LESS
8 = SMOKE OR HAZE
[NO. OF DAYS WITH] [WEATHER - DAYS WITH] 9 = BLOWING SNOW
X = TORNADO
MAX 32 OR BELOW: 0 0.01 INCH OR MORE: 2
MAX 90 OR ABOVE: 2 0.10 INCH OR MORE: 2
MIN 32 OR BELOW: 2 0.50 INCH OR MORE: 0
MIN 0 OR BELOW: 0 1.00 INCH OR MORE: 0
[HDD (BASE 65) ]
TOTAL THIS MO. 167 CLEAR (SCALE 0-3) 20
DPTR FM NORMAL M PTCLDY (SCALE 4-7) 8
TOTAL FM JUL 1 1399 CLOUDY (SCALE 8-10) 3
DPTR FM NORMAL M
[CDD (BASE 65) ]
TOTAL THIS MO. 67
DPTR FM NORMAL M [PRESSURE DATA]
TOTAL FM JAN 1 78 HIGHEST SLP M ON M
DPTR FM NORMAL M LOWEST SLP M ON M
[REMARKS]
#FINAL-03-22#