000
CXUS56 KSTO 180618
CF6SAC
PRELIMINARY LOCAL CLIMATOLOGICAL DATA (WS FORM: F-6)
STATION: SACRAMENTO EXEC. AIRPORT CA
MONTH: NOVEMBER
YEAR: 2021
LATITUDE: 38 31 N
LONGITUDE: 121 30 W
TEMPERATURE IN F: :PCPN: SNOW: WIND :SUNSHINE: SKY :PK WND
================================================================================
1 2 3 4 5 6A 6B 7 8 9 10 11 12 13 14 15 16 17 18
12Z AVG MX 2MIN
DY MAX MIN AVG DEP HDD CDD WTR SNW DPTH SPD SPD DIR MIN PSBL S-S WX SPD DR
================================================================================
1 63 52 58 -1 7 0 0.02 M M 3.8 10 170 M M 7 18 16 150
2 70 55 63 5 2 0 0.00 M M 2.5 10 330 M M 6 18 13 340
3 72 48 60 2 5 0 0.00 0.0 M 2.2 7 230 M M 0 9 330
4 69 49 59 1 6 0 0.05 0.0 M 5.0 13 220 M M 2 1 18 220
5 65 44 55 -2 10 0 0.00 M M 2.0 8 220 M M 0 12 11 230
6 63 51 57 0 8 0 0.00 M M 2.9 8 270 M M 3 12 350
7 62 42 52 -5 13 0 0.00 M M 6.7 15 340 M M 0 18 350
8 62 38 50 -6 15 0 0.26 M M 2.4 15 150 M M 3 1 22 160
9 60 51 56 0 9 0 0.33 M M 9.5 24 150 M M 9 128 36 140
10 64 49 57 1 8 0 0.00 M M 3.9 10 320 M M 5 12 15 300
11 65 45 55 0 10 0 0.00 0.0 M 1.6 6 120 M M 1 12 9 160
12 60 45 53 -2 12 0 0.00 M M 2.3 8 290 M M 8 12 14 310
13 59 51 55 1 10 0 0.00 0.0 M 2.6 9 130 M M 9 12 11 140
14 57 51 54 0 11 0 0.00 M M 1.3 7 320 M M 10 12 11 350
15 59 52 56 2 9 0 0.00 M M 2.2 8 250 M M 10 18 10 250
16 63 47 55 1 10 0 0.00 M M 5.6 13 350 M M 5 1 21 130
17 61 42 52 -1 13 0 0.00 M M 1.2 7 90 M M 6 128 10 140
18 58 41 50 -3 15 0 0.00 M M 1.7 8 340 M M 4 128 10 290
19 61 50 56 4 9 0 0.02 M M 5.0 13 330 M M 9 18 16 330
20 65 42 54 2 11 0 0.00 M M 3.9 13 350 M M 0 1 16 350
21 65 38 52 0 13 0 0.00 M M 1.3 7 340 M M 0 1 10 330
22 65 37 51 -1 14 0 0.00 M M 0.5 6 220 M M 1 1 9 140
23 62 40 51 0 14 0 0.00 M M 7.0 18 340 M M 3 128 23 350
24 64 40 52 1 13 0 0.00 M M 8.4 20 340 M M 0 1 33 330
25 62 35 49 -2 16 0 0.00 M M 1.5 7 130 M M 0 18 10 140
26 65 39 52 2 13 0 0.00 0.0 M 1.7 8 280 M M 0 18 12 290
27 67 41 54 4 11 0 0.00 0.0 M 0.9 6 100 M M 0 18 8 100
28 67 41 54 4 11 0 0.00 M M 1.9 8 310 M M 0 1 11 320
29 67 39 53 3 12 0 0.00 M M M M M M M 0 1 M M
30 66 39 53 4 12 0 0.00 M M 1.0 8 330 M M 1 128 10 340
================================================================================
SM 1908 1334 322 0 0.68 0.0 92.5 M 102
================================================================================
AV 63.6 44.5 3.2 FASTST M M 3 MAX(MPH)
MISC ----> 24 150 36 140
================================================================================
NOTES:
# LAST OF SEVERAL OCCURRENCES
COLUMN 17 PEAK WIND IN M.P.H.
PRELIMINARY LOCAL CLIMATOLOGICAL DATA (WS FORM: F-6) , PAGE 2
STATION: SACRAMENTO EXEC. AIRPORT CA
MONTH: NOVEMBER
YEAR: 2021
LATITUDE: 38 31 N
LONGITUDE: 121 30 W
[TEMPERATURE DATA] [PRECIPITATION DATA] SYMBOLS USED IN COLUMN 16
AVERAGE MONTHLY: 54.0 TOTAL FOR MONTH: 0.68 1 = FOG OR MIST
DPTR FM NORMAL: 0.1 DPTR FM NORMAL: -0.98 2 = FOG REDUCING VISIBILITY
HIGHEST: 72 ON 3 GRTST 24HR 0.59 ON 8- 9 TO 1/4 MILE OR LESS
LOWEST: 35 ON 25 3 = THUNDER
SNOW, ICE PELLETS, HAIL 4 = ICE PELLETS
TOTAL MONTH: 0.0 INCH 5 = HAIL
GRTST 24HR 0.0 6 = FREEZING RAIN OR DRIZZLE
GRTST DEPTH: M ON M 7 = DUSTSTORM OR SANDSTORM:
VSBY 1/2 MILE OR LESS
8 = SMOKE OR HAZE
[NO. OF DAYS WITH] [WEATHER - DAYS WITH] 9 = BLOWING SNOW
X = TORNADO
MAX 32 OR BELOW: 0 0.01 INCH OR MORE: 5
MAX 90 OR ABOVE: 0 0.10 INCH OR MORE: 2
MIN 32 OR BELOW: 0 0.50 INCH OR MORE: 0
MIN 0 OR BELOW: 0 1.00 INCH OR MORE: 0
[HDD (BASE 65) ]
TOTAL THIS MO. 322 CLEAR (SCALE 0-3) 18
DPTR FM NORMAL -13 PTCLDY (SCALE 4-7) 7
TOTAL FM JUL 1 433 CLOUDY (SCALE 8-10) 5
DPTR FM NORMAL 14
[CDD (BASE 65) ]
TOTAL THIS MO. 0
DPTR FM NORMAL -1 [PRESSURE DATA]
TOTAL FM JAN 1 1486 HIGHEST SLP 30.43 ON 25
DPTR FM NORMAL 193 LOWEST SLP 29.96 ON 9
[REMARKS]
#FINAL-11-21#