000
CXUS55 KTWC 010855
CF6SAD
PRELIMINARY LOCAL CLIMATOLOGICAL DATA (WS FORM: F-6)
STATION: SAFFORD AZ AIRPORT
MONTH: OCTOBER
YEAR: 2021
LATITUDE: 32 50 N
LONGITUDE: 109 38 W
TEMPERATURE IN F: :PCPN: SNOW: WIND :SUNSHINE: SKY :PK WND
================================================================================
1 2 3 4 5 6A 6B 7 8 9 10 11 12 13 14 15 16 17 18
12Z AVG MX 2MIN
DY MAX MIN AVG DEP HDD CDD WTR SNW DPTH SPD SPD DIR MIN PSBL S-S WX SPD DR
================================================================================
1 80 53 67 -6 0 2 0.00 M M 4.8 10 250 M M 0 14 270
2 84 50 67 -6 0 2 0.00 M M 3.3 16 120 M M 0 21 120
3 88 57 73 1 0 8 0.00 M M 6.2 13 110 M M 0 21 99
4 91 65 78 6 0 13 0.52 M M 9.1 37 140 M M 2 13 52 130
5 82 65 74 2 0 9 0.07 M M 8.8 22 80 M M 5 3 30 80
6 86 60 73 2 0 8 0.00 M M 5.4 14 120 M M 1 17 120
7 88 58 73 2 0 8 0.00 M M 5.2 14 140 M M 0 18 120
8 89 55 72 2 0 7 0.00 M M 5.0 16 310 M M 0 22 300
9 87 54 71 1 0 6 0.00 M M 8.6 23 290 M M 0 34 300
10 79 50 65 -5 0 0 0.00 M M 11.5 29 290 M M 0 38 290
11 83 46 65 -4 0 0 0.00 M M 10.2 29 190 M M 0 46 170
12 71 45 58 -11 7 0 0.00 M M 18.0 32 320 M M 2 8 47 320
13 72 35 54 -15 11 0 0.00 M M 3.8 10 300 M M 0 13 280
14 75 38 57 -11 8 0 0.00 M M 7.2 20 310 M M 0 29 330
15 78 41 60 -8 5 0 0.00 M M 5.6 14 140 M M 0 23 140
16 82 51 67 -1 0 2 0.00 M M 11.7 21 140 M M 0 35 170
17 85 58 72 5 0 7 0.00 M M 8.1 16 110 M M 0 21 120
18 84 46 65 -2 0 0 0.00 M M 4.8 17 300 M M 0 22 310
19 80 50 65 -1 0 0 0.00 M M 4.1 12 300 M M 0 16 300
20 83 44 64 -2 1 0 0.00 M M 3.3 13 100 M M 0 17 130
21 87 46 67 1 0 2 0.00 M M 3.5 13 110 M M 0 17 100
22 87 48 68 3 0 3 0.00 M M 4.2 12 310 M M 0 16 300
23 80 47 64 -1 1 0 0.00 M M 5.3 17 320 M M 0 22 330
24 61 47 54 -10 11 0 0.00 M M 3.4 12 300 M M 0 15 310
25 M M M M M M M M M M M M M M M M M
26 70 53 62 -2 3 0 T M M 16.3 37 300 M M M 49 310
27 73 45 59 -4 6 0 0.00 M M 11.2 22 310 M M M 28 300
28 79 38 59 -4 6 0 0.00 0.0 0 4.0 10 130 M M M 14 160
29 83 51 67 4 0 2 0.00 0.0 0 9.2 20 130 M M M 26 120
30 84 42 63 1 2 0 0.00 0.0 0 5.0 12 280 M M M 17 270
31 82 45 64 2 1 0 0.00 0.0 0 4.5 10 300 M M M 16 200
================================================================================
SM 2433 1483 62 79 0.59 0.0 211.3 M 10
================================================================================
AV 81.1 49.4 7.0 FASTST M M 0 MAX(MPH)
MISC ----> # 37 140 52 130
================================================================================
NOTES:
# LAST OF SEVERAL OCCURRENCES
COLUMN 17 PEAK WIND IN M.P.H.
PRELIMINARY LOCAL CLIMATOLOGICAL DATA (WS FORM: F-6) , PAGE 2
STATION: SAFFORD AZ AIRPORT
MONTH: OCTOBER
YEAR: 2021
LATITUDE: 32 50 N
LONGITUDE: 109 38 W
[TEMPERATURE DATA] [PRECIPITATION DATA] SYMBOLS USED IN COLUMN 16
AVERAGE MONTHLY: 65.3 TOTAL FOR MONTH: 0.59 1 = FOG OR MIST
DPTR FM NORMAL: -2.2 DPTR FM NORMAL: -0.13 2 = FOG REDUCING VISIBILITY
HIGHEST: 91 ON 4 GRTST 24HR 0.52 ON 4- 4 TO 1/4 MILE OR LESS
LOWEST: 35 ON 13 3 = THUNDER
SNOW, ICE PELLETS, HAIL 4 = ICE PELLETS
TOTAL MONTH: 0.0 INCH 5 = HAIL
GRTST 24HR 0.0 6 = FREEZING RAIN OR DRIZZLE
GRTST DEPTH: 0 7 = DUSTSTORM OR SANDSTORM:
VSBY 1/2 MILE OR LESS
8 = SMOKE OR HAZE
[NO. OF DAYS WITH] [WEATHER - DAYS WITH] 9 = BLOWING SNOW
X = TORNADO
MAX 32 OR BELOW: 0 0.01 INCH OR MORE: 2
MAX 90 OR ABOVE: 1 0.10 INCH OR MORE: 1
MIN 32 OR BELOW: 0 0.50 INCH OR MORE: 1
MIN 0 OR BELOW: 0 1.00 INCH OR MORE: 0
[HDD (BASE 65) ]
TOTAL THIS MO. 62 CLEAR (SCALE 0-3) 23
DPTR FM NORMAL 13 PTCLDY (SCALE 4-7) 1
TOTAL FM JUL 1 62 CLOUDY (SCALE 8-10) 7
DPTR FM NORMAL 16
[CDD (BASE 65) ]
TOTAL THIS MO. 79
DPTR FM NORMAL -47 [PRESSURE DATA]
TOTAL FM JAN 1 2862 HIGHEST SLP M ON M
DPTR FM NORMAL 157 LOWEST SLP 29.47 ON 11
[REMARKS]
#FINAL-10-21#