000
CXUS55 KTWC 010855
CF6SAD
PRELIMINARY LOCAL CLIMATOLOGICAL DATA (WS FORM: F-6)
STATION: SAFFORD AZ AIRPORT
MONTH: AUGUST
YEAR: 2020
LATITUDE: 32 50 N
LONGITUDE: 109 38 W
TEMPERATURE IN F: :PCPN: SNOW: WIND :SUNSHINE: SKY :PK WND
================================================================================
1 2 3 4 5 6A 6B 7 8 9 10 11 12 13 14 15 16 17 18
12Z AVG MX 2MIN
DY MAX MIN AVG DEP HDD CDD WTR SNW DPTH SPD SPD DIR MIN PSBL S-S WX SPD DR
================================================================================
1 106 71 89 5 0 24 0.12 M M 9.7 28 220 M M M 38 42 150
2 101 75 88 5 0 23 T M M 7.9 23 20 M M M 3 31 40
3 106 76 91 8 0 26 0.00 M M 9.8 20 270 M M 0 27 280
4 106 74 90 7 0 25 0.00 M M 8.7 21 290 M M 0 31 320
5 103 73 88 5 0 23 0.00 M M 5.1 15 270 M M 0 22 240
6 105 69 87 4 0 22 0.00 M M 5.1 15 260 M M 0 22 270
7 99 72 86 3 0 21 T M M 5.0 21 220 M M 1 28 240
8 105 74 90 7 0 25 0.00 M M 6.8 20 270 M M 0 31 280
9 106 73 90 7 0 25 0.00 M M 6.6 15 310 M M 0 21 280
10 108 70 89 6 0 24 0.00 M M 9.8 22 270 M M 0 38 270
11 107 80 94 12 0 29 0.00 M M 10.2 24 300 M M 0 33 290
12 107 80 94 12 0 29 0.00 M M 10.1 23 310 M M 1 3 30 320
13 109 73 91 9 0 26 0.00 M M 6.6 22 210 M M 0 3 28 210
14 111 79 95 13 0 30 0.00 M M 5.9 18 260 M M 0 24 270
15 113 77 95 13 0 30 0.00 M M 8.9 33 360 M M 0 43 30
16 108 80 94 12 0 29 0.00 M M 8.6 33 40 M M 0 47 60
17 104 77 91 9 0 26 0.00 M M 9.8 23 110 M M 0 33 130
18 104 75 90 8 0 25 0.00 M M 7.2 22 70 M M 0 29 70
19 107 77 92 10 0 27 0.00 M M 7.0 20 80 M M 0 26 90
20 110 81 96 14 0 31 0.00 M M 11.5 33 20 M M 0 45 30
21 105 75 90 8 0 25 0.00 M M 14.3 26 290 M M 0 38 310
22 106 83 95 13 0 30 0.00 M M 14.1 37 40 M M 0 3 50 40
23 106 71 89 7 0 24 0.00 M M 8.9 38 70 M M 0 51 50
24 105 74 90 8 0 25 0.00 M M 7.0 25 60 M M 0 36 50
25 105 82 94 12 0 29 0.00 M M 7.2 18 70 M M 0 24 70
26 105 75 90 8 0 25 0.00 M M 7.8 20 30 M M 0 30 20
27 107 77 92 10 0 27 0.00 M M 7.3 22 290 M M 0 29 300
28 106 73 90 8 0 25 0.00 M M 8.8 29 300 M M 0 38 300
29 103 70 87 5 0 22 0.44 M M 13.0 32 170 M M 2 13 43 180
30 95 70 83 1 0 18 T M M 6.6 20 320 M M 1 26 330
31 97 75 86 4 0 21 T 0.0 0 10.4 22 290 M M M 28 280
================================================================================
SM 3265 2331 0 791 0.56 0.0 265.7 M 5
================================================================================
AV105.3 75.2 8.6 FASTST M M 0 MAX(MPH)
MISC ----> 38 70 51 50
================================================================================
NOTES:
# LAST OF SEVERAL OCCURRENCES
COLUMN 17 PEAK WIND IN M.P.H.
PRELIMINARY LOCAL CLIMATOLOGICAL DATA (WS FORM: F-6) , PAGE 2
STATION: SAFFORD AZ AIRPORT
MONTH: AUGUST
YEAR: 2020
LATITUDE: 32 50 N
LONGITUDE: 109 38 W
[TEMPERATURE DATA] [PRECIPITATION DATA] SYMBOLS USED IN COLUMN 16
AVERAGE MONTHLY: 90.3 TOTAL FOR MONTH: 0.56 1 = FOG OR MIST
DPTR FM NORMAL: 7.8 DPTR FM NORMAL: -1.46 2 = FOG REDUCING VISIBILITY
HIGHEST: 113 ON 15 GRTST 24HR 0.44 ON 29-29 TO 1/4 MILE OR LESS
LOWEST: 69 ON 6 3 = THUNDER
SNOW, ICE PELLETS, HAIL 4 = ICE PELLETS
TOTAL MONTH: 0.0 INCH 5 = HAIL
GRTST 24HR 0.0 6 = FREEZING RAIN OR DRIZZLE
GRTST DEPTH: 0 7 = DUSTSTORM OR SANDSTORM:
VSBY 1/2 MILE OR LESS
8 = SMOKE OR HAZE
[NO. OF DAYS WITH] [WEATHER - DAYS WITH] 9 = BLOWING SNOW
X = TORNADO
MAX 32 OR BELOW: 0 0.01 INCH OR MORE: 2
MAX 90 OR ABOVE: 31 0.10 INCH OR MORE: 2
MIN 32 OR BELOW: 0 0.50 INCH OR MORE: 0
MIN 0 OR BELOW: 0 1.00 INCH OR MORE: 0
[HDD (BASE 65) ]
TOTAL THIS MO. 0 CLEAR (SCALE 0-3) 28
DPTR FM NORMAL 0 PTCLDY (SCALE 4-7) 0
TOTAL FM JUL 1 0 CLOUDY (SCALE 8-10) 3
DPTR FM NORMAL 0
[CDD (BASE 65) ]
TOTAL THIS MO. 791
DPTR FM NORMAL 248 [PRESSURE DATA]
TOTAL FM JAN 1 2658 HIGHEST SLP M ON M
DPTR FM NORMAL 595 LOWEST SLP 29.52 ON 27
[REMARKS]
#FINAL-08-20#