000
CXUS56 KSGX 011045
CF6SAN
PRELIMINARY LOCAL CLIMATOLOGICAL DATA (WS FORM: F-6)
STATION: SAN DIEGO INTL AIRPORT CA
MONTH: MAY
YEAR: 2023
LATITUDE: 32 43 N
LONGITUDE: 117 10 W
TEMPERATURE IN F: :PCPN: SNOW: WIND :SUNSHINE: SKY :PK WND
================================================================================
1 2 3 4 5 6A 6B 7 8 9 10 11 12 13 14 15 16 17 18
12Z AVG MX 2MIN
DY MAX MIN AVG DEP HDD CDD WTR SNW DPTH SPD SPD DIR MIN PSBL S-S WX SPD DR
================================================================================
1 65 57 61 -3 4 0 T M M 8.2 15 240 M M 9 18 26 220
2 65 56 61 -3 4 0 0.00 M M 7.1 16 270 M M 6 24 270
3 66 53 60 -4 5 0 0.05 M M 6.8 16 260 M M 7 27 200
4 67 58 63 -1 2 0 0.02 M M 9.2 17 210 M M 8 25 200
5 67 57 62 -2 3 0 0.02 M M 6.4 14 280 M M 6 20 160
6 68 54 61 -3 4 0 0.00 M M 5.7 17 290 M M 4 22 330
7 70 55 63 -1 2 0 0.00 M M 4.8 15 300 M M 5 22 230
8 67 58 63 -1 2 0 0.00 M M 4.9 17 270 M M 6 24 270
9 66 60 63 -1 2 0 T M M 8.1 16 280 M M 7 24 200
10 66 57 62 -2 3 0 T M M 7.5 15 290 M M 6 8 22 210
11 67 59 63 -1 2 0 0.00 M M 7.4 15 270 M M 7 20 240
12 65 60 63 -2 2 0 0.00 M M 6.0 15 270 M M 10 20 260
13 66 59 63 -2 2 0 0.00 M M 5.3 10 180 M M 10 18 21 200
14 64 58 61 -4 4 0 0.00 M M 5.6 12 220 M M 10 18 24 210
15 67 59 63 -2 2 0 0.00 M M 4.6 12 270 M M 9 19 250
16 70 59 65 0 0 0 0.00 M M 5.9 16 280 M M 7 1 21 280
17 64 58 61 -4 4 0 0.00 M M 5.1 12 280 M M 10 1 17 280
18 67 58 63 -2 2 0 0.00 M M 5.6 12 220 M M 9 18 22 200
19 66 60 63 -2 2 0 0.00 M M 4.7 10 230 M M 10 22 220
20 67 61 64 -1 1 0 0.00 M M 5.5 13 280 M M 10 1 18 270
21 69 61 65 0 0 0 0.00 M M 5.3 13 260 M M 9 21 250
22 64 60 62 -3 3 0 T M M 5.1 10 190 M M 10 20 200
23 64 59 62 -3 3 0 0.00 M M 5.5 10 220 M M 10 1 20 220
24 66 58 62 -3 3 0 0.00 M M 5.5 10 220 M M 9 21 210
25 67 61 64 -1 1 0 0.00 M M 7.2 13 270 M M 9 22 230
26 69 60 65 0 0 0 0.00 M M 8.0 15 280 M M 7 24 230
27 69 60 65 0 0 0 T M M 8.3 17 280 M M 9 1 22 290
28 67 61 64 -1 1 0 T M M 5.2 14 280 M M 10 20 230
29 64 60 62 -3 3 0 0.00 M M 5.3 10 280 M M 10 20 220
30 66 60 63 -2 2 0 T M M 6.6 16 280 M M 9 25 280
31 66 57 62 -4 3 0 0.00 M M 5.9 13 260 M M 8 21 210
================================================================================
SM 2061 1813 71 0 0.09 M 192.3 M 256
================================================================================
AV 66.5 58.5 6.2 FASTST M M 8 MAX(MPH)
MISC ----> # 17 210 27 200
================================================================================
NOTES:
# LAST OF SEVERAL OCCURRENCES
COLUMN 17 PEAK WIND IN M.P.H.
PRELIMINARY LOCAL CLIMATOLOGICAL DATA (WS FORM: F-6) , PAGE 2
STATION: SAN DIEGO INTL AIRPORT CA
MONTH: MAY
YEAR: 2023
LATITUDE: 32 43 N
LONGITUDE: 117 10 W
[TEMPERATURE DATA] [PRECIPITATION DATA] SYMBOLS USED IN COLUMN 16
AVERAGE MONTHLY: 62.5 TOTAL FOR MONTH: 0.09 1 = FOG OR MIST
DPTR FM NORMAL: -2.3 DPTR FM NORMAL: -0.19 2 = FOG REDUCING VISIBILITY
HIGHEST: 70 ON 16, 7 GRTST 24HR 0.07 ON 3- 4 TO 1/4 MILE OR LESS
LOWEST: 53 ON 3 3 = THUNDER
SNOW, ICE PELLETS, HAIL 4 = ICE PELLETS
TOTAL MONTH: M 5 = HAIL
GRTST 24HR M ON M 6 = FREEZING RAIN OR DRIZZLE
GRTST DEPTH: M ON M 7 = DUSTSTORM OR SANDSTORM:
VSBY 1/2 MILE OR LESS
8 = SMOKE OR HAZE
[NO. OF DAYS WITH] [WEATHER - DAYS WITH] 9 = BLOWING SNOW
X = TORNADO
MAX 32 OR BELOW: 0 0.01 INCH OR MORE: 3
MAX 90 OR ABOVE: 0 0.10 INCH OR MORE: 0
MIN 32 OR BELOW: 0 0.50 INCH OR MORE: 0
MIN 0 OR BELOW: 0 1.00 INCH OR MORE: 0
[HDD (BASE 65) ]
TOTAL THIS MO. 71 CLEAR (SCALE 0-3) 0
DPTR FM NORMAL 26 PTCLDY (SCALE 4-7) 13
TOTAL FM JUL 1 1449 CLOUDY (SCALE 8-10) 18
DPTR FM NORMAL 468
[CDD (BASE 65) ]
TOTAL THIS MO. 0
DPTR FM NORMAL -37 [PRESSURE DATA]
TOTAL FM JAN 1 8 HIGHEST SLP 30.13 ON 7
DPTR FM NORMAL -70 LOWEST SLP 29.85 ON 18
[REMARKS]
#FINAL-05-23#