000
CXUS56 KLOX 011155
CF6SBA
PRELIMINARY LOCAL CLIMATOLOGICAL DATA (WS FORM: F-6)
STATION: SANTA BARBARA AIRPORT CA
MONTH: AUGUST
YEAR: 2021
LATITUDE: 34 25 N
LONGITUDE: 119 50 W
TEMPERATURE IN F: :PCPN: SNOW: WIND :SUNSHINE: SKY :PK WND
================================================================================
1 2 3 4 5 6A 6B 7 8 9 10 11 12 13 14 15 16 17 18
12Z AVG MX 2MIN
DY MAX MIN AVG DEP HDD CDD WTR SNW DPTH SPD SPD DIR MIN PSBL S-S WX SPD DR
================================================================================
1 77 56 67 1 0 2 0.00 M M 6.3 15 260 M M 0 1 19 250
2 79 52 66 0 0 1 0.00 M M 3.6 10 230 M M 0 15 260
3 78 55 67 1 0 2 0.00 M M 5.1 12 260 M M 0 14 260
4 78 60 69 3 0 4 0.00 M M 5.8 10 140 M M 0 M M
5 80 58 69 3 0 4 0.00 M M 6.6 17 130 M M 0 8 23 130
6 73 56 65 -1 0 0 0.00 M M 4.8 10 140 M M 1 1 13 200
7 73 57 65 -1 0 0 0.00 M M 6.0 16 240 M M 7 1 20 300
8 70 58 64 -2 1 0 0.00 M M 6.0 16 260 M M 8 18 20 250
9 71 59 65 -1 0 0 0.00 M M 6.5 18 260 M M 7 1 21 260
10 71 58 65 -1 0 0 0.00 M M 4.5 14 260 M M 5 1 17 260
11 82 61 72 6 0 7 0.00 M M 6.5 17 270 M M 4 18 20 270
12 82 59 71 5 0 6 0.00 M M 3.5 15 250 M M 0 1 17 250
13 78 58 68 2 0 3 0.00 M M 4.5 14 250 M M 0 18 16 260
14 73 59 66 0 0 1 0.00 M M 6.7 16 260 M M 4 18 19 240
15 76 58 67 1 0 2 0.00 M M 5.0 10 240 M M 0 8 13 260
16 77 62 70 4 0 5 0.00 M M 4.7 10 150 M M 0 18 12 240
17 75 60 68 2 0 3 0.00 M M 6.1 13 250 M M 6 18 16 260
18 73 62 68 2 0 3 0.00 M M 3.6 9 150 M M 10 18 13 120
19 76 60 68 2 0 3 0.00 M M 4.9 15 240 M M 5 17 260
20 76 57 67 1 0 2 0.00 M M 4.9 14 270 M M 3 17 270
21 73 59 66 0 0 1 T M M 3.4 14 260 M M 7 18 16 270
22 75 55 65 -1 0 0 0.00 M M 4.9 14 250 M M 3 8 18 260
23 74 55 65 -1 0 0 0.00 M M 5.0 15 260 M M 3 18 18 260
24 73 53 63 -3 2 0 0.00 M M 4.8 16 270 M M 1 20 260
25 77 54 66 0 0 1 0.00 M M 4.8 13 260 M M 0 18 16 240
26 79 53 66 0 0 1 0.00 M M 4.5 13 250 M M 0 18 M M
27 76 55 66 0 0 1 0.00 M M 4.4 10 220 M M 2 18 14 250
28 70 59 65 -1 0 0 0.00 M M 5.3 14 240 M M 7 18 17 260
29 71 57 64 -2 1 0 0.00 M M 6.2 15 250 M M 5 18 19 240
30 70 60 65 -1 0 0 0.00 M M 5.7 15 90 M M 7 18 20 100
31 71 62 67 1 0 2 0.00 M M 4.7 14 260 M M 8 18 16 260
================================================================================
SM 2327 1787 4 54 T M 159.3 M 103
================================================================================
AV 75.1 57.6 5.1 FASTST M M 3 MAX(MPH)
MISC ----> 18 260 23 130
================================================================================
NOTES:
# LAST OF SEVERAL OCCURRENCES
COLUMN 17 PEAK WIND IN M.P.H.
PRELIMINARY LOCAL CLIMATOLOGICAL DATA (WS FORM: F-6) , PAGE 2
STATION: SANTA BARBARA AIRPORT CA
MONTH: AUGUST
YEAR: 2021
LATITUDE: 34 25 N
LONGITUDE: 119 50 W
[TEMPERATURE DATA] [PRECIPITATION DATA] SYMBOLS USED IN COLUMN 16
AVERAGE MONTHLY: 66.4 TOTAL FOR MONTH: T 1 = FOG OR MIST
DPTR FM NORMAL: 0.2 DPTR FM NORMAL: -0.01 2 = FOG REDUCING VISIBILITY
HIGHEST: 82 ON 12,11 GRTST 24HR T ON 21-21 TO 1/4 MILE OR LESS
LOWEST: 52 ON 2 3 = THUNDER
SNOW, ICE PELLETS, HAIL 4 = ICE PELLETS
TOTAL MONTH: M 5 = HAIL
GRTST 24HR M ON M 6 = FREEZING RAIN OR DRIZZLE
GRTST DEPTH: M ON M 7 = DUSTSTORM OR SANDSTORM:
VSBY 1/2 MILE OR LESS
8 = SMOKE OR HAZE
[NO. OF DAYS WITH] [WEATHER - DAYS WITH] 9 = BLOWING SNOW
X = TORNADO
MAX 32 OR BELOW: 0 0.01 INCH OR MORE: 0
MAX 90 OR ABOVE: 0 0.10 INCH OR MORE: 0
MIN 32 OR BELOW: 0 0.50 INCH OR MORE: 0
MIN 0 OR BELOW: 0 1.00 INCH OR MORE: 0
[HDD (BASE 65) ]
TOTAL THIS MO. 4 CLEAR (SCALE 0-3) 17
DPTR FM NORMAL -19 PTCLDY (SCALE 4-7) 11
TOTAL FM JUL 1 9 CLOUDY (SCALE 8-10) 3
DPTR FM NORMAL -51
[CDD (BASE 65) ]
TOTAL THIS MO. 54
DPTR FM NORMAL -8 [PRESSURE DATA]
TOTAL FM JAN 1 151 HIGHEST SLP 30.10 ON 14
DPTR FM NORMAL 7 LOWEST SLP 29.67 ON 27
[REMARKS]
#FINAL-08-21#