000
CXUS56 KLOX 011647
CLMSBA
CLIMATE REPORT
NATIONAL WEATHER SERVICE LOS ANGELES/OXNARD
947 AM PDT TUE AUG 01 2023
...................................
...THE SANTA BARBARA AIRPORT CA CLIMATE SUMMARY FOR THE MONTH OF JULY 2023...
CLIMATE NORMAL PERIOD: 1991 TO 2020
CLIMATE RECORD PERIOD: 1940 TO 2023
WEATHER OBSERVED NORMAL DEPART LAST YEAR`S
VALUE DATE(S) VALUE FROM VALUE
NORMAL
..............................................................
TEMPERATURE (F)
HIGHEST 82 07/25
07/26
LOWEST 53 07/07
07/08
AVG. MAXIMUM 74.7 73.3 1.4
AVG. MINIMUM 58.7 58.1 0.6
MEAN 66.7 65.7 1.0
DAYS MAX >= 90 0
DAYS MAX <= 32 0
DAYS MIN <= 32 0
DAYS MIN <= 0 0
PRECIPITATION (INCHES)
TOTALS 0.00 0.02 -0.02
DAILY AVG. 0.00
DAYS >= .01 0
DAYS >= .10 0
DAYS >= .50 0
DAYS >= 1.00 0
GREATEST
24 HR. TOTAL T 07/30 TO 07/30
DEGREE DAYS
HEATING TOTAL 18 29 -11 11
SINCE 7/1 18 33 -15 MM
COOLING TOTAL 80 51 29 33
SINCE 1/1 80 82 -2 MM
..............................................................
WIND (MPH)
AVERAGE WIND SPEED 5.6
HIGHEST WIND SPEED/DIRECTION 17/260 DATE 07/02
17/260 07/04
17/130 07/23
HIGHEST GUST SPEED/DIRECTION 21/260 DATE 07/04
21/130 07/08
21/130 07/23
SKY COVER
POSSIBLE SUNSHINE (PERCENT) MM
AVERAGE SKY COVER 0.29
NUMBER OF DAYS FAIR 17
NUMBER OF DAYS PC 12
NUMBER OF DAYS CLOUDY 2
AVERAGE RH (PERCENT) 76
WEATHER CONDITIONS. NUMBER OF DAYS WITH
THUNDERSTORM 0 MIXED PRECIP 0
HEAVY RAIN 0 RAIN 0
LIGHT RAIN 0 FREEZING RAIN 0
LT FREEZING RAIN 0 HAIL 0
HEAVY SNOW 0 SNOW 0
LIGHT SNOW 0 SLEET 0
FOG 27 FOG W/VIS <= 1/4 MILE 7
HAZE 29
- INDICATES NEGATIVE NUMBERS.
R INDICATES RECORD WAS SET OR TIED.
MM INDICATES DATA IS MISSING.
T INDICATES TRACE AMOUNT.
$$