000
CXUS53 KMKX 010910
CF6SBM
PRELIMINARY LOCAL CLIMATOLOGICAL DATA (WS FORM: F-6)
STATION: SHEBOYGAN WI
MONTH: FEBRUARY
YEAR: 2023
LATITUDE: 43 46 N
LONGITUDE: 87 51 W
TEMPERATURE IN F: :PCPN: SNOW: WIND :SUNSHINE: SKY :PK WND
================================================================================
1 2 3 4 5 6A 6B 7 8 9 10 11 12 13 14 15 16 17 18
12Z AVG MX 2MIN
DY MAX MIN AVG DEP HDD CDD WTR SNW DPTH SPD SPD DIR MIN PSBL S-S WX SPD DR
================================================================================
1 25 2 14 -5 51 0 0.00 0.0 M 11.3 16 230 M M 3 22 220
2 26 3 15 -4 50 0 0.00 0.0 M 13.8 21 340 M M 2 31 310
3 8 -5 2 -17 63 0 0.00 M M 9.1 18 330 M M 3 26 310
4 31 8 20 0 45 0 0.00 M M 11.3 22 230 M M 2 18 27 230
5 31 18 25 5 40 0 0.00 M M 6.0 14 320 M M 2 18 20 310
6 38 7 23 3 42 0 0.01 M M 10.0 24 170 M M 5 138 38 160
7 45 33 39 19 26 0 0.01 M M 14.6 29 240 M M 7 3 39 260
8 45 24 35 15 30 0 0.00 M M 5.6 14 200 M M 0 12 16 190
9 37 32 35 15 30 0 0.21 M M 12.1 25 20 M M 10 12 34 350
10 36 19 28 7 37 0 0.00 M M 11.0 21 310 M M 3 29 300
11 43 18 31 10 34 0 0.00 M M 13.2 24 240 M M 0 35 240
12 47 25 36 15 29 0 0.00 M M 7.9 16 260 M M 0 24 260
13 44 29 37 16 28 0 0.00 M M 11.8 22 310 M M 0 31 330
14 46 28 37 15 28 0 0.09 M M 12.2 29 170 M M 4 1 41 160
15 48 32 40 18 25 0 0.00 M M 16.3 35 240 M M 9 50 240
16 32 20 26 4 39 0 0.01 M M 14.8 24 40 M M 10 128 33 10
17 22 11 17 -5 48 0 T M M 10.0 21 220 M M 2 30 220
18 40 19 30 7 35 0 0.00 M M 9.0 20 230 M M 0 30 220
19 45 31 38 15 27 0 0.00 M M 12.7 22 250 M M 1 29 220
20 38 25 32 9 33 0 0.00 M M 8.0 21 250 M M 3 18 30 260
21 37 21 29 5 36 0 0.07 M M 11.7 29 290 M M 6 1 41 300
22 30 25 28 4 37 0 0.33 M M 19.2 32 60 M M 10 12 44 50
23 31 20 26 2 39 0 0.03 M M 11.5 24 60 M M 10 168 34 50
24 20 6 13 -12 52 0 T M M 4.3 15 340 M M 5 18 19 350
25 30 17 24 -1 41 0 0.04 M M 9.0 20 250 M M 5 1 26 250
26 36 15 26 0 39 0 0.00 M M 6.9 18 240 M M 0 23 240
27 36 21 29 3 36 0 1.67 M M 12.3 20 80 M M 9 16 34 120
28 40 32 36 10 29 0 0.00 M M 6.9 20 280 M M 5 31 290
================================================================================
SM 987 536 1049 0 2.47 0.0 302.5 M 116
================================================================================
AV 35.3 19.1 10.8 FASTST M M 4 MAX(MPH)
MISC ----> 35 240 50 240
================================================================================
NOTES:
# LAST OF SEVERAL OCCURRENCES
COLUMN 17 PEAK WIND IN M.P.H.
PRELIMINARY LOCAL CLIMATOLOGICAL DATA (WS FORM: F-6) , PAGE 2
STATION: SHEBOYGAN WI
MONTH: FEBRUARY
YEAR: 2023
LATITUDE: 43 46 N
LONGITUDE: 87 51 W
[TEMPERATURE DATA] [PRECIPITATION DATA] SYMBOLS USED IN COLUMN 16
AVERAGE MONTHLY: 27.2 TOTAL FOR MONTH: 2.47 1 = FOG OR MIST
DPTR FM NORMAL: 5.1 DPTR FM NORMAL: 1.51 2 = FOG REDUCING VISIBILITY
HIGHEST: 48 ON 15 GRTST 24HR 1.67 ON 27-27 TO 1/4 MILE OR LESS
LOWEST: -5 ON 3 3 = THUNDER
SNOW, ICE PELLETS, HAIL 4 = ICE PELLETS
TOTAL MONTH: 0.0 INCH 5 = HAIL
GRTST 24HR 0.0 6 = FREEZING RAIN OR DRIZZLE
GRTST DEPTH: M ON M 7 = DUSTSTORM OR SANDSTORM:
VSBY 1/2 MILE OR LESS
8 = SMOKE OR HAZE
[NO. OF DAYS WITH] [WEATHER - DAYS WITH] 9 = BLOWING SNOW
X = TORNADO
MAX 32 OR BELOW: 11 0.01 INCH OR MORE: 10
MAX 90 OR ABOVE: 0 0.10 INCH OR MORE: 3
MIN 32 OR BELOW: 27 0.50 INCH OR MORE: 1
MIN 0 OR BELOW: 1 1.00 INCH OR MORE: 1
[HDD (BASE 65) ]
TOTAL THIS MO. 1049 CLEAR (SCALE 0-3) 15
DPTR FM NORMAL -152 PTCLDY (SCALE 4-7) 7
TOTAL FM JUL 1 4780 CLOUDY (SCALE 8-10) 6
DPTR FM NORMAL -674
[CDD (BASE 65) ]
TOTAL THIS MO. 0
DPTR FM NORMAL 0 [PRESSURE DATA]
TOTAL FM JAN 1 0 HIGHEST SLP 30.71 ON 24
DPTR FM NORMAL 0 LOWEST SLP 29.20 ON 27
[REMARKS]
#FINAL-02-23#