000
CXUS53 KIWX 010810
CF6SBN
PRELIMINARY LOCAL CLIMATOLOGICAL DATA (WS FORM: F-6)
STATION: SOUTH BEND
MONTH: MARCH
YEAR: 2022
LATITUDE: 41 42 N
LONGITUDE: 86 19 W
TEMPERATURE IN F: :PCPN: SNOW: WIND :SUNSHINE: SKY :PK WND
================================================================================
1 2 3 4 5 6A 6B 7 8 9 10 11 12 13 14 15 16 17 18
12Z AVG MX 2MIN
DY MAX MIN AVG DEP HDD CDD WTR SNW DPTH SPD SPD DIR MIN PSBL S-S WX SPD DR
================================================================================
1 48 29 39 7 26 0 0.01 0.0 0 9.5 16 320 M M 6 22 310
2 56 24 40 8 25 0 0.01 T 0 7.7 22 360 M M 7 18 30 350
3 34 23 29 -3 36 0 0.00 0.0 0 8.7 17 360 M M 1 25 360
4 43 21 32 0 33 0 0.00 0.0 0 7.8 17 120 M M 0 24 110
5 71 37 54 21 11 0 0.01 0.0 0 15.3 29 200 M M 3 41 200
6 65 33 49 16 16 0 T 0.0 0 16.2 40 250 M M 2 59 250
7 37 32 35 1 30 0 0.27 T 0 11.2 25 310 M M 10 18 33 350
8 38 29 34 0 31 0 T T 0 7.1 15 230 M M 6 22 210
9 47 24 36 2 29 0 0.00 0.0 0 6.5 20 310 M M 1 18 26 310
10 37 23 30 -5 35 0 0.07 1.3 0 7.9 14 350 M M 6 18 19 310
11 31 21 26 -9 39 0 0.21 3.1 4 10.2 24 320 M M 8 18 33 320
12 21 15 18 -17 47 0 0.01 0.7 2 14.3 24 300 M M 7 8 32 310
13 51 16 34 -2 31 0 T T 0 12.5 25 240 M M 4 34 240
14 62 31 47 11 18 0 0.00 0.0 0 9.7 23 210 M M 1 32 230
15 56 36 46 10 19 0 0.00 0.0 0 5.8 13 270 M M 4 19 320
16 70 35 53 16 12 0 0.00 0.0 0 7.4 21 210 M M 3 18 30 240
17 72 42 57 20 8 0 0.00 0.0 0 6.4 16 250 M M 1 22 210
18 57 46 52 15 13 0 0.62 0.0 0 8.0 16 220 M M 7 1 23 80
19 49 37 43 5 22 0 0.10 0.0 0 10.4 24 310 M M 10 18 34 310
20 60 31 46 8 19 0 0.00 0.0 0 4.8 15 240 M M 1 12 21 240
21 73 35 54 16 11 0 0.00 0.0 0 8.1 29 210 M M 1 37 210
22 58 45 52 13 13 0 0.16 0.0 0 16.0 35 110 M M 8 1 47 120
23 62 47 55 16 10 0 0.39 0.0 0 13.8 29 120 M M 10 13 39 120
24 48 39 44 4 21 0 0.09 0.0 0 14.5 26 210 M M 10 1 38 210
25 47 35 41 1 24 0 0.07 T 0 12.2 26 280 M M 10 1 38 290
26 35 27 31 -9 34 0 0.09 1.0 0 16.6 25 320 M M 10 1 34 320
27 28 18 23 -18 42 0 0.01 T T 12.8 24 330 M M 7 8 34 10
28 34 18 26 -15 39 0 0.00 0.0 0 7.6 18 360 M M 2 25 310
29 42 20 31 -10 34 0 T 0.0 0 14.6 25 130 M M 6 35 130
30 64 41 53 11 12 0 0.74 0.0 0 11.8 24 140 M M 9 13 36 150
31 57 33 45 3 20 0 0.36 T 0 13.8 31 240 M M 10 18 46 250
================================================================================
SM 1553 943 760 0 3.22 6.1 329.2 M 171
================================================================================
AV 50.1 30.4 10.6 FASTST M M 6 MAX(MPH)
MISC ----> 40 250 59 250
================================================================================
NOTES:
# LAST OF SEVERAL OCCURRENCES
COLUMN 17 PEAK WIND IN M.P.H.
PRELIMINARY LOCAL CLIMATOLOGICAL DATA (WS FORM: F-6) , PAGE 2
STATION: SOUTH BEND
MONTH: MARCH
YEAR: 2022
LATITUDE: 41 42 N
LONGITUDE: 86 19 W
[TEMPERATURE DATA] [PRECIPITATION DATA] SYMBOLS USED IN COLUMN 16
AVERAGE MONTHLY: 40.3 TOTAL FOR MONTH: 3.22 1 = FOG OR MIST
DPTR FM NORMAL: 3.6 DPTR FM NORMAL: 0.87 2 = FOG REDUCING VISIBILITY
HIGHEST: 73 ON 21 GRTST 24HR 1.08 ON 30-31 TO 1/4 MILE OR LESS
LOWEST: 15 ON 12 3 = THUNDER
SNOW, ICE PELLETS, HAIL 4 = ICE PELLETS
TOTAL MONTH: 6.1 INCHES 5 = HAIL
GRTST 24HR 3.1 ON 11-11 6 = FREEZING RAIN OR DRIZZLE
GRTST DEPTH: 4 ON 11 7 = DUSTSTORM OR SANDSTORM:
VSBY 1/2 MILE OR LESS
8 = SMOKE OR HAZE
[NO. OF DAYS WITH] [WEATHER - DAYS WITH] 9 = BLOWING SNOW
X = TORNADO
MAX 32 OR BELOW: 3 0.01 INCH OR MORE: 17
MAX 90 OR ABOVE: 0 0.10 INCH OR MORE: 8
MIN 32 OR BELOW: 17 0.50 INCH OR MORE: 2
MIN 0 OR BELOW: 0 1.00 INCH OR MORE: 0
[HDD (BASE 65) ]
TOTAL THIS MO. 760 CLEAR (SCALE 0-3) 10
DPTR FM NORMAL -119 PTCLDY (SCALE 4-7) 13
TOTAL FM JUL 1 5048 CLOUDY (SCALE 8-10) 8
DPTR FM NORMAL -564
[CDD (BASE 65) ]
TOTAL THIS MO. 0
DPTR FM NORMAL -2 [PRESSURE DATA]
TOTAL FM JAN 1 0 HIGHEST SLP 30.50 ON 4
DPTR FM NORMAL -2 LOWEST SLP 29.08 ON 31
[REMARKS]
#FINAL-03-22#