000
CXUS53 KIWX 010810
CF6SBN
PRELIMINARY LOCAL CLIMATOLOGICAL DATA (WS FORM: F-6)
STATION: SOUTH BEND
MONTH: SEPTEMBER
YEAR: 2021
LATITUDE: 41 42 N
LONGITUDE: 86 19 W
TEMPERATURE IN F: :PCPN: SNOW: WIND :SUNSHINE: SKY :PK WND
================================================================================
1 2 3 4 5 6A 6B 7 8 9 10 11 12 13 14 15 16 17 18
12Z AVG MX 2MIN
DY MAX MIN AVG DEP HDD CDD WTR SNW DPTH SPD SPD DIR MIN PSBL S-S WX SPD DR
================================================================================
1 79 62 71 3 0 6 0.00 0.0 0 8.7 18 360 M M 2 24 360
2 79 55 67 -1 0 2 0.00 0.0 0 4.4 12 340 M M 0 18 40
3 79 57 68 0 0 3 0.01 0.0 0 6.2 14 150 M M 3 20 140
4 76 66 71 3 0 6 0.01 0.0 0 9.2 17 190 M M 10 1 21 180
5 81 58 70 3 0 5 0.00 0.0 0 8.1 18 300 M M 2 26 300
6 79 59 69 2 0 4 T 0.0 0 5.2 15 330 M M 1 23 340
7 91 62 77 10 0 12 0.04 0.0 0 10.5 31 200 M M 3 3 45 220
8 79 58 69 3 0 4 0.00 0.0 0 7.8 21 300 M M 1 1 31 330
9 76 53 65 -1 0 0 T 0.0 0 5.1 18 350 M M 2 27 10
10 81 51 66 0 0 1 0.00 0.0 0 4.7 14 230 M M 2 8 19 240
11 86 62 74 8 0 9 0.00 0.0 0 10.0 21 210 M M 0 29 210
12 89 69 79 14 0 14 0.00 0.0 0 11.4 20 230 M M 0 27 250
13 89 66 78 13 0 13 0.00 0.0 0 6.5 14 190 M M 0 23 190
14 92 66 79 15 0 14 0.33 0.0 0 12.4 30 270 M M 3 38 43 250
15 78 53 66 2 0 1 0.00 0.0 0 5.2 17 320 M M 1 25 310
16 83 51 67 3 0 2 0.00 0.0 0 4.1 14 120 M M 0 22 140
17 89 59 74 11 0 9 0.00 0.0 0 5.7 14 200 M M 1 19 220
18 85 66 76 13 0 11 0.00 0.0 0 5.2 10 20 M M 1 18 10
19 90 64 77 14 0 12 0.00 0.0 0 7.3 13 190 M M 0 19 190
20 82 69 76 14 0 11 0.12 0.0 0 11.8 22 170 M M 6 13 27 180
21 74 58 66 4 0 1 0.44 0.0 0 10.6 24 180 M M 9 1 31 170
22 60 54 57 -4 8 0 0.16 0.0 0 13.6 25 360 M M 7 34 350
23 57 48 53 -8 12 0 0.49 0.0 0 11.9 25 30 M M 8 1 36 20
24 77 48 63 2 2 0 T 0.0 0 11.5 23 200 M M 1 8 30 200
25 69 51 60 0 5 0 0.36 0.0 0 9.9 22 300 M M 4 1 32 280
26 82 53 68 8 0 3 0.00 0.0 0 12.1 23 240 M M 2 32 250
27 87 61 74 14 0 9 0.00 0.0 0 10.2 18 220 M M 0 27 210
28 78 56 67 8 0 2 0.00 0.0 0 3.7 10 20 M M 0 1 14 80
29 82 51 67 8 0 2 0.00 0.0 0 3.6 10 120 M M 0 13 120
30 79 54 67 9 0 2 0.00 0.0 0 4.9 10 110 M M 0 14 100
================================================================================
SM 2408 1740 27 158 1.96 0.0 241.5 M 69
================================================================================
AV 80.3 58.0 8.1 FASTST M M 2 MAX(MPH)
MISC ----> 31 200 45 220
================================================================================
NOTES:
# LAST OF SEVERAL OCCURRENCES
COLUMN 17 PEAK WIND IN M.P.H.
PRELIMINARY LOCAL CLIMATOLOGICAL DATA (WS FORM: F-6) , PAGE 2
STATION: SOUTH BEND
MONTH: SEPTEMBER
YEAR: 2021
LATITUDE: 41 42 N
LONGITUDE: 86 19 W
[TEMPERATURE DATA] [PRECIPITATION DATA] SYMBOLS USED IN COLUMN 16
AVERAGE MONTHLY: 69.1 TOTAL FOR MONTH: 1.96 1 = FOG OR MIST
DPTR FM NORMAL: 5.4 DPTR FM NORMAL: -1.53 2 = FOG REDUCING VISIBILITY
HIGHEST: 92 ON 14 GRTST 24HR 0.60 ON 21-22 TO 1/4 MILE OR LESS
LOWEST: 48 ON 24,23 3 = THUNDER
SNOW, ICE PELLETS, HAIL 4 = ICE PELLETS
TOTAL MONTH: 0.0 INCH 5 = HAIL
GRTST 24HR 0.0 6 = FREEZING RAIN OR DRIZZLE
GRTST DEPTH: 0 7 = DUSTSTORM OR SANDSTORM:
VSBY 1/2 MILE OR LESS
8 = SMOKE OR HAZE
[NO. OF DAYS WITH] [WEATHER - DAYS WITH] 9 = BLOWING SNOW
X = TORNADO
MAX 32 OR BELOW: 0 0.01 INCH OR MORE: 9
MAX 90 OR ABOVE: 3 0.10 INCH OR MORE: 6
MIN 32 OR BELOW: 0 0.50 INCH OR MORE: 0
MIN 0 OR BELOW: 0 1.00 INCH OR MORE: 0
[HDD (BASE 65) ]
TOTAL THIS MO. 27 CLEAR (SCALE 0-3) 24
DPTR FM NORMAL -89 PTCLDY (SCALE 4-7) 4
TOTAL FM JUL 1 27 CLOUDY (SCALE 8-10) 2
DPTR FM NORMAL -110
[CDD (BASE 65) ]
TOTAL THIS MO. 158
DPTR FM NORMAL 81 [PRESSURE DATA]
TOTAL FM JAN 1 1110 HIGHEST SLP 30.21 ON 30
DPTR FM NORMAL 396 LOWEST SLP 29.63 ON 7
[REMARKS]
#FINAL-09-21#