000
CXUS56 KLOX 011155
CF6SBP
PRELIMINARY LOCAL CLIMATOLOGICAL DATA (WS FORM: F-6)
STATION: SAN LUIS OBISPO AIRPORT CA
MONTH: MAY
YEAR: 2023
LATITUDE: 35 13 N
LONGITUDE: 120 38 W
TEMPERATURE IN F: :PCPN: SNOW: WIND :SUNSHINE: SKY :PK WND
================================================================================
1 2 3 4 5 6A 6B 7 8 9 10 11 12 13 14 15 16 17 18
12Z AVG MX 2MIN
DY MAX MIN AVG DEP HDD CDD WTR SNW DPTH SPD SPD DIR MIN PSBL S-S WX SPD DR
================================================================================
1 62 50 56 -2 9 0 T M M 8.4 23 320 M M 9 18 28 300
2 61 50 56 -3 9 0 0.04 M M 8.0 16 190 M M 8 1 20 200
3 60 48 54 -5 11 0 0.24 M M 8.9 20 150 M M 9 1 26 160
4 63 50 57 -2 8 0 0.14 M M 4.9 17 220 M M 9 1 22 210
5 67 48 58 -1 7 0 0.00 M M 5.5 21 320 M M 3 24 310
6 67 44 56 -3 9 0 0.00 M M 7.7 18 310 M M 1 23 320
7 70 46 58 -1 7 0 0.00 M M 10.4 24 310 M M 0 32 320
8 68 45 57 -2 8 0 0.00 M M 10.2 26 310 M M 2 32 320
9 65 51 58 -1 7 0 0.00 M M 10.2 21 320 M M 6 26 310
10 66 52 59 0 6 0 0.00 M M 11.2 25 310 M M 5 31 310
11 70 47 59 0 6 0 0.00 M M 11.4 29 310 M M 1 34 300
12 70 48 59 -1 6 0 0.00 M M 11.3 26 320 M M 1 1 31 310
13 79 50 65 5 0 0 0.00 M M 6.3 21 320 M M 4 12 24 330
14 71 51 61 1 4 0 0.00 M M 4.3 13 230 M M 6 1 16 250
15 70 54 62 2 3 0 0.00 M M 6.2 15 310 M M 8 1 19 300
16 71 53 62 2 3 0 0.00 M M 5.5 13 180 M M 6 1 16 150
17 73 52 63 3 2 0 0.00 M M 4.6 13 310 M M 6 12 16 330
18 75 51 63 3 2 0 0.00 M M M M M M M 5 12 M M
19 71 54 63 3 2 0 0.00 M M 5.0 14 320 M M 6 1 17 320
20 67 53 60 0 5 0 0.00 M M 9.9 23 310 M M 6 1 26 310
21 69 53 61 1 4 0 0.00 M M 7.2 18 300 M M 6 1 21 300
22 69 53 61 1 4 0 0.00 M M 5.7 15 310 M M 6 1 18 310
23 63 53 58 -3 7 0 0.00 M M 6.1 15 310 M M 10 1 18 350
24 62 53 58 -3 7 0 0.00 M M 5.9 14 330 M M 10 19 320
25 69 51 60 -1 5 0 0.00 M M 7.0 20 320 M M 4 23 310
26 68 52 60 -1 5 0 0.00 M M 7.1 20 310 M M 7 23 300
27 67 54 61 0 4 0 0.00 M M 9.6 21 310 M M 6 25 310
28 64 53 59 -2 6 0 0.00 M M 4.7 15 330 M M 10 1 17 310
29 66 54 60 -1 5 0 0.00 M M 5.4 13 230 M M 10 15 210
30 65 52 59 -2 6 0 T M M 5.7 15 320 M M 9 20 340
31 69 50 60 -1 5 0 0.00 M M 9.3 22 320 M M 5 26 310
================================================================================
SM 2097 1575 172 0 0.42 M 223.6 M 184
================================================================================
AV 67.6 50.8 7.5 FASTST M M 6 MAX(MPH)
MISC ----> 29 310 34 300
================================================================================
NOTES:
# LAST OF SEVERAL OCCURRENCES
COLUMN 17 PEAK WIND IN M.P.H.
PRELIMINARY LOCAL CLIMATOLOGICAL DATA (WS FORM: F-6) , PAGE 2
STATION: SAN LUIS OBISPO AIRPORT CA
MONTH: MAY
YEAR: 2023
LATITUDE: 35 13 N
LONGITUDE: 120 38 W
[TEMPERATURE DATA] [PRECIPITATION DATA] SYMBOLS USED IN COLUMN 16
AVERAGE MONTHLY: 59.2 TOTAL FOR MONTH: 0.42 1 = FOG OR MIST
DPTR FM NORMAL: -0.7 DPTR FM NORMAL: -0.05 2 = FOG REDUCING VISIBILITY
HIGHEST: 79 ON 13 GRTST 24HR 0.38 ON 3- 4 TO 1/4 MILE OR LESS
LOWEST: 44 ON 6 3 = THUNDER
SNOW, ICE PELLETS, HAIL 4 = ICE PELLETS
TOTAL MONTH: M 5 = HAIL
GRTST 24HR M ON M 6 = FREEZING RAIN OR DRIZZLE
GRTST DEPTH: M ON M 7 = DUSTSTORM OR SANDSTORM:
VSBY 1/2 MILE OR LESS
8 = SMOKE OR HAZE
[NO. OF DAYS WITH] [WEATHER - DAYS WITH] 9 = BLOWING SNOW
X = TORNADO
MAX 32 OR BELOW: 0 0.01 INCH OR MORE: 3
MAX 90 OR ABOVE: 0 0.10 INCH OR MORE: 2
MIN 32 OR BELOW: 0 0.50 INCH OR MORE: 0
MIN 0 OR BELOW: 0 1.00 INCH OR MORE: 0
[HDD (BASE 65) ]
TOTAL THIS MO. 172 CLEAR (SCALE 0-3) 5
DPTR FM NORMAL 1 PTCLDY (SCALE 4-7) 18
TOTAL FM JUL 1 2322 CLOUDY (SCALE 8-10) 8
DPTR FM NORMAL 136
[CDD (BASE 65) ]
TOTAL THIS MO. 0
DPTR FM NORMAL -13 [PRESSURE DATA]
TOTAL FM JAN 1 5 HIGHEST SLP 30.13 ON 20
DPTR FM NORMAL -22 LOWEST SLP 29.79 ON 13
[REMARKS]
#FINAL-05-23#