000
CDUS43 KLMK 242132
CLISDF


CLIMATE REPORT
NATIONAL WEATHER SERVICE LOUISVILLE KY
431 PM EST TUE JAN 24 2017


...................................

...THE LOUISVILLE KY CLIMATE SUMMARY FOR JANUARY 24 2017...
VALID TODAY AS OF 0400 PM LOCAL TIME.

CLIMATE NORMAL PERIOD 1981 TO 2010
CLIMATE RECORD PERIOD 1871 TO 2017


WEATHER ITEM   OBSERVED TIME   RECORD YEAR NORMAL DEPARTURE LAST
                VALUE   (LST)  VALUE       VALUE  FROM      YEAR
                                                  NORMAL
..................................................................
TEMPERATURE (F)
 TODAY
  MAXIMUM         50    359 PM  77    1943  43      7       38
  MINIMUM         40    558 AM -20    1963  27     13       13
  AVERAGE         45                        35     10       26

PRECIPITATION (IN)
  TODAY            T             3.11 1937   0.11  -0.11     0.00
  MONTH TO DATE    4.20                      2.50   1.70     0.97
  SINCE DEC 1      9.50                      6.33   3.17     7.55
  SINCE JAN 1      4.20                      2.50   1.70     0.97

SNOWFALL (IN)
  TODAY            0.0           2.9  1948   0.1   -0.1      0.0
  MONTH TO DATE    2.3                       2.7   -0.4      8.2
  SINCE DEC 1      2.4                       5.3   -2.9      8.2
  SINCE JUL 1      2.4                       5.5   -3.1      8.2
  SNOW DEPTH       0

DEGREE DAYS
 HEATING
  TODAY           20                        30    -10       39
  MONTH TO DATE  544                       720   -176      789
  SINCE DEC 1   1375                      1561   -186     1247
  SINCE JUL 1   1842                      2296   -454     1771

 COOLING
  TODAY            0                         0      0        0
  MONTH TO DATE    0                         0      0        0
  SINCE DEC 1      1                         1      0        3
  SINCE JAN 1      0                         0      0        0
..................................................................


WIND (MPH)
  HIGHEST WIND SPEED    18   HIGHEST WIND DIRECTION    NW (300)
  HIGHEST GUST SPEED    23   HIGHEST GUST DIRECTION     W (290)
  AVERAGE WIND SPEED     7.9


SKY COVER
  POSSIBLE SUNSHINE  MM
  AVERAGE SKY COVER 0.8


WEATHER CONDITIONS
 THE FOLLOWING WEATHER WAS RECORDED TODAY.
  LIGHT RAIN
  FOG
  HAZE


RELATIVE HUMIDITY (PERCENT)
 HIGHEST    82           300 AM
 LOWEST     54           300 PM
 AVERAGE    68

..........................................................


THE LOUISVILLE KY CLIMATE NORMALS FOR TOMORROW
                         NORMAL    RECORD    YEAR
 MAXIMUM TEMPERATURE (F)   43        77      1950
 MINIMUM TEMPERATURE (F)   27        -6      1963


SUNRISE AND SUNSET
JANUARY 24 2017.......SUNRISE   754 AM EST   SUNSET   557 PM EST
JANUARY 25 2017.......SUNRISE   753 AM EST   SUNSET   558 PM EST


-  INDICATES NEGATIVE NUMBERS.
R  INDICATES RECORD WAS SET OR TIED.
MM INDICATES DATA IS MISSING.
T  INDICATES TRACE AMOUNT.




$$
