000
CDUS43 KLMK 060632
CLISDF


CLIMATE REPORT
NATIONAL WEATHER SERVICE LOUISVILLE KY
230 AM EDT FRI MAY 6 2016


...................................

...THE LOUISVILLE KY CLIMATE SUMMARY FOR MAY 5 2016...

CLIMATE NORMAL PERIOD 1981 TO 2010
CLIMATE RECORD PERIOD 1871 TO 2016


WEATHER ITEM   OBSERVED TIME   RECORD YEAR NORMAL DEPARTURE LAST
                VALUE   (LST)  VALUE       VALUE  FROM      YEAR
                                                  NORMAL
..................................................................
TEMPERATURE (F)
 YESTERDAY
  MAXIMUM         61    620 PM  94    1959  74    -13       86
                                      1949
  MINIMUM         45    649 AM  36    1954  54     -9       62
  AVERAGE         53                        64    -11       74

PRECIPITATION (IN)
  YESTERDAY        0.05          2.14 2003   0.17  -0.12     0.00
  MONTH TO DATE    0.61                      0.87  -0.26     0.00
  SINCE MAR 1      9.29                      9.05   0.24    18.64
  SINCE JAN 1     15.11                     15.47  -0.36    21.74

SNOWFALL (IN)
  YESTERDAY        0.0          MM      MM   0.0    0.0      0.0
  MONTH TO DATE    0.0                       0.0    0.0      0.0
  SINCE MAR 1      0.5                       1.5   -1.0     11.9
  SINCE JUL 1     14.9                      12.5    2.4     27.6
  SNOW DEPTH       0

DEGREE DAYS
 HEATING
  YESTERDAY       12                         3      9        0
  MONTH TO DATE   26                        19      7        6
  SINCE MAR 1    565                       803   -238      749
  SINCE JUL 1   3187                      4044   -857     4369

 COOLING
  YESTERDAY        0                         2     -2        9
  MONTH TO DATE    9                        10     -1       19
  SINCE MAR 1     72                        53     19       61
  SINCE JAN 1     72                        53     19       61
..................................................................


WIND (MPH)
  HIGHEST WIND SPEED    22   HIGHEST WIND DIRECTION     N (340)
  HIGHEST GUST SPEED    27   HIGHEST GUST DIRECTION    NW (330)
  AVERAGE WIND SPEED    10.2


SKY COVER
  POSSIBLE SUNSHINE  MM
  AVERAGE SKY COVER 0.8


WEATHER CONDITIONS
 THE FOLLOWING WEATHER WAS RECORDED YESTERDAY.
  LIGHT RAIN


RELATIVE HUMIDITY (PERCENT)
 HIGHEST    86           400 AM
 LOWEST     55           600 PM
 AVERAGE    71

..........................................................


THE LOUISVILLE KY CLIMATE NORMALS FOR TODAY
                         NORMAL    RECORD    YEAR
 MAXIMUM TEMPERATURE (F)   75        94      1949
 MINIMUM TEMPERATURE (F)   54        33      1898


SUNRISE AND SUNSET
MAY  6 2016...........SUNRISE   640 AM EDT   SUNSET   839 PM EDT
MAY  7 2016...........SUNRISE   639 AM EDT   SUNSET   840 PM EDT


-  INDICATES NEGATIVE NUMBERS.
R  INDICATES RECORD WAS SET OR TIED.
MM INDICATES DATA IS MISSING.
T  INDICATES TRACE AMOUNT.




$$
