000
CDUS43 KLMK 240626
CLISDF


CLIMATE REPORT
NATIONAL WEATHER SERVICE LOUISVILLE KY
226 AM EDT THU APR 24 2014


...................................

...THE LOUISVILLE KY CLIMATE SUMMARY FOR APRIL 23 2014...

CLIMATE NORMAL PERIOD 1981 TO 2010
CLIMATE RECORD PERIOD 1871 TO 2014


WEATHER ITEM   OBSERVED TIME   RECORD YEAR NORMAL DEPARTURE LAST
                VALUE   (LST)  VALUE       VALUE  FROM      YEAR
                                                  NORMAL
..................................................................
TEMPERATURE (F)
 YESTERDAY
  MAXIMUM         65    447 PM  91    1960  71     -6       72
  MINIMUM         45    643 AM  28    1986  50     -5       51
  AVERAGE         55                        60     -5       62

PRECIPITATION (IN)
  YESTERDAY        0.00          2.79 1970   0.15  -0.15      T
  MONTH TO DATE    4.62                      2.96   1.66     2.84
  SINCE MAR 1      6.92                      7.13  -0.21     7.09
  SINCE JAN 1     13.08                     13.55  -0.47    14.11

SNOWFALL (IN)
  YESTERDAY        0.0           T    1910   0.0    0.0      0.0
  MONTH TO DATE    0.1                       0.1    0.0      0.0
  SINCE MAR 1      4.2                       1.5    2.7      1.7
  SINCE JUL 1     26.0                      12.5   13.5      9.8
  SNOW DEPTH       0

DEGREE DAYS
 HEATING
  YESTERDAY       10                         6      4        3
  MONTH TO DATE  170                       209    -39      188
  SINCE MAR 1    818                       747     71      923
  SINCE JUL 1   4472                      3988    484     4005

 COOLING
  YESTERDAY        0                         2     -2        0
  MONTH TO DATE   24                        27     -3       47
  SINCE MAR 1     24                        33     -9       47
  SINCE JAN 1     24                        33     -9       47
..................................................................


WIND (MPH)
  HIGHEST WIND SPEED    16   HIGHEST WIND DIRECTION     N (350)
  HIGHEST GUST SPEED    20   HIGHEST GUST DIRECTION     N (350)
  AVERAGE WIND SPEED     7.3


SKY COVER
  POSSIBLE SUNSHINE  MM
  AVERAGE SKY COVER 0.2


WEATHER CONDITIONS
 THE FOLLOWING WEATHER WAS RECORDED YESTERDAY.
  NO SIGNIFICANT WEATHER WAS OBSERVED.


RELATIVE HUMIDITY (PERCENT)
 HIGHEST    62           600 AM
 LOWEST     27           700 PM
 AVERAGE    45

..........................................................


THE LOUISVILLE KY CLIMATE NORMALS FOR TODAY
                         NORMAL    RECORD    YEAR
 MAXIMUM TEMPERATURE (F)   72        91      1960
                                             1925
 MINIMUM TEMPERATURE (F)   50        33      2005
                                             1927
                                             1919


SUNRISE AND SUNSET
APRIL 24 2014.........SUNRISE   655 AM EDT   SUNSET   828 PM EDT
APRIL 25 2014.........SUNRISE   654 AM EDT   SUNSET   828 PM EDT


-  INDICATES NEGATIVE NUMBERS.
R  INDICATES RECORD WAS SET OR TIED.
MM INDICATES DATA IS MISSING.
T  INDICATES TRACE AMOUNT.




$$
