000
CDUS43 KLMK 100628
CLISDF


CLIMATE REPORT
NATIONAL WEATHER SERVICE LOUISVILLE KY
128 AM EST SAT DEC 10 2016


...................................

...THE LOUISVILLE KY CLIMATE SUMMARY FOR DECEMBER 9 2016...

CLIMATE NORMAL PERIOD 1981 TO 2010
CLIMATE RECORD PERIOD 1871 TO 2016


WEATHER ITEM   OBSERVED TIME   RECORD YEAR NORMAL DEPARTURE LAST
                VALUE   (LST)  VALUE       VALUE  FROM      YEAR
                                                  NORMAL
..................................................................
TEMPERATURE (F)
 YESTERDAY
  MAXIMUM         29        MM  70    1897  47    -18       60
  MINIMUM         23        MM  -6    1917  31     -8       45
  AVERAGE         26                        39    -13       53

PRECIPITATION (IN)
  YESTERDAY        T             1.42 1966   0.14  -0.14     0.00
  MONTH TO DATE    1.01                      1.14  -0.13     0.57
  SINCE DEC 1      1.01                      1.14  -0.13     0.57
  SINCE JAN 1     39.26                     42.22  -2.96    56.40

SNOWFALL (IN)
  YESTERDAY        T             5.0  1961   0.1   -0.1      0.0
  MONTH TO DATE    T                         0.5   -0.5      0.0
  SINCE DEC 1      T                         0.5   -0.5      0.0
  SINCE JUL 1      T                         0.7   -0.7      0.0
  SNOW DEPTH       T

DEGREE DAYS
 HEATING
  YESTERDAY       39                        26     13       12
  MONTH TO DATE  232                       219     13      182
  SINCE DEC 1    232                       219     13      182
  SINCE JUL 1    699                       954   -255      706

 COOLING
  YESTERDAY        0                         0      0        0
  MONTH TO DATE    0                         0      0        0
  SINCE DEC 1      0                         0      0        0
  SINCE JAN 1   2082                      1613    469     1787
..................................................................


WIND (MPH)
  HIGHEST WIND SPEED    17   HIGHEST WIND DIRECTION    NW (300)
  HIGHEST GUST SPEED    MM   HIGHEST GUST DIRECTION    MM
  AVERAGE WIND SPEED     8.6


SKY COVER
  POSSIBLE SUNSHINE  MM
  AVERAGE SKY COVER 1.0


WEATHER CONDITIONS
 THE FOLLOWING WEATHER WAS RECORDED YESTERDAY.
  LIGHT SNOW


RELATIVE HUMIDITY (PERCENT)
 HIGHEST    60           700 AM
 LOWEST     46           200 PM
 AVERAGE    53

..........................................................


THE LOUISVILLE KY CLIMATE NORMALS FOR TODAY
                         NORMAL    RECORD    YEAR
 MAXIMUM TEMPERATURE (F)   47        71      1971
 MINIMUM TEMPERATURE (F)   31        -4      1917


SUNRISE AND SUNSET
DECEMBER 10 2016......SUNRISE   749 AM EST   SUNSET   523 PM EST
DECEMBER 11 2016......SUNRISE   750 AM EST   SUNSET   523 PM EST


-  INDICATES NEGATIVE NUMBERS.
R  INDICATES RECORD WAS SET OR TIED.
MM INDICATES DATA IS MISSING.
T  INDICATES TRACE AMOUNT.




$$
