000
CDUS43 KLMK 310635
CLISDF

CLIMATE REPORT
NATIONAL WEATHER SERVICE LOUISVILLE KY
233 AM EDT FRI JUL 31 2015

...................................

...THE LOUISVILLE KY CLIMATE SUMMARY FOR JULY 30 2015...

CLIMATE NORMAL PERIOD 1981 TO 2010
CLIMATE RECORD PERIOD 1871 TO 2015


WEATHER ITEM   OBSERVED TIME   RECORD YEAR NORMAL DEPARTURE LAST
                VALUE   (LST)  VALUE       VALUE  FROM      YEAR
                                                  NORMAL
..................................................................
TEMPERATURE (F)
 YESTERDAY
  MAXIMUM         89    307 PM 104    1999  89      0       83
  MINIMUM         72    616 AM  55    1965  70      2       62
  AVERAGE         81                        79      2       73

PRECIPITATION (IN)
  YESTERDAY        0.00          2.54 1998   0.13  -0.13     0.00
  MONTH TO DATE    8.65                      4.09   4.56     3.61
  SINCE JUN 1     15.47                      7.88   7.59     5.26
  SINCE JAN 1     39.59                     27.75  11.84    24.77

SNOWFALL (IN)
  YESTERDAY        0.0          MM      MM   0.0    0.0      0.0
  MONTH TO DATE    0.0                       0.0    0.0      0.0
  SINCE JUN 1      0.0                       0.0    0.0      0.0
  SINCE JUL 1      0.0                       0.0    0.0      0.0
  SNOW DEPTH       0

DEGREE DAYS
 HEATING
  YESTERDAY        0                         0      0        0
  MONTH TO DATE    0                         0      0        0
  SINCE JUN 1      6                         5      1        0
  SINCE JUL 1      0                         0      0        0

 COOLING
  YESTERDAY       16                        14      2        8
  MONTH TO DATE  441                       420     21      331
  SINCE JUN 1    827                       744     83      724
  SINCE JAN 1   1078                       918    160      958
..................................................................


WIND (MPH)
  HIGHEST WIND SPEED    18   HIGHEST WIND DIRECTION     N (350)
  HIGHEST GUST SPEED    26   HIGHEST GUST DIRECTION    NW (320)
  AVERAGE WIND SPEED     8.8


SKY COVER
  POSSIBLE SUNSHINE  MM
  AVERAGE SKY COVER 0.5


WEATHER CONDITIONS
 THE FOLLOWING WEATHER WAS RECORDED YESTERDAY.
  FOG


RELATIVE HUMIDITY (PERCENT)
 HIGHEST    91          1200 AM
 LOWEST     34           100 PM
 AVERAGE    63

..........................................................


THE LOUISVILLE KY CLIMATE NORMALS FOR TODAY
                         NORMAL    RECORD    YEAR
 MAXIMUM TEMPERATURE (F)   89       101      1913
 MINIMUM TEMPERATURE (F)   70        53      1971


SUNRISE AND SUNSET
JULY 31 2015..........SUNRISE   644 AM EDT   SUNSET   854 PM EDT
AUGUST  1 2015........SUNRISE   645 AM EDT   SUNSET   853 PM EDT


-  INDICATES NEGATIVE NUMBERS.
R  INDICATES RECORD WAS SET OR TIED.
MM INDICATES DATA IS MISSING.
T  INDICATES TRACE AMOUNT.

$$
04
