000
CDUS43 KLMK 110628
CLISDF


CLIMATE REPORT
NATIONAL WEATHER SERVICE LOUISVILLE KY
128 AM EST THU FEB 11 2016


...................................

...THE LOUISVILLE KY CLIMATE SUMMARY FOR FEBRUARY 10 2016...

CLIMATE NORMAL PERIOD 1981 TO 2010
CLIMATE RECORD PERIOD 1871 TO 2016


WEATHER ITEM   OBSERVED TIME   RECORD YEAR NORMAL DEPARTURE LAST
                VALUE   (LST)  VALUE       VALUE  FROM      YEAR
                                                  NORMAL
..................................................................
TEMPERATURE (F)
 YESTERDAY
  MAXIMUM         24    306 PM  78    1932  46    -22       43
                                      1887
  MINIMUM         16    909 AM -10    1899  29    -13       29
  AVERAGE         20                        38    -18       36

PRECIPITATION (IN)
  YESTERDAY        0.02          1.68 1966   0.11  -0.09     0.00
  MONTH TO DATE    1.86                      1.14   0.72     0.48
  SINCE DEC 1      9.45                      8.21   1.24     4.92
  SINCE JAN 1      2.87                      4.38  -1.51     1.35

SNOWFALL (IN)
  YESTERDAY        0.7           5.3  1964   0.2    0.5      0.0
  MONTH TO DATE    3.2                       1.8    1.4      0.3
  SINCE DEC 1     11.4                       8.1    3.3      1.4
  SINCE JUL 1     11.4                       8.3    3.1      5.1
  SNOW DEPTH       2

DEGREE DAYS
 HEATING
  YESTERDAY       45                        27     18       29
  MONTH TO DATE  257                       283    -26      263
  SINCE DEC 1   1649                      2057   -408     1959
  SINCE JUL 1   2173                      2792   -619     2845

 COOLING
  YESTERDAY        0                         0      0        0
  MONTH TO DATE    0                         0      0        0
  SINCE DEC 1      3                         1      2        0
  SINCE JAN 1      0                         0      0        0
..................................................................


WIND (MPH)
  HIGHEST WIND SPEED    22   HIGHEST WIND DIRECTION     W (270)
  HIGHEST GUST SPEED    27   HIGHEST GUST DIRECTION     W (270)
  AVERAGE WIND SPEED    12.3


SKY COVER
  POSSIBLE SUNSHINE  MM
  AVERAGE SKY COVER 0.8


WEATHER CONDITIONS
 THE FOLLOWING WEATHER WAS RECORDED YESTERDAY.
  LIGHT SNOW
  HAZE


RELATIVE HUMIDITY (PERCENT)
 HIGHEST    80           500 AM
 LOWEST     50           400 PM
 AVERAGE    65

..........................................................


THE LOUISVILLE KY CLIMATE NORMALS FOR TODAY
                         NORMAL    RECORD    YEAR
 MAXIMUM TEMPERATURE (F)   47        74      1999
 MINIMUM TEMPERATURE (F)   29        -1      1885


SUNRISE AND SUNSET
FEBRUARY 11 2016......SUNRISE   738 AM EST   SUNSET   616 PM EST
FEBRUARY 12 2016......SUNRISE   737 AM EST   SUNSET   618 PM EST


-  INDICATES NEGATIVE NUMBERS.
R  INDICATES RECORD WAS SET OR TIED.
MM INDICATES DATA IS MISSING.
T  INDICATES TRACE AMOUNT.




$$
