000
CDUS43 KLMK 262032
CLISDF


CLIMATE REPORT
NATIONAL WEATHER SERVICE LOUISVILLE KY
430 PM EDT THU MAY 26 2016


...................................

...THE LOUISVILLE KY CLIMATE SUMMARY FOR MAY 26 2016...
VALID TODAY AS OF 0400 PM LOCAL TIME.

CLIMATE NORMAL PERIOD 1981 TO 2010
CLIMATE RECORD PERIOD 1871 TO 2016


WEATHER ITEM   OBSERVED TIME   RECORD YEAR NORMAL DEPARTURE LAST
                VALUE   (LST)  VALUE       VALUE  FROM      YEAR
                                                  NORMAL
..................................................................
TEMPERATURE (F)
 TODAY
  MAXIMUM         82   1246 PM  96    1911  80      2       84
  MINIMUM         67    139 PM  40    1979  60      7       66
                                      1925
  AVERAGE         75                        70      5       75

PRECIPITATION (IN)
  TODAY            0.47          4.00 1996   0.16   0.31     0.16
  MONTH TO DATE    4.55                      4.46   0.09     2.03
  SINCE MAR 1     13.23                     12.64   0.59    20.67
  SINCE JAN 1     19.05                     19.06  -0.01    23.77

SNOWFALL (IN)
  TODAY            0.0          MM      MM   0.0    0.0      0.0
  MONTH TO DATE    0.0                       0.0    0.0      0.0
  SINCE MAR 1      0.5                       1.5   -1.0     11.9
  SINCE JUL 1     14.9                      12.5    2.4     27.6
  SNOW DEPTH       0

DEGREE DAYS
 HEATING
  TODAY            0                         1     -1        0
  MONTH TO DATE   91                        63     28       24
  SINCE MAR 1    630                       847   -217      767
  SINCE JUL 1   3252                      4088   -836     4387

 COOLING
  TODAY           10                         6      4       10
  MONTH TO DATE   68                        97    -29      162
  SINCE MAR 1    131                       140     -9      204
  SINCE JAN 1    131                       140     -9      204
..................................................................


WIND (MPH)
  HIGHEST WIND SPEED    35   HIGHEST WIND DIRECTION    NW (300)
  HIGHEST GUST SPEED    42   HIGHEST GUST DIRECTION     W (290)
  AVERAGE WIND SPEED     9.3


SKY COVER
  POSSIBLE SUNSHINE  MM
  AVERAGE SKY COVER 0.9


WEATHER CONDITIONS
 THE FOLLOWING WEATHER WAS RECORDED TODAY.
  THUNDERSTORM
  HEAVY RAIN
  RAIN
  LIGHT RAIN
  FOG


RELATIVE HUMIDITY (PERCENT)
 HIGHEST    81           600 AM
 LOWEST     62          1100 AM
 AVERAGE    72

..........................................................


THE LOUISVILLE KY CLIMATE NORMALS FOR TOMORROW
                         NORMAL    RECORD    YEAR
 MAXIMUM TEMPERATURE (F)   80        96      1911
 MINIMUM TEMPERATURE (F)   60        36      1961


SUNRISE AND SUNSET
MAY 26 2016...........SUNRISE   624 AM EDT   SUNSET   856 PM EDT
MAY 27 2016...........SUNRISE   624 AM EDT   SUNSET   857 PM EDT


-  INDICATES NEGATIVE NUMBERS.
R  INDICATES RECORD WAS SET OR TIED.
MM INDICATES DATA IS MISSING.
T  INDICATES TRACE AMOUNT.




$$
