000
CDUS43 KLMK 012135
CLISDF


CLIMATE REPORT
NATIONAL WEATHER SERVICE LOUISVILLE KY
433 PM EST SUN MAR 1 2015


...................................

...THE LOUISVILLE KY CLIMATE SUMMARY FOR MARCH 1 2015...
VALID TODAY AS OF 0400 PM LOCAL TIME.

CLIMATE NORMAL PERIOD 1981 TO 2010
CLIMATE RECORD PERIOD 1871 TO 2015


WEATHER ITEM   OBSERVED TIME   RECORD YEAR NORMAL DEPARTURE LAST
                VALUE   (LST)  VALUE       VALUE  FROM      YEAR
                                                  NORMAL
..................................................................
TEMPERATURE (F)
 TODAY
  MAXIMUM         42    306 PM  77    1976  52    -10       57
  MINIMUM         30    308 AM   9    1980  33     -3       36
  AVERAGE         36                        43     -7       47

PRECIPITATION (IN)
  TODAY            0.06         10.48 1997   0.12  -0.06      T
  MONTH TO DATE    0.06                      0.12  -0.06      T
  SINCE MAR 1      0.06                      0.12  -0.06      T
  SINCE JAN 1      3.16                      6.54  -3.38     6.16

SNOWFALL (IN)
  TODAY            T             3.9  1980   0.1   -0.1      0.0
  MONTH TO DATE    T                         0.1   -0.1      0.0
  SINCE MAR 1      T                         0.1   -0.1      0.0
  SINCE JUL 1     15.7                      11.1    4.6     21.8
  SNOW DEPTH       T

DEGREE DAYS
 HEATING
  TODAY           29                        22      7       18
  MONTH TO DATE   29                        22      7       18
  SINCE MAR 1     29                        22      7       18
  SINCE JUL 1   3649                      3263    386     3672

 COOLING
  TODAY            0                         0      0        0
  MONTH TO DATE    0                         0      0        0
  SINCE MAR 1      0                         0      0        0
  SINCE JAN 1      0                         0      0        0
..................................................................


WIND (MPH)
  HIGHEST WIND SPEED    13   HIGHEST WIND DIRECTION     N (350)
  HIGHEST GUST SPEED    14   HIGHEST GUST DIRECTION     N (350)
  AVERAGE WIND SPEED     6.1


SKY COVER
  POSSIBLE SUNSHINE  MM
  AVERAGE SKY COVER 1.0


WEATHER CONDITIONS
 THE FOLLOWING WEATHER WAS RECORDED TODAY.
  LIGHT RAIN
  LT FREEZING RAIN
  LIGHT SNOW
  SLEET
  FOG


RELATIVE HUMIDITY (PERCENT)
 HIGHEST    92          1200 PM
 LOWEST     56          1200 AM
 AVERAGE    74

..........................................................


THE LOUISVILLE KY CLIMATE NORMALS FOR TOMORROW
                         NORMAL    RECORD    YEAR
 MAXIMUM TEMPERATURE (F)   53        79      1887
 MINIMUM TEMPERATURE (F)   34         3      1980


SUNRISE AND SUNSET
MARCH  1 2015.........SUNRISE   715 AM EST   SUNSET   636 PM EST
MARCH  2 2015.........SUNRISE   714 AM EST   SUNSET   637 PM EST


-  INDICATES NEGATIVE NUMBERS.
R  INDICATES RECORD WAS SET OR TIED.
MM INDICATES DATA IS MISSING.
T  INDICATES TRACE AMOUNT.




$$
