000
CDUS43 KLMK 220632
CLISDF


CLIMATE REPORT
NATIONAL WEATHER SERVICE LOUISVILLE KY
230 AM EDT FRI SEP 22 2017


...................................

...THE LOUISVILLE KY CLIMATE SUMMARY FOR SEPTEMBER 21 2017...

CLIMATE NORMAL PERIOD 1981 TO 2010
CLIMATE RECORD PERIOD 1871 TO 2017


WEATHER ITEM   OBSERVED TIME   RECORD YEAR NORMAL DEPARTURE LAST
                VALUE   (LST)  VALUE       VALUE  FROM      YEAR
                                                  NORMAL
..................................................................
TEMPERATURE (F)
 YESTERDAY
  MAXIMUM         93    445 PM  98    2010  79     14       92
  MINIMUM         70    605 AM  42    1962  58     12       65
                                      1897
  AVERAGE         82                        69     13       79

PRECIPITATION (IN)
  YESTERDAY        0.00          4.30 1979   0.10  -0.10     0.00
  MONTH TO DATE    5.47                      2.08   3.39     0.68
  SINCE SEP 1      5.47                      2.08   3.39     0.68
  SINCE JAN 1     34.88                     33.30   1.58    34.35

SNOWFALL (IN)
  YESTERDAY        0.0          MM      MM   0.0    0.0      0.0
  MONTH TO DATE    0.0                       0.0    0.0      0.0
  SINCE SEP 1      0.0                       0.0    0.0      0.0
  SINCE JUL 1      0.0                       0.0    0.0      0.0
  SNOW DEPTH       0

DEGREE DAYS
 HEATING
  YESTERDAY        0                         1     -1        0
  MONTH TO DATE   12                         7      5        0
  SINCE SEP 1     12                         7      5        0
  SINCE JUL 1     12                         7      5        0

 COOLING
  YESTERDAY       17                         5     12       14
  MONTH TO DATE  113                       174    -61      271
  SINCE SEP 1    113                       174    -61      271
  SINCE JAN 1   1607                      1531     76     1879
..................................................................


WIND (MPH)
  HIGHEST WIND SPEED     7   HIGHEST WIND DIRECTION    SE (120)
  HIGHEST GUST SPEED     9   HIGHEST GUST DIRECTION    SE (120)
  AVERAGE WIND SPEED     2.6


SKY COVER
  POSSIBLE SUNSHINE  MM
  AVERAGE SKY COVER 0.2


WEATHER CONDITIONS
 THE FOLLOWING WEATHER WAS RECORDED YESTERDAY.
  FOG
  HAZE


RELATIVE HUMIDITY (PERCENT)
 HIGHEST    93           500 AM
 LOWEST     47           200 PM
 AVERAGE    70

..........................................................


THE LOUISVILLE KY CLIMATE NORMALS FOR TODAY
                         NORMAL    RECORD    YEAR
 MAXIMUM TEMPERATURE (F)   79        99      2010
 MINIMUM TEMPERATURE (F)   58        40      1983


SUNRISE AND SUNSET
SEPTEMBER 22 2017.....SUNRISE   731 AM EDT   SUNSET   739 PM EDT
SEPTEMBER 23 2017.....SUNRISE   732 AM EDT   SUNSET   738 PM EDT


-  INDICATES NEGATIVE NUMBERS.
R  INDICATES RECORD WAS SET OR TIED.
MM INDICATES DATA IS MISSING.
T  INDICATES TRACE AMOUNT.

$$

SCHOETTMER
