000
CDUS43 KLMK 250631
CLISDF


CLIMATE REPORT
NATIONAL WEATHER SERVICE LOUISVILLE KY
231 AM EDT SAT MAR 25 2017


...................................

...THE LOUISVILLE KY CLIMATE SUMMARY FOR MARCH 24 2017...

CLIMATE NORMAL PERIOD 1981 TO 2010
CLIMATE RECORD PERIOD 1871 TO 2017


WEATHER ITEM   OBSERVED TIME   RECORD YEAR NORMAL DEPARTURE LAST
                VALUE   (LST)  VALUE       VALUE  FROM      YEAR
                                                  NORMAL
..................................................................
TEMPERATURE (F)
 YESTERDAY
  MAXIMUM         80    204 PM  88    1929  61     19       70
                                      1910
  MINIMUM         58    738 AM  17    1896  40     18       49
  AVERAGE         69                        50     19       60

PRECIPITATION (IN)
  YESTERDAY        0.00          1.00 1921   0.14  -0.14     0.54
  MONTH TO DATE    2.54                      3.18  -0.64     3.46
  SINCE MAR 1      2.54                      3.18  -0.64     3.46
  SINCE JAN 1      8.81                      9.60  -0.79     9.28

SNOWFALL (IN)
  YESTERDAY        0.0           2.5  1990   0.0    0.0      0.0
  MONTH TO DATE    T                         1.2   -1.2      0.5
  SINCE MAR 1      T                         1.2   -1.2      0.5
  SINCE JUL 1      2.7                      12.2   -9.5     14.9
  SNOW DEPTH       0

DEGREE DAYS
 HEATING
  YESTERDAY        0                        15    -15        5
  MONTH TO DATE  438                       444     -6      271
  SINCE MAR 1    438                       444     -6      271
  SINCE JUL 1   2903                      3685   -782     2893

 COOLING
  YESTERDAY        4                         0      4        0
  MONTH TO DATE    4                         0      4        6
  SINCE MAR 1      4                         0      4        6
  SINCE JAN 1      9                         0      9        6
..................................................................


WIND (MPH)
  HIGHEST WIND SPEED    25   HIGHEST WIND DIRECTION     S (180)
  HIGHEST GUST SPEED    34   HIGHEST GUST DIRECTION     S (180)
  AVERAGE WIND SPEED    14.6


SKY COVER
  POSSIBLE SUNSHINE  MM
  AVERAGE SKY COVER 0.5


WEATHER CONDITIONS
 THE FOLLOWING WEATHER WAS RECORDED YESTERDAY.
  NO SIGNIFICANT WEATHER WAS OBSERVED.


RELATIVE HUMIDITY (PERCENT)
 HIGHEST    55           700 AM
 LOWEST     37           200 PM
 AVERAGE    46

..........................................................


THE LOUISVILLE KY CLIMATE NORMALS FOR TODAY
                         NORMAL    RECORD    YEAR
 MAXIMUM TEMPERATURE (F)   61        88      1929
 MINIMUM TEMPERATURE (F)   41        18      1974
                                             1940


SUNRISE AND SUNSET
MARCH 25 2017.........SUNRISE   738 AM EDT   SUNSET   800 PM EDT
MARCH 26 2017.........SUNRISE   737 AM EDT   SUNSET   801 PM EDT


-  INDICATES NEGATIVE NUMBERS.
R  INDICATES RECORD WAS SET OR TIED.
MM INDICATES DATA IS MISSING.
T  INDICATES TRACE AMOUNT.




$$
