000
CDUS43 KLMK 080646
CLISDF


CLIMATE REPORT
NATIONAL WEATHER SERVICE LOUISVILLE KY
146 AM EST MON FEB 8 2016


...................................

...THE LOUISVILLE KY CLIMATE SUMMARY FOR FEBRUARY 7 2016...

CLIMATE NORMAL PERIOD 1981 TO 2010
CLIMATE RECORD PERIOD 1871 TO 2016


WEATHER ITEM   OBSERVED TIME   RECORD YEAR NORMAL DEPARTURE LAST
                VALUE   (LST)  VALUE       VALUE  FROM      YEAR
                                                  NORMAL
..................................................................
TEMPERATURE (F)
 YESTERDAY
  MAXIMUM         56    412 PM  69    1925  46     10       64
  MINIMUM         31    631 AM  -1    1906  28      3       34
  AVERAGE         44                        37      7       49

PRECIPITATION (IN)
  YESTERDAY        0.00          1.09 1890   0.11  -0.11     0.00
  MONTH TO DATE    1.58                      0.81   0.77     0.47
  SINCE DEC 1      9.17                      7.88   1.29     4.91
  SINCE JAN 1      2.59                      4.05  -1.46     1.34

SNOWFALL (IN)
  YESTERDAY        0.0           3.1  1979   0.2   -0.2      0.0
  MONTH TO DATE    T                         1.3   -1.3      0.3
  SINCE DEC 1      8.2                       7.6    0.6      1.4
  SINCE JUL 1      8.2                       7.8    0.4      5.1
  SNOW DEPTH       0

DEGREE DAYS
 HEATING
  YESTERDAY       21                        28     -7       16
  MONTH TO DATE  141                       200    -59      201
  SINCE DEC 1   1533                      1974   -441     1897
  SINCE JUL 1   2057                      2709   -652     2783

 COOLING
  YESTERDAY        0                         0      0        0
  MONTH TO DATE    0                         0      0        0
  SINCE DEC 1      3                         1      2        0
  SINCE JAN 1      0                         0      0        0
..................................................................


WIND (MPH)
  HIGHEST WIND SPEED    22   HIGHEST WIND DIRECTION    SW (230)
  HIGHEST GUST SPEED    27   HIGHEST GUST DIRECTION    SW (220)
  AVERAGE WIND SPEED     8.7


SKY COVER
  POSSIBLE SUNSHINE  MM
  AVERAGE SKY COVER 0.5


WEATHER CONDITIONS
 THE FOLLOWING WEATHER WAS RECORDED YESTERDAY.
  NO SIGNIFICANT WEATHER WAS OBSERVED.


RELATIVE HUMIDITY (PERCENT)
 HIGHEST    69           200 AM
 LOWEST     24           200 PM
 AVERAGE    47

..........................................................


THE LOUISVILLE KY CLIMATE NORMALS FOR TODAY
                         NORMAL    RECORD    YEAR
 MAXIMUM TEMPERATURE (F)   46        73      1937
 MINIMUM TEMPERATURE (F)   28       -10      1895


SUNRISE AND SUNSET
FEBRUARY  8 2016......SUNRISE   741 AM EST   SUNSET   613 PM EST
FEBRUARY  9 2016......SUNRISE   740 AM EST   SUNSET   614 PM EST


-  INDICATES NEGATIVE NUMBERS.
R  INDICATES RECORD WAS SET OR TIED.
MM INDICATES DATA IS MISSING.
T  INDICATES TRACE AMOUNT.




$$
