000
CDUS43 KLMK 040631
CLISDF


CLIMATE REPORT
NATIONAL WEATHER SERVICE LOUISVILLE KY
130 AM EST WED MAR 4 2015


...................................

...THE LOUISVILLE KY CLIMATE SUMMARY FOR MARCH 3 2015...

CLIMATE NORMAL PERIOD 1981 TO 2010
CLIMATE RECORD PERIOD 1871 TO 2015


WEATHER ITEM   OBSERVED TIME   RECORD YEAR NORMAL DEPARTURE LAST
                VALUE   (LST)  VALUE       VALUE  FROM      YEAR
                                                  NORMAL
..................................................................
TEMPERATURE (F)
 YESTERDAY
  MAXIMUM         63    612 PM  80    1992  53     10       25
  MINIMUM         31    131 AM   1    1980  34     -3       16
  AVERAGE         47                        44      3       21

PRECIPITATION (IN)
  YESTERDAY        0.48          1.87 1953   0.11   0.37     0.17
  MONTH TO DATE    0.54                      0.35   0.19     0.94
  SINCE MAR 1      0.54                      0.35   0.19     0.94
  SINCE JAN 1      3.64                      6.77  -3.13     7.10

SNOWFALL (IN)
  YESTERDAY        0.0           3.5  1971   0.0    0.0      0.7
  MONTH TO DATE    T                         0.2   -0.2      3.0
  SINCE MAR 1      T                         0.2   -0.2      3.0
  SINCE JUL 1     15.7                      11.2    4.5     24.8
  SNOW DEPTH       T

DEGREE DAYS
 HEATING
  YESTERDAY       18                        22     -4       44
  MONTH TO DATE   79                        66     13       92
  SINCE MAR 1     79                        66     13       92
  SINCE JUL 1   3699                      3307    392     3746

 COOLING
  YESTERDAY        0                         0      0        0
  MONTH TO DATE    0                         0      0        0
  SINCE MAR 1      0                         0      0        0
  SINCE JAN 1      0                         0      0        0
..................................................................


WIND (MPH)
  HIGHEST WIND SPEED    24   HIGHEST WIND DIRECTION    SW (220)
  HIGHEST GUST SPEED    34   HIGHEST GUST DIRECTION    SW (220)
  AVERAGE WIND SPEED    10.4


SKY COVER
  POSSIBLE SUNSHINE  MM
  AVERAGE SKY COVER 1.0


WEATHER CONDITIONS
 THE FOLLOWING WEATHER WAS RECORDED YESTERDAY.
  HEAVY RAIN
  RAIN
  LIGHT RAIN
  FOG
  HAZE


RELATIVE HUMIDITY (PERCENT)
 HIGHEST    93           800 PM
 LOWEST     54           100 AM
 AVERAGE    74

..........................................................


THE LOUISVILLE KY CLIMATE NORMALS FOR TODAY
                         NORMAL    RECORD    YEAR
 MAXIMUM TEMPERATURE (F)   53        84      1976
 MINIMUM TEMPERATURE (F)   34         3      1873


SUNRISE AND SUNSET
MARCH  4 2015.........SUNRISE   711 AM EST   SUNSET   639 PM EST
MARCH  5 2015.........SUNRISE   709 AM EST   SUNSET   640 PM EST


-  INDICATES NEGATIVE NUMBERS.
R  INDICATES RECORD WAS SET OR TIED.
MM INDICATES DATA IS MISSING.
T  INDICATES TRACE AMOUNT.




$$
