000
CDUS43 KLMK 130628
CLISDF


CLIMATE REPORT
NATIONAL WEATHER SERVICE LOUISVILLE KY
128 AM EST MON NOV 13 2017


...................................

...THE LOUISVILLE KY CLIMATE SUMMARY FOR NOVEMBER 12 2017...

CLIMATE NORMAL PERIOD 1981 TO 2010
CLIMATE RECORD PERIOD 1871 TO 2017


WEATHER ITEM   OBSERVED TIME   RECORD YEAR NORMAL DEPARTURE LAST
                VALUE   (LST)  VALUE       VALUE  FROM      YEAR
                                                  NORMAL
..................................................................
TEMPERATURE (F)
 YESTERDAY
  MAXIMUM         55    119 PM  78    1879  60     -5       56
  MINIMUM         41    612 AM  17    1995  41      0       37
                                      1894
  AVERAGE         48                        50     -2       47

PRECIPITATION (IN)
  YESTERDAY        0.07          1.78 2003   0.11  -0.04     0.00
  MONTH TO DATE    1.52                      1.30   0.22     0.24
  SINCE SEP 1     11.88                      7.57   4.31     3.17
  SINCE JAN 1     41.29                     38.79   2.50    36.84

SNOWFALL (IN)
  YESTERDAY        0.0           T    1991   0.0    0.0      0.0
  MONTH TO DATE    0.0                       0.0    0.0      0.0
  SINCE SEP 1      T                         0.1   -0.1      0.0
  SINCE JUL 1      T                         0.1   -0.1      0.0
  SNOW DEPTH       0

DEGREE DAYS
 HEATING
  YESTERDAY       17                        15      2       18
  MONTH TO DATE  140                       154    -14       94
  SINCE SEP 1    335                       396    -61      179
  SINCE JUL 1    335                       396    -61      179

 COOLING
  YESTERDAY        0                         0      0        0
  MONTH TO DATE    8                         0      8       17
  SINCE SEP 1    295                       252     43      472
  SINCE JAN 1   1789                      1609    180     2080
..................................................................


WIND (MPH)
  HIGHEST WIND SPEED    17   HIGHEST WIND DIRECTION    NW (300)
  HIGHEST GUST SPEED    21   HIGHEST GUST DIRECTION    NW (330)
  AVERAGE WIND SPEED     6.2


SKY COVER
  POSSIBLE SUNSHINE  MM
  AVERAGE SKY COVER 1.0


WEATHER CONDITIONS
 THE FOLLOWING WEATHER WAS RECORDED YESTERDAY.
  LIGHT RAIN
  FOG


RELATIVE HUMIDITY (PERCENT)
 HIGHEST    96           500 PM
 LOWEST     67          1200 AM
 AVERAGE    82

..........................................................


THE LOUISVILLE KY CLIMATE NORMALS FOR TODAY
                         NORMAL    RECORD    YEAR
 MAXIMUM TEMPERATURE (F)   59        80      1955
 MINIMUM TEMPERATURE (F)   41        16      1986


SUNRISE AND SUNSET
NOVEMBER 13 2017......SUNRISE   722 AM EST   SUNSET   532 PM EST
NOVEMBER 14 2017......SUNRISE   723 AM EST   SUNSET   531 PM EST


-  INDICATES NEGATIVE NUMBERS.
R  INDICATES RECORD WAS SET OR TIED.
MM INDICATES DATA IS MISSING.
T  INDICATES TRACE AMOUNT.




$$
