581
CDUS43 KLMK 172030
CLISDF

CLIMATE REPORT
NATIONAL WEATHER SERVICE LOUISVILLE KY
428 PM EDT SUN MAY 17 2015


...................................

...THE LOUISVILLE KY CLIMATE SUMMARY FOR MAY 17 2015...
VALID TODAY AS OF 0400 PM LOCAL TIME.

CLIMATE NORMAL PERIOD 1981 TO 2010
CLIMATE RECORD PERIOD 1871 TO 2015


WEATHER ITEM   OBSERVED TIME   RECORD YEAR NORMAL DEPARTURE LAST
                VALUE   (LST)  VALUE       VALUE  FROM      YEAR
                                                  NORMAL
..................................................................
TEMPERATURE (F)
 TODAY
  MAXIMUM         83    136 PM  91    1962  77      6       63
                                      1911
  MINIMUM         68    404 AM  40    1895  57     11       43
  AVERAGE         76                        67      9       53

PRECIPITATION (IN)
  TODAY            0.15          2.77 1928   0.16  -0.01     0.00
  MONTH TO DATE    1.50                      3.00  -1.50     2.87
  SINCE MAR 1     20.14                     11.18   8.96    12.18
  SINCE JAN 1     23.24                     17.60   5.64    18.34

SNOWFALL (IN)
  TODAY            0.0          MM      MM   0.0    0.0      0.0
  MONTH TO DATE    0.0                       0.0    0.0      0.0
  SINCE MAR 1     11.9                       1.5   10.4      4.2
  SINCE JUL 1     27.6                      12.5   15.1     26.0
  SNOW DEPTH       0

DEGREE DAYS
 HEATING
  TODAY            0                         2     -2       12
  MONTH TO DATE    9                        50    -41       57
  SINCE MAR 1    752                       834    -82      881
  SINCE JUL 1   4372                      4075    297     4535

 COOLING
  TODAY           11                         4      7        0
  MONTH TO DATE  121                        50     71       85
  SINCE MAR 1    163                        93     70      116
  SINCE JAN 1    163                        93     70      116
..................................................................


WIND (MPH)
  HIGHEST WIND SPEED    22   HIGHEST WIND DIRECTION     S (190)
  HIGHEST GUST SPEED    30   HIGHEST GUST DIRECTION     S (190)
  AVERAGE WIND SPEED     8.6


SKY COVER
  POSSIBLE SUNSHINE  MM
  AVERAGE SKY COVER 0.8


WEATHER CONDITIONS
 THE FOLLOWING WEATHER WAS RECORDED TODAY.
  THUNDERSTORM
  HEAVY RAIN
  LIGHT RAIN
  FOG
  HAZE


RELATIVE HUMIDITY (PERCENT)
 HIGHEST    90          1200 AM
 LOWEST     67          1100 AM
 AVERAGE    79

..........................................................


THE LOUISVILLE KY CLIMATE NORMALS FOR TOMORROW
                         NORMAL    RECORD    YEAR
 MAXIMUM TEMPERATURE (F)   78        93      1911
 MINIMUM TEMPERATURE (F)   58        40      2002
                                             1895


SUNRISE AND SUNSET
MAY 17 2015...........SUNRISE   631 AM EDT   SUNSET   848 PM EDT
MAY 18 2015...........SUNRISE   630 AM EDT   SUNSET   849 PM EDT


-  INDICATES NEGATIVE NUMBERS.
R  INDICATES RECORD WAS SET OR TIED.
MM INDICATES DATA IS MISSING.
T  INDICATES TRACE AMOUNT.




$$
