000
CDUS43 KLMK 120628
CLISDF


CLIMATE REPORT
NATIONAL WEATHER SERVICE LOUISVILLE KY
127 AM EST FRI FEB 12 2016


...................................

...THE LOUISVILLE KY CLIMATE SUMMARY FOR FEBRUARY 11 2016...

CLIMATE NORMAL PERIOD 1981 TO 2010
CLIMATE RECORD PERIOD 1871 TO 2016


WEATHER ITEM   OBSERVED TIME   RECORD YEAR NORMAL DEPARTURE LAST
                VALUE   (LST)  VALUE       VALUE  FROM      YEAR
                                                  NORMAL
..................................................................
TEMPERATURE (F)
 YESTERDAY
  MAXIMUM         34    451 PM  74    1999  47    -13       51
  MINIMUM         19    155 AM  -1    1885  29    -10       26
  AVERAGE         27                        38    -11       39

PRECIPITATION (IN)
  YESTERDAY        0.00          1.41 1965   0.11  -0.11     0.00
  MONTH TO DATE    1.86                      1.25   0.61     0.48
  SINCE DEC 1      9.45                      8.32   1.13     4.92
  SINCE JAN 1      2.87                      4.49  -1.62     1.35

SNOWFALL (IN)
  YESTERDAY        0.0           5.6  1910   0.2   -0.2      0.0
  MONTH TO DATE    3.2                       2.0    1.2      0.3
  SINCE DEC 1     11.4                       8.3    3.1      1.4
  SINCE JUL 1     11.4                       8.5    2.9      5.1
  SNOW DEPTH       T

DEGREE DAYS
 HEATING
  YESTERDAY       38                        27     11       26
  MONTH TO DATE  295                       310    -15      289
  SINCE DEC 1   1687                      2084   -397     1985
  SINCE JUL 1   2211                      2819   -608     2871

 COOLING
  YESTERDAY        0                         0      0        0
  MONTH TO DATE    0                         0      0        0
  SINCE DEC 1      3                         1      2        0
  SINCE JAN 1      0                         0      0        0
..................................................................


WIND (MPH)
  HIGHEST WIND SPEED     9   HIGHEST WIND DIRECTION    NE (30)
  HIGHEST GUST SPEED    12   HIGHEST GUST DIRECTION     N (360)
  AVERAGE WIND SPEED     4.9


SKY COVER
  POSSIBLE SUNSHINE  MM
  AVERAGE SKY COVER 0.6


WEATHER CONDITIONS
 THE FOLLOWING WEATHER WAS RECORDED YESTERDAY.
  NO SIGNIFICANT WEATHER WAS OBSERVED.


RELATIVE HUMIDITY (PERCENT)
 HIGHEST    73           200 AM
 LOWEST     28           500 PM
 AVERAGE    51

..........................................................


THE LOUISVILLE KY CLIMATE NORMALS FOR TODAY
                         NORMAL    RECORD    YEAR
 MAXIMUM TEMPERATURE (F)   47        73      1984
                                             1938
 MINIMUM TEMPERATURE (F)   29        -7      1899


SUNRISE AND SUNSET
FEBRUARY 12 2016......SUNRISE   737 AM EST   SUNSET   618 PM EST
FEBRUARY 13 2016......SUNRISE   736 AM EST   SUNSET   619 PM EST


-  INDICATES NEGATIVE NUMBERS.
R  INDICATES RECORD WAS SET OR TIED.
MM INDICATES DATA IS MISSING.
T  INDICATES TRACE AMOUNT.




$$
