562
CDUS43 KLMK 250631
CLISDF


CLIMATE REPORT
NATIONAL WEATHER SERVICE LOUISVILLE KY
231 AM EDT TUE JUL 25 2017


...................................

...THE LOUISVILLE KY CLIMATE SUMMARY FOR JULY 24 2017...

CLIMATE NORMAL PERIOD 1981 TO 2010
CLIMATE RECORD PERIOD 1871 TO 2017


WEATHER ITEM   OBSERVED TIME   RECORD YEAR NORMAL DEPARTURE LAST
                VALUE   (LST)  VALUE       VALUE  FROM      YEAR
                                                  NORMAL
..................................................................
TEMPERATURE (F)
 YESTERDAY
  MAXIMUM         92    509 PM 107    1901  89      3       95
  MINIMUM         75    624 AM  54    1947  70      5       78
  AVERAGE         84                        79      5       87

PRECIPITATION (IN)
  YESTERDAY        0.00          2.61 1939   0.15  -0.15     0.00
  MONTH TO DATE    2.72                      3.24  -0.52     3.12
  SINCE JUN 1      5.98                      7.03  -1.05     7.37
  SINCE JAN 1     25.14                     26.90  -1.76    26.43

SNOWFALL (IN)
  YESTERDAY        0.0          MM      MM   0.0    0.0      0.0
  MONTH TO DATE    0.0                       0.0    0.0      0.0
  SINCE JUN 1      0.0                       0.0    0.0      0.0
  SINCE JUL 1      0.0                       0.0    0.0      0.0
  SNOW DEPTH       0

DEGREE DAYS
 HEATING
  YESTERDAY        0                         0      0        0
  MONTH TO DATE    0                         0      0        0
  SINCE JUN 1      0                         5     -5        0
  SINCE JUL 1      0                         0      0        0

 COOLING
  YESTERDAY       19                        14      5       22
  MONTH TO DATE  396                       336     60      376
  SINCE JUN 1    730                       660     70      781
  SINCE JAN 1   1022                       834    188      974
..................................................................


WIND (MPH)
  HIGHEST WIND SPEED    16   HIGHEST WIND DIRECTION     N (20)
  HIGHEST GUST SPEED    21   HIGHEST GUST DIRECTION     N (340)
  AVERAGE WIND SPEED     7.5


SKY COVER
  POSSIBLE SUNSHINE  MM
  AVERAGE SKY COVER 0.5


WEATHER CONDITIONS
 THE FOLLOWING WEATHER WAS RECORDED YESTERDAY.
  FOG


RELATIVE HUMIDITY (PERCENT)
 HIGHEST    88          1200 AM
 LOWEST     44           500 PM
 AVERAGE    66

..........................................................


THE LOUISVILLE KY CLIMATE NORMALS FOR TODAY
                         NORMAL    RECORD    YEAR
 MAXIMUM TEMPERATURE (F)   89       101      1934
 MINIMUM TEMPERATURE (F)   70        55      1911


SUNRISE AND SUNSET
JULY 25 2017..........SUNRISE   640 AM EDT   SUNSET   859 PM EDT
JULY 26 2017..........SUNRISE   641 AM EDT   SUNSET   858 PM EDT


-  INDICATES NEGATIVE NUMBERS.
R  INDICATES RECORD WAS SET OR TIED.
MM INDICATES DATA IS MISSING.
T  INDICATES TRACE AMOUNT.




$$
