000
CDUS43 KLMK 190628
CLISDF


CLIMATE REPORT
NATIONAL WEATHER SERVICE LOUISVILLE KY
228 AM EDT TUE AUG 19 2014


...................................

...THE LOUISVILLE KY CLIMATE SUMMARY FOR AUGUST 18 2014...

CLIMATE NORMAL PERIOD 1981 TO 2010
CLIMATE RECORD PERIOD 1871 TO 2014


WEATHER ITEM   OBSERVED TIME   RECORD YEAR NORMAL DEPARTURE LAST
                VALUE   (LST)  VALUE       VALUE  FROM      YEAR
                                                  NORMAL
..................................................................
TEMPERATURE (F)
 YESTERDAY
  MAXIMUM         83    347 PM  99    1988  89     -6       85
                                      1936
  MINIMUM         72    728 AM  55    1962  69      3       64
                                      1943
                                      1889
  AVERAGE         78                        79     -1       75

PRECIPITATION (IN)
  YESTERDAY        0.04          1.77 1888   0.12  -0.08     0.00
  MONTH TO DATE    3.78                      2.09   1.69     2.19
  SINCE JUN 1      9.04                     10.11  -1.07    11.75
  SINCE JAN 1     28.55                     29.98  -1.43    30.80

SNOWFALL (IN)
  YESTERDAY        0.0          MM      MM   0.0    0.0      0.0
  MONTH TO DATE    0.0                       0.0    0.0      0.0
  SINCE JUN 1      0.0                       0.0    0.0      0.0
  SINCE JUL 1      0.0                       0.0    0.0      0.0
  SNOW DEPTH       0

DEGREE DAYS
 HEATING
  YESTERDAY        0                         0      0        0
  MONTH TO DATE    0                         0      0        0
  SINCE JUN 1      0                         5     -5        0
  SINCE JUL 1      0                         0      0        0

 COOLING
  YESTERDAY       13                        14     -1       10
  MONTH TO DATE  205                       252    -47      192
  SINCE JUN 1    939                      1019    -80      901
  SINCE JAN 1   1173                      1193    -20     1129
..................................................................


WIND (MPH)
  HIGHEST WIND SPEED    12   HIGHEST WIND DIRECTION     W (290)
  HIGHEST GUST SPEED    14   HIGHEST GUST DIRECTION     W (250)
  AVERAGE WIND SPEED     5.4


SKY COVER
  POSSIBLE SUNSHINE  MM
  AVERAGE SKY COVER 0.8


WEATHER CONDITIONS
 THE FOLLOWING WEATHER WAS RECORDED YESTERDAY.
  LIGHT RAIN
  FOG


RELATIVE HUMIDITY (PERCENT)
 HIGHEST   100           600 AM
 LOWEST     65           300 PM
 AVERAGE    83

..........................................................


THE LOUISVILLE KY CLIMATE NORMALS FOR TODAY
                         NORMAL    RECORD    YEAR
 MAXIMUM TEMPERATURE (F)   89       101      1936
 MINIMUM TEMPERATURE (F)   69        55      1953


SUNRISE AND SUNSET
AUGUST 19 2014........SUNRISE   701 AM EDT   SUNSET   831 PM EDT
AUGUST 20 2014........SUNRISE   702 AM EDT   SUNSET   830 PM EDT


-  INDICATES NEGATIVE NUMBERS.
R  INDICATES RECORD WAS SET OR TIED.
MM INDICATES DATA IS MISSING.
T  INDICATES TRACE AMOUNT.




$$
