547
CDUS43 KLMK 202138
CLISDF


CLIMATE REPORT
NATIONAL WEATHER SERVICE LOUISVILLE KY
438 PM EST MON FEB 20 2017


...................................

...THE LOUISVILLE KY CLIMATE SUMMARY FOR FEBRUARY 20 2017...
VALID TODAY AS OF 0400 PM LOCAL TIME.

CLIMATE NORMAL PERIOD 1981 TO 2010
CLIMATE RECORD PERIOD 1871 TO 2017


WEATHER ITEM   OBSERVED TIME   RECORD YEAR NORMAL DEPARTURE LAST
                VALUE   (LST)  VALUE       VALUE  FROM      YEAR
                                                  NORMAL
..................................................................
TEMPERATURE (F)
 TODAY
  MAXIMUM         74    347 PM  76    2016  49     25       76
  MINIMUM         41    824 AM  -6    2015  31     10       47
  AVERAGE         58                        40     18       62

PRECIPITATION (IN)
  TODAY            0.00          2.97 1882   0.11  -0.11     0.00
  MONTH TO DATE    0.71                      2.26  -1.55     2.16
  SINCE DEC 1     10.22                      9.33   0.89     9.75
  SINCE JAN 1      4.92                      5.50  -0.58     3.17

SNOWFALL (IN)
  TODAY            0.0           3.6  1927   0.1   -0.1      0.0
  MONTH TO DATE    T                         3.5   -3.5      6.2
  SINCE DEC 1      2.7                       9.8   -7.1     14.4
  SINCE JUL 1      2.7                      10.0   -7.3     14.4
  SNOW DEPTH       0

DEGREE DAYS
 HEATING
  TODAY            7                        25    -18        3
  MONTH TO DATE  375                       543   -168      549
  SINCE DEC 1   1927                      2317   -390     1941
  SINCE JUL 1   2394                      3052   -658     2465

 COOLING
  TODAY            0                         0      0        0
  MONTH TO DATE    0                         0      0        0
  SINCE DEC 1      1                         1      0        3
  SINCE JAN 1      0                         0      0        0
..................................................................


WIND (MPH)
  HIGHEST WIND SPEED    10   HIGHEST WIND DIRECTION    SE (150)
  HIGHEST GUST SPEED    14   HIGHEST GUST DIRECTION    SE (140)
  AVERAGE WIND SPEED     1.6


SKY COVER
  POSSIBLE SUNSHINE  MM
  AVERAGE SKY COVER 0.9


WEATHER CONDITIONS
 THE FOLLOWING WEATHER WAS RECORDED TODAY.
  FOG
  FOG W/VISIBILITY <= 1/4 MILE
  HAZE


RELATIVE HUMIDITY (PERCENT)
 HIGHEST    96           100 AM
 LOWEST     38           400 PM
 AVERAGE    67

..........................................................


THE LOUISVILLE KY CLIMATE NORMALS FOR TOMORROW
                         NORMAL    RECORD    YEAR
 MAXIMUM TEMPERATURE (F)   50        70      1930
                                             1922
 MINIMUM TEMPERATURE (F)   31         3      1963


SUNRISE AND SUNSET
FEBRUARY 20 2017......SUNRISE   727 AM EST   SUNSET   627 PM EST
FEBRUARY 21 2017......SUNRISE   725 AM EST   SUNSET   628 PM EST


-  INDICATES NEGATIVE NUMBERS.
R  INDICATES RECORD WAS SET OR TIED.
MM INDICATES DATA IS MISSING.
T  INDICATES TRACE AMOUNT.




$$
