000
CDUS43 KLMK 132127
CLISDF


CLIMATE REPORT
NATIONAL WEATHER SERVICE LOUISVILLE KY
427 PM EST TUE FEB 13 2018


...................................

...THE LOUISVILLE KY CLIMATE SUMMARY FOR FEBRUARY 13 2018...
VALID TODAY AS OF 0400 PM LOCAL TIME.

CLIMATE NORMAL PERIOD 1981 TO 2010
CLIMATE RECORD PERIOD 1871 TO 2018


WEATHER ITEM   OBSERVED TIME   RECORD YEAR NORMAL DEPARTURE LAST
                VALUE   (LST)  VALUE       VALUE  FROM      YEAR
                                                  NORMAL
..................................................................
TEMPERATURE (F)
 TODAY
  MAXIMUM         48    359 PM  77    1962  47      1       51
  MINIMUM         28    540 AM -10    1899  29     -1       31
  AVERAGE         38                        38      0       41

PRECIPITATION (IN)
  TODAY            0.00          2.68 1989   0.11  -0.11     0.00
  MONTH TO DATE    1.74                      1.47   0.27     0.62
  SINCE DEC 1      6.23                      8.54  -2.31    10.13
  SINCE JAN 1      3.50                      4.71  -1.21     4.83

SNOWFALL (IN)
  TODAY            0.0           8.8  1940   0.2   -0.2      0.0
  MONTH TO DATE    0.4                       2.4   -2.0       T
  SINCE DEC 1      5.6                       8.7   -3.1      2.7
  SINCE JUL 1      5.6                       8.9   -3.3      2.7
  SNOW DEPTH       0

DEGREE DAYS
 HEATING
  TODAY           27                        27      0       24
  MONTH TO DATE  407                       364     43      277
  SINCE DEC 1   2263                      2138    125     1829
  SINCE JUL 1   2929                      2873     56     2296

 COOLING
  TODAY            0                         0      0        0
  MONTH TO DATE    0                         0      0        0
  SINCE DEC 1      0                         1     -1        1
  SINCE JAN 1      0                         0      0        0
..................................................................


WIND (MPH)
  HIGHEST WIND SPEED    12   HIGHEST WIND DIRECTION     S (170)
  HIGHEST GUST SPEED    16   HIGHEST GUST DIRECTION     S (170)
  AVERAGE WIND SPEED     6.6


SKY COVER
  POSSIBLE SUNSHINE  MM
  AVERAGE SKY COVER 0.4


WEATHER CONDITIONS
 THE FOLLOWING WEATHER WAS RECORDED TODAY.
  NO SIGNIFICANT WEATHER WAS OBSERVED.


RELATIVE HUMIDITY (PERCENT)
 HIGHEST    75           400 AM
 LOWEST     56          1000 AM
 AVERAGE    66

..........................................................


THE LOUISVILLE KY CLIMATE NORMALS FOR TOMORROW
                         NORMAL    RECORD    YEAR
 MAXIMUM TEMPERATURE (F)   47        69      1949
                                             1921
 MINIMUM TEMPERATURE (F)   30         0      1905


SUNRISE AND SUNSET
FEBRUARY 13 2018......SUNRISE   735 AM EST   SUNSET   619 PM EST
FEBRUARY 14 2018......SUNRISE   734 AM EST   SUNSET   620 PM EST


-  INDICATES NEGATIVE NUMBERS.
R  INDICATES RECORD WAS SET OR TIED.
MM INDICATES DATA IS MISSING.
T  INDICATES TRACE AMOUNT.




$$
