000
CDUS43 KLMK 190627
CLISDF


CLIMATE REPORT
NATIONAL WEATHER SERVICE LOUISVILLE KY
127 AM EST SUN NOV 19 2017


...................................

...THE LOUISVILLE KY CLIMATE SUMMARY FOR NOVEMBER 18 2017...

CLIMATE NORMAL PERIOD 1981 TO 2010
CLIMATE RECORD PERIOD 1871 TO 2017


WEATHER ITEM   OBSERVED TIME   RECORD YEAR NORMAL DEPARTURE LAST
                VALUE   (LST)  VALUE       VALUE  FROM      YEAR
                                                  NORMAL
..................................................................
TEMPERATURE (F)
 YESTERDAY
  MAXIMUM         67    418 PM  81    2016  57     10       81
  MINIMUM         42   1122 PM  13    1959  39      3       52
  AVERAGE         55                        48      7       67

PRECIPITATION (IN)
  YESTERDAY        0.18          3.07 1957   0.13   0.05     0.01
  MONTH TO DATE    2.03                      2.04  -0.01     0.25
  SINCE SEP 1     12.39                      8.31   4.08     3.18
  SINCE JAN 1     41.80                     39.53   2.27    36.85

SNOWFALL (IN)
  YESTERDAY        0.0           0.3  1955   0.0    0.0      0.0
  MONTH TO DATE    0.0                       0.0    0.0      0.0
  SINCE SEP 1      T                         0.1   -0.1      0.0
  SINCE JUL 1      T                         0.1   -0.1      0.0
  SNOW DEPTH       0

DEGREE DAYS
 HEATING
  YESTERDAY       10                        17     -7        0
  MONTH TO DATE  247                       251     -4      156
  SINCE SEP 1    442                       493    -51      241
  SINCE JUL 1    442                       493    -51      241

 COOLING
  YESTERDAY        0                         0      0        2
  MONTH TO DATE    8                         0      8       19
  SINCE SEP 1    295                       252     43      474
  SINCE JAN 1   1789                      1609    180     2082
..................................................................


WIND (MPH)
  HIGHEST WIND SPEED    33   HIGHEST WIND DIRECTION     S (200)
  HIGHEST GUST SPEED    50   HIGHEST GUST DIRECTION     S (200)
  AVERAGE WIND SPEED    20.0


SKY COVER
  POSSIBLE SUNSHINE  MM
  AVERAGE SKY COVER 1.0


WEATHER CONDITIONS
 THE FOLLOWING WEATHER WAS RECORDED YESTERDAY.
  HEAVY RAIN
  LIGHT RAIN
  FOG


RELATIVE HUMIDITY (PERCENT)
 HIGHEST    87           500 PM
 LOWEST     40          1200 AM
 AVERAGE    64

..........................................................


THE LOUISVILLE KY CLIMATE NORMALS FOR TODAY
                         NORMAL    RECORD    YEAR
 MAXIMUM TEMPERATURE (F)   56        78      1930
 MINIMUM TEMPERATURE (F)   38        10      1880


SUNRISE AND SUNSET
NOVEMBER 19 2017......SUNRISE   729 AM EST   SUNSET   528 PM EST
NOVEMBER 20 2017......SUNRISE   730 AM EST   SUNSET   527 PM EST


-  INDICATES NEGATIVE NUMBERS.
R  INDICATES RECORD WAS SET OR TIED.
MM INDICATES DATA IS MISSING.
T  INDICATES TRACE AMOUNT.




$$
