420
CDUS43 KLMK 240628
CLISDF


CLIMATE REPORT
NATIONAL WEATHER SERVICE LOUISVILLE KY
228 AM EDT WED MAY 24 2017


...................................

...THE LOUISVILLE KY CLIMATE SUMMARY FOR MAY 23 2017...

CLIMATE NORMAL PERIOD 1981 TO 2010
CLIMATE RECORD PERIOD 1871 TO 2017


WEATHER ITEM   OBSERVED TIME   RECORD YEAR NORMAL DEPARTURE LAST
                VALUE   (LST)  VALUE       VALUE  FROM      YEAR
                                                  NORMAL
..................................................................
TEMPERATURE (F)
 YESTERDAY
  MAXIMUM         78    407 PM  93    1921  79     -1       80
  MINIMUM         57    442 AM  40    1963  59     -2       55
                                      1917
  AVERAGE         68                        69     -1       68

PRECIPITATION (IN)
  YESTERDAY        0.00          3.53 1902   0.16  -0.16     0.00
  MONTH TO DATE    3.95                      3.98  -0.03     4.08
  SINCE MAR 1     12.10                     12.16  -0.06    12.76
  SINCE JAN 1     18.37                     18.58  -0.21    18.58

SNOWFALL (IN)
  YESTERDAY        0.0          MM      MM   0.0    0.0      0.0
  MONTH TO DATE    0.0                       0.0    0.0      0.0
  SINCE MAR 1      T                         1.5   -1.5      0.5
  SINCE JUL 1      2.7                      12.5   -9.8     14.9
  SNOW DEPTH       0

DEGREE DAYS
 HEATING
  YESTERDAY        0                         1     -1        0
  MONTH TO DATE   71                        60     11       91
  SINCE MAR 1    619                       844   -225      630
  SINCE JUL 1   3084                      4085  -1001     3252

 COOLING
  YESTERDAY        3                         5     -2        3
  MONTH TO DATE  117                        79     38       42
  SINCE MAR 1    235                       122    113      105
  SINCE JAN 1    240                       122    118      105
..................................................................


WIND (MPH)
  HIGHEST WIND SPEED    13   HIGHEST WIND DIRECTION     W (290)
  HIGHEST GUST SPEED    16   HIGHEST GUST DIRECTION     S (160)
  AVERAGE WIND SPEED     4.1


SKY COVER
  POSSIBLE SUNSHINE  MM
  AVERAGE SKY COVER 0.9


WEATHER CONDITIONS
 THE FOLLOWING WEATHER WAS RECORDED YESTERDAY.
  NO SIGNIFICANT WEATHER WAS OBSERVED.


RELATIVE HUMIDITY (PERCENT)
 HIGHEST    80           300 AM
 LOWEST     43           100 PM
 AVERAGE    62

..........................................................


THE LOUISVILLE KY CLIMATE NORMALS FOR TODAY
                         NORMAL    RECORD    YEAR
 MAXIMUM TEMPERATURE (F)   79        92      1921
 MINIMUM TEMPERATURE (F)   60        40      1925


SUNRISE AND SUNSET
MAY 24 2017...........SUNRISE   625 AM EDT   SUNSET   855 PM EDT
MAY 25 2017...........SUNRISE   625 AM EDT   SUNSET   855 PM EDT


-  INDICATES NEGATIVE NUMBERS.
R  INDICATES RECORD WAS SET OR TIED.
MM INDICATES DATA IS MISSING.
T  INDICATES TRACE AMOUNT.




$$
