000
CDUS43 KLMK 210629
CLISDF


CLIMATE REPORT
NATIONAL WEATHER SERVICE LOUISVILLE KY
229 AM EDT TUE MAR 21 2017


...................................

...THE LOUISVILLE KY CLIMATE SUMMARY FOR MARCH 20 2017...

CLIMATE NORMAL PERIOD 1981 TO 2010
CLIMATE RECORD PERIOD 1871 TO 2017


WEATHER ITEM   OBSERVED TIME   RECORD YEAR NORMAL DEPARTURE LAST
                VALUE   (LST)  VALUE       VALUE  FROM      YEAR
                                                  NORMAL
..................................................................
TEMPERATURE (F)
 YESTERDAY
  MAXIMUM         74    535 PM  85    2012  59     15       50
                                      1894
  MINIMUM         40    155 AM  12    1885  39      1       38
  AVERAGE         57                        49      8       44

PRECIPITATION (IN)
  YESTERDAY        T             1.64 1998   0.14  -0.14      T
  MONTH TO DATE    2.54                      2.61  -0.07     2.92
  SINCE MAR 1      2.54                      2.61  -0.07     2.92
  SINCE JAN 1      8.81                      9.03  -0.22     8.74

SNOWFALL (IN)
  YESTERDAY        0.0           3.4  1996   0.0    0.0      0.0
  MONTH TO DATE    T                         1.1   -1.1      0.5
  SINCE MAR 1      T                         1.1   -1.1      0.5
  SINCE JUL 1      2.7                      12.1   -9.4     14.9
  SNOW DEPTH       0

DEGREE DAYS
 HEATING
  YESTERDAY        8                        16     -8       21
  MONTH TO DATE  394                       383     11      233
  SINCE MAR 1    394                       383     11      233
  SINCE JUL 1   2859                      3624   -765     2855

 COOLING
  YESTERDAY        0                         0      0        0
  MONTH TO DATE    0                         0      0        6
  SINCE MAR 1      0                         0      0        6
  SINCE JAN 1      5                         0      5        6
..................................................................


WIND (MPH)
  HIGHEST WIND SPEED    23   HIGHEST WIND DIRECTION     S (160)
  HIGHEST GUST SPEED    26   HIGHEST GUST DIRECTION    SE (150)
  AVERAGE WIND SPEED     8.7


SKY COVER
  POSSIBLE SUNSHINE  MM
  AVERAGE SKY COVER 0.8


WEATHER CONDITIONS
 THE FOLLOWING WEATHER WAS RECORDED YESTERDAY.
  NO SIGNIFICANT WEATHER WAS OBSERVED.


RELATIVE HUMIDITY (PERCENT)
 HIGHEST    65           300 AM
 LOWEST     31           400 PM
 AVERAGE    48

..........................................................


THE LOUISVILLE KY CLIMATE NORMALS FOR TODAY
                         NORMAL    RECORD    YEAR
 MAXIMUM TEMPERATURE (F)   60        87      1907
 MINIMUM TEMPERATURE (F)   39        17      1876


SUNRISE AND SUNSET
MARCH 21 2017.........SUNRISE   745 AM EDT   SUNSET   756 PM EDT
MARCH 22 2017.........SUNRISE   743 AM EDT   SUNSET   757 PM EDT


-  INDICATES NEGATIVE NUMBERS.
R  INDICATES RECORD WAS SET OR TIED.
MM INDICATES DATA IS MISSING.
T  INDICATES TRACE AMOUNT.




$$
