000
CDUS43 KLMK 260629
CLISDF


CLIMATE REPORT
NATIONAL WEATHER SERVICE LOUISVILLE KY
229 AM EDT THU MAY 26 2016


...................................

...THE LOUISVILLE KY CLIMATE SUMMARY FOR MAY 25 2016...

CLIMATE NORMAL PERIOD 1981 TO 2010
CLIMATE RECORD PERIOD 1871 TO 2016


WEATHER ITEM   OBSERVED TIME   RECORD YEAR NORMAL DEPARTURE LAST
                VALUE   (LST)  VALUE       VALUE  FROM      YEAR
                                                  NORMAL
..................................................................
TEMPERATURE (F)
 YESTERDAY
  MAXIMUM         84    431 PM  94    1911  79      5       77
  MINIMUM         68    741 AM  35    1925  60      8       67
  AVERAGE         76                        70      6       72

PRECIPITATION (IN)
  YESTERDAY        T             1.52 1927   0.16  -0.16     0.33
  MONTH TO DATE    4.08                      4.30  -0.22     1.87
  SINCE MAR 1     12.76                     12.48   0.28    20.51
  SINCE JAN 1     18.58                     18.90  -0.32    23.61

SNOWFALL (IN)
  YESTERDAY        0.0          MM      MM   0.0    0.0      0.0
  MONTH TO DATE    0.0                       0.0    0.0      0.0
  SINCE MAR 1      0.5                       1.5   -1.0     11.9
  SINCE JUL 1     14.9                      12.5    2.4     27.6
  SNOW DEPTH       0

DEGREE DAYS
 HEATING
  YESTERDAY        0                         1     -1        0
  MONTH TO DATE   91                        62     29       24
  SINCE MAR 1    630                       846   -216      767
  SINCE JUL 1   3252                      4087   -835     4387

 COOLING
  YESTERDAY       11                         6      5        7
  MONTH TO DATE   58                        91    -33      152
  SINCE MAR 1    121                       134    -13      194
  SINCE JAN 1    121                       134    -13      194
..................................................................


WIND (MPH)
  HIGHEST WIND SPEED    21   HIGHEST WIND DIRECTION    SW (210)
  HIGHEST GUST SPEED    26   HIGHEST GUST DIRECTION     S (200)
  AVERAGE WIND SPEED     8.9


SKY COVER
  POSSIBLE SUNSHINE  MM
  AVERAGE SKY COVER 0.9


WEATHER CONDITIONS
 THE FOLLOWING WEATHER WAS RECORDED YESTERDAY.
  LIGHT RAIN


RELATIVE HUMIDITY (PERCENT)
 HIGHEST    68          1000 PM
 LOWEST     51          1200 PM
 AVERAGE    60

..........................................................


THE LOUISVILLE KY CLIMATE NORMALS FOR TODAY
                         NORMAL    RECORD    YEAR
 MAXIMUM TEMPERATURE (F)   80        96      1911
 MINIMUM TEMPERATURE (F)   60        40      1979
                                             1925


SUNRISE AND SUNSET
MAY 26 2016...........SUNRISE   624 AM EDT   SUNSET   856 PM EDT
MAY 27 2016...........SUNRISE   624 AM EDT   SUNSET   857 PM EDT


-  INDICATES NEGATIVE NUMBERS.
R  INDICATES RECORD WAS SET OR TIED.
MM INDICATES DATA IS MISSING.
T  INDICATES TRACE AMOUNT.




$$
