799
CDUS43 KLMK 152129
CLISDF


CLIMATE REPORT
NATIONAL WEATHER SERVICE LOUISVILLE KY
428 PM EST MON JAN 15 2018


...................................

...THE LOUISVILLE KY CLIMATE SUMMARY FOR JANUARY 15 2018...
VALID TODAY AS OF 0400 PM LOCAL TIME.

CLIMATE NORMAL PERIOD 1981 TO 2010
CLIMATE RECORD PERIOD 1871 TO 2018


WEATHER ITEM   OBSERVED TIME   RECORD YEAR NORMAL DEPARTURE LAST
                VALUE   (LST)  VALUE       VALUE  FROM      YEAR
                                                  NORMAL
..................................................................
TEMPERATURE (F)
 TODAY
  MAXIMUM         33   1226 PM  68    1950  43    -10       42
                                      1932
  MINIMUM         18    201 AM -11    1893  27     -9       38
  AVERAGE         26                        35     -9       40

PRECIPITATION (IN)
  TODAY            0.05          2.22 1877   0.10  -0.05     0.13
  MONTH TO DATE    1.08                      1.58  -0.50     2.43
  SINCE DEC 1      3.81                      5.41  -1.60     7.73
  SINCE JAN 1      1.08                      1.58  -0.50     2.43

SNOWFALL (IN)
  TODAY            0.7           2.8  1945   0.1    0.6      0.0
  MONTH TO DATE    2.1                       1.6    0.5      2.3
  SINCE DEC 1      2.3                       4.2   -1.9      2.4
  SINCE JUL 1      2.3                       4.4   -2.1      2.4
  SNOW DEPTH       2

DEGREE DAYS
 HEATING
  TODAY           39                        30      9       25
  MONTH TO DATE  564                       450    114      421
  SINCE DEC 1   1427                      1291    136     1252
  SINCE JUL 1   2093                      2026     67     1719

 COOLING
  TODAY            0                         0      0        0
  MONTH TO DATE    0                         0      0        0
  SINCE DEC 1      0                         1     -1        1
  SINCE JAN 1      0                         0      0        0
..................................................................


WIND (MPH)
  HIGHEST WIND SPEED    20   HIGHEST WIND DIRECTION    SW (230)
  HIGHEST GUST SPEED    28   HIGHEST GUST DIRECTION     W (250)
  AVERAGE WIND SPEED     9.1


SKY COVER
  POSSIBLE SUNSHINE  MM
  AVERAGE SKY COVER 0.9


WEATHER CONDITIONS
 THE FOLLOWING WEATHER WAS RECORDED TODAY.
  LIGHT SNOW
  FOG


RELATIVE HUMIDITY (PERCENT)
 HIGHEST    92           200 AM
 LOWEST     59          1200 PM
 AVERAGE    76

..........................................................


THE LOUISVILLE KY CLIMATE NORMALS FOR TOMORROW
                         NORMAL    RECORD    YEAR
 MAXIMUM TEMPERATURE (F)   43        71      1990
 MINIMUM TEMPERATURE (F)   27       -10      1977


SUNRISE AND SUNSET
JANUARY 15 2018.......SUNRISE   758 AM EST   SUNSET   547 PM EST
JANUARY 16 2018.......SUNRISE   758 AM EST   SUNSET   548 PM EST


-  INDICATES NEGATIVE NUMBERS.
R  INDICATES RECORD WAS SET OR TIED.
MM INDICATES DATA IS MISSING.
T  INDICATES TRACE AMOUNT.




$$
