000
CDUS43 KLMK 212026
CLISDF


CLIMATE REPORT
NATIONAL WEATHER SERVICE LOUISVILLE KY
425 PM EDT MON APR 21 2014


...................................

...THE LOUISVILLE KY CLIMATE SUMMARY FOR APRIL 21 2014...
VALID TODAY AS OF 0400 PM LOCAL TIME.

CLIMATE NORMAL PERIOD 1981 TO 2010
CLIMATE RECORD PERIOD 1871 TO 2014


WEATHER ITEM   OBSERVED TIME   RECORD YEAR NORMAL DEPARTURE LAST
                VALUE   (LST)  VALUE       VALUE  FROM      YEAR
                                                  NORMAL
..................................................................
TEMPERATURE (F)
 TODAY
  MAXIMUM         81    114 PM  86    1987  71     10       62
                                      1963
                                      1902
  MINIMUM         54    640 AM  32    1888  49      5       40
  AVERAGE         68                        60      8       51

PRECIPITATION (IN)
  TODAY            0.00          1.65 1984   0.14  -0.14     0.00
  MONTH TO DATE    4.62                      2.67   1.95     2.84
  SINCE MAR 1      6.92                      6.84   0.08     7.09
  SINCE JAN 1     13.08                     13.26  -0.18    14.11

SNOWFALL (IN)
  TODAY            0.0           T    1901   0.0    0.0      0.0
  MONTH TO DATE    0.1                       0.1    0.0      0.0
  SINCE MAR 1      4.2                       1.5    2.7      1.7
  SINCE JUL 1     26.0                      12.5   13.5      9.8
  SNOW DEPTH       0

DEGREE DAYS
 HEATING
  TODAY            0                         7     -7       14
  MONTH TO DATE  159                       197    -38      177
  SINCE MAR 1    807                       735     72      912
  SINCE JUL 1   4461                      3976    485     3994

 COOLING
  TODAY            3                         2      1        0
  MONTH TO DATE   24                        23      1       47
  SINCE MAR 1     24                        29     -5       47
  SINCE JAN 1     24                        29     -5       47
..................................................................


WIND (MPH)
  HIGHEST WIND SPEED    17   HIGHEST WIND DIRECTION     W (270)
  HIGHEST GUST SPEED    35   HIGHEST GUST DIRECTION    SW (210)
  AVERAGE WIND SPEED     3.6


SKY COVER
  POSSIBLE SUNSHINE  MM
  AVERAGE SKY COVER 0.8


WEATHER CONDITIONS
 THE FOLLOWING WEATHER WAS RECORDED TODAY.
  HAZE


RELATIVE HUMIDITY (PERCENT)
 HIGHEST    77           400 AM
 LOWEST     28           100 PM
 AVERAGE    53

..........................................................


THE LOUISVILLE KY CLIMATE NORMALS FOR TOMORROW
                         NORMAL    RECORD    YEAR
 MAXIMUM TEMPERATURE (F)   71        88      1960
 MINIMUM TEMPERATURE (F)   49        32      1936


SUNRISE AND SUNSET
APRIL 21 2014.........SUNRISE   659 AM EDT   SUNSET   825 PM EDT
APRIL 22 2014.........SUNRISE   658 AM EDT   SUNSET   826 PM EDT


-  INDICATES NEGATIVE NUMBERS.
R  INDICATES RECORD WAS SET OR TIED.
MM INDICATES DATA IS MISSING.
T  INDICATES TRACE AMOUNT.




$$
