000
CDUS43 KLMK 122134
CLISDF


CLIMATE REPORT
NATIONAL WEATHER SERVICE LOUISVILLE KY
433 PM EST THU JAN 12 2017


...................................

...THE LOUISVILLE KY CLIMATE SUMMARY FOR JANUARY 12 2017...
VALID TODAY AS OF 0400 PM LOCAL TIME.

CLIMATE NORMAL PERIOD 1981 TO 2010
CLIMATE RECORD PERIOD 1871 TO 2017


WEATHER ITEM   OBSERVED TIME   RECORD YEAR NORMAL DEPARTURE LAST
                VALUE   (LST)  VALUE       VALUE  FROM      YEAR
                                                  NORMAL
..................................................................
TEMPERATURE (F)
 TODAY
  MAXIMUM         70    320 PM  72    1916  43     27       38
                                      1890
  MINIMUM         56    416 PM -15    1918  27     29       18
  AVERAGE         63                        35     28       28

PRECIPITATION (IN)
  TODAY            0.05          1.18 1888   0.10  -0.05     0.07
  MONTH TO DATE    1.37                      1.27   0.10     0.47
  SINCE DEC 1      6.67                      5.10   1.57     7.05
  SINCE JAN 1      1.37                      1.27   0.10     0.47

SNOWFALL (IN)
  TODAY            0.0           7.0  1964   0.1   -0.1      1.8
  MONTH TO DATE    2.3                       1.3    1.0      2.6
  SINCE DEC 1      2.4                       3.9   -1.5      2.6
  SINCE JUL 1      2.4                       4.1   -1.7      2.6
  SNOW DEPTH       0

DEGREE DAYS
 HEATING
  TODAY            2                        30    -28       37
  MONTH TO DATE  336                       360    -24      340
  SINCE DEC 1   1167                      1201    -34      798
  SINCE JUL 1   1634                      1936   -302     1322

 COOLING
  TODAY            0                         0      0        0
  MONTH TO DATE    0                         0      0        0
  SINCE DEC 1      1                         1      0        3
  SINCE JAN 1      0                         0      0        0
..................................................................


WIND (MPH)
  HIGHEST WIND SPEED    29   HIGHEST WIND DIRECTION    SW (210)
  HIGHEST GUST SPEED    40   HIGHEST GUST DIRECTION     S (200)
  AVERAGE WIND SPEED    19.7


SKY COVER
  POSSIBLE SUNSHINE  MM
  AVERAGE SKY COVER 0.9


WEATHER CONDITIONS
 THE FOLLOWING WEATHER WAS RECORDED TODAY.
  LIGHT RAIN
  FOG


RELATIVE HUMIDITY (PERCENT)
 HIGHEST    73           600 AM
 LOWEST     63           400 AM
 AVERAGE    68

..........................................................


THE LOUISVILLE KY CLIMATE NORMALS FOR TOMORROW
                         NORMAL    RECORD    YEAR
 MAXIMUM TEMPERATURE (F)   43        70      1960
 MINIMUM TEMPERATURE (F)   27        -6      1895


SUNRISE AND SUNSET
JANUARY 12 2017.......SUNRISE   759 AM EST   SUNSET   544 PM EST
JANUARY 13 2017.......SUNRISE   759 AM EST   SUNSET   545 PM EST


-  INDICATES NEGATIVE NUMBERS.
R  INDICATES RECORD WAS SET OR TIED.
MM INDICATES DATA IS MISSING.
T  INDICATES TRACE AMOUNT.




$$
