541
CDUS43 KLMK 070627
CLISDF


CLIMATE REPORT
NATIONAL WEATHER SERVICE LOUISVILLE KY
127 AM EST SUN FEB 7 2016


...................................

...THE LOUISVILLE KY CLIMATE SUMMARY FOR FEBRUARY 6 2016...

CLIMATE NORMAL PERIOD 1981 TO 2010
CLIMATE RECORD PERIOD 1871 TO 2016


WEATHER ITEM   OBSERVED TIME   RECORD YEAR NORMAL DEPARTURE LAST
                VALUE   (LST)  VALUE       VALUE  FROM      YEAR
                                                  NORMAL
..................................................................
TEMPERATURE (F)
 YESTERDAY
  MAXIMUM         53    408 PM  70    2008  45      8       45
  MINIMUM         28    801 AM   3    1988  28      0       16
                                      1906
  AVERAGE         41                        37      4       31

PRECIPITATION (IN)
  YESTERDAY        0.00          2.21 1883   0.11  -0.11     0.00
  MONTH TO DATE    1.58                      0.70   0.88     0.47
  SINCE DEC 1      9.17                      7.77   1.40     4.91
  SINCE JAN 1      2.59                      3.94  -1.35     1.34

SNOWFALL (IN)
  YESTERDAY        0.0           4.5  1998   0.2   -0.2      0.0
  MONTH TO DATE    T                         1.1   -1.1      0.3
  SINCE DEC 1      8.2                       7.4    0.8      1.4
  SINCE JUL 1      8.2                       7.6    0.6      5.1
  SNOW DEPTH       0

DEGREE DAYS
 HEATING
  YESTERDAY       24                        28     -4       34
  MONTH TO DATE  120                       172    -52      185
  SINCE DEC 1   1512                      1946   -434     1881
  SINCE JUL 1   2036                      2681   -645     2767

 COOLING
  YESTERDAY        0                         0      0        0
  MONTH TO DATE    0                         0      0        0
  SINCE DEC 1      3                         1      2        0
  SINCE JAN 1      0                         0      0        0
..................................................................


WIND (MPH)
  HIGHEST WIND SPEED    13   HIGHEST WIND DIRECTION     W (260)
  HIGHEST GUST SPEED    16   HIGHEST GUST DIRECTION     W (280)
  AVERAGE WIND SPEED     2.9


SKY COVER
  POSSIBLE SUNSHINE  MM
  AVERAGE SKY COVER 0.4


WEATHER CONDITIONS
 THE FOLLOWING WEATHER WAS RECORDED YESTERDAY.
  NO SIGNIFICANT WEATHER WAS OBSERVED.


RELATIVE HUMIDITY (PERCENT)
 HIGHEST    78           700 AM
 LOWEST     32           300 PM
 AVERAGE    55

..........................................................


THE LOUISVILLE KY CLIMATE NORMALS FOR TODAY
                         NORMAL    RECORD    YEAR
 MAXIMUM TEMPERATURE (F)   46        69      1925
 MINIMUM TEMPERATURE (F)   28        -1      1906


SUNRISE AND SUNSET
FEBRUARY  7 2016......SUNRISE   743 AM EST   SUNSET   612 PM EST
FEBRUARY  8 2016......SUNRISE   741 AM EST   SUNSET   613 PM EST


-  INDICATES NEGATIVE NUMBERS.
R  INDICATES RECORD WAS SET OR TIED.
MM INDICATES DATA IS MISSING.
T  INDICATES TRACE AMOUNT.




$$
