000
CDUS43 KLMK 230631
CLISDF


CLIMATE REPORT
NATIONAL WEATHER SERVICE LOUISVILLE KY
231 AM EDT SAT APR 23 2016


...................................

...THE LOUISVILLE KY CLIMATE SUMMARY FOR APRIL 22 2016...

CLIMATE NORMAL PERIOD 1981 TO 2010
CLIMATE RECORD PERIOD 1871 TO 2016


WEATHER ITEM   OBSERVED TIME   RECORD YEAR NORMAL DEPARTURE LAST
                VALUE   (LST)  VALUE       VALUE  FROM      YEAR
                                                  NORMAL
..................................................................
TEMPERATURE (F)
 YESTERDAY
  MAXIMUM         70    552 PM  88    1960  71     -1       61
  MINIMUM         56    641 AM  32    1936  49      7       45
  AVERAGE         63                        60      3       53

PRECIPITATION (IN)
  YESTERDAY        0.30          3.08 1887   0.14   0.16     0.02
  MONTH TO DATE    1.54                      2.81  -1.27    10.61
  SINCE MAR 1      7.04                      6.98   0.06    18.41
  SINCE JAN 1     12.86                     13.40  -0.54    21.51

SNOWFALL (IN)
  YESTERDAY        0.0           0.0    MM   0.0    0.0      0.0
  MONTH TO DATE    0.0                       0.1   -0.1      0.0
  SINCE MAR 1      0.5                       1.5   -1.0     11.9
  SINCE JUL 1     14.9                      12.5    2.4     27.6
  SNOW DEPTH       0

DEGREE DAYS
 HEATING
  YESTERDAY        2                         6     -4       12
  MONTH TO DATE  199                       203     -4       96
  SINCE MAR 1    535                       741   -206      662
  SINCE JUL 1   3157                      3982   -825     4282

 COOLING
  YESTERDAY        0                         2     -2        0
  MONTH TO DATE   31                        25      6       41
  SINCE MAR 1     38                        31      7       42
  SINCE JAN 1     38                        31      7       42
..................................................................


WIND (MPH)
  HIGHEST WIND SPEED    18   HIGHEST WIND DIRECTION    NE (30)
  HIGHEST GUST SPEED    22   HIGHEST GUST DIRECTION    NE (40)
  AVERAGE WIND SPEED     7.1


SKY COVER
  POSSIBLE SUNSHINE  MM
  AVERAGE SKY COVER 0.6


WEATHER CONDITIONS
 THE FOLLOWING WEATHER WAS RECORDED YESTERDAY.
  THUNDERSTORM
  HEAVY RAIN
  RAIN
  LIGHT RAIN
  FOG


RELATIVE HUMIDITY (PERCENT)
 HIGHEST    87           800 AM
 LOWEST     47           600 PM
 AVERAGE    67

..........................................................


THE LOUISVILLE KY CLIMATE NORMALS FOR TODAY
                         NORMAL    RECORD    YEAR
 MAXIMUM TEMPERATURE (F)   71        91      1960
 MINIMUM TEMPERATURE (F)   50        28      1986


SUNRISE AND SUNSET
APRIL 23 2016.........SUNRISE   656 AM EDT   SUNSET   827 PM EDT
APRIL 24 2016.........SUNRISE   654 AM EDT   SUNSET   828 PM EDT


-  INDICATES NEGATIVE NUMBERS.
R  INDICATES RECORD WAS SET OR TIED.
MM INDICATES DATA IS MISSING.
T  INDICATES TRACE AMOUNT.




$$
