000
CDUS43 KLMK 280627
CLISDF


CLIMATE REPORT
NATIONAL WEATHER SERVICE LOUISVILLE KY
226 AM EDT SUN SEP 28 2014


...................................

...THE LOUISVILLE KY CLIMATE SUMMARY FOR SEPTEMBER 27 2014...

CLIMATE NORMAL PERIOD 1981 TO 2010
CLIMATE RECORD PERIOD 1871 TO 2014


WEATHER ITEM   OBSERVED TIME   RECORD YEAR NORMAL DEPARTURE LAST
                VALUE   (LST)  VALUE       VALUE  FROM      YEAR
                                                  NORMAL
..................................................................
TEMPERATURE (F)
 YESTERDAY
  MAXIMUM         86    312 PM  92    1998  77      9       83
  MINIMUM         60    613 AM  38    1899  56      4       57
  AVERAGE         73                        66      7       70

PRECIPITATION (IN)
  YESTERDAY        0.00          2.93 2002   0.11  -0.11     0.00
  MONTH TO DATE    3.31                      2.72   0.59     2.66
  SINCE SEP 1      3.31                      2.72   0.59     2.66
  SINCE JAN 1     34.48                     33.94   0.54    34.47

SNOWFALL (IN)
  YESTERDAY        0.0          MM      MM   0.0    0.0      0.0
  MONTH TO DATE    0.0                       0.0    0.0      0.0
  SINCE SEP 1      0.0                       0.0    0.0      0.0
  SINCE JUL 1      0.0                       0.0    0.0      0.0
  SNOW DEPTH       0

DEGREE DAYS
 HEATING
  YESTERDAY        0                         3     -3        0
  MONTH TO DATE   13                        20     -7        5
  SINCE SEP 1     13                        20     -7        5
  SINCE JUL 1     13                        20     -7        5

 COOLING
  YESTERDAY        8                         4      4        5
  MONTH TO DATE  175                       200    -25      224
  SINCE SEP 1    175                       200    -25      224
  SINCE JAN 1   1567                      1557     10     1564
..................................................................


WIND (MPH)
  HIGHEST WIND SPEED    12   HIGHEST WIND DIRECTION     E (90)
  HIGHEST GUST SPEED    16   HIGHEST GUST DIRECTION    NE (60)
  AVERAGE WIND SPEED     4.6


SKY COVER
  POSSIBLE SUNSHINE  MM
  AVERAGE SKY COVER 0.6


WEATHER CONDITIONS
 THE FOLLOWING WEATHER WAS RECORDED YESTERDAY.
  NO SIGNIFICANT WEATHER WAS OBSERVED.


RELATIVE HUMIDITY (PERCENT)
 HIGHEST    84           200 AM
 LOWEST     40           400 PM
 AVERAGE    62

..........................................................


THE LOUISVILLE KY CLIMATE NORMALS FOR TODAY
                         NORMAL    RECORD    YEAR
 MAXIMUM TEMPERATURE (F)   77        93      1959
                                             1939
 MINIMUM TEMPERATURE (F)   55        36      1942


SUNRISE AND SUNSET
SEPTEMBER 28 2014.....SUNRISE   736 AM EDT   SUNSET   731 PM EDT
SEPTEMBER 29 2014.....SUNRISE   737 AM EDT   SUNSET   729 PM EDT


-  INDICATES NEGATIVE NUMBERS.
R  INDICATES RECORD WAS SET OR TIED.
MM INDICATES DATA IS MISSING.
T  INDICATES TRACE AMOUNT.




$$
