000
CDUS43 KLMK 170628
CLISDF


CLIMATE REPORT
NATIONAL WEATHER SERVICE LOUISVILLE KY
228 AM EDT MON JUL 17 2017


...................................

...THE LOUISVILLE KY CLIMATE SUMMARY FOR JULY 16 2017...

CLIMATE NORMAL PERIOD 1981 TO 2010
CLIMATE RECORD PERIOD 1871 TO 2017


WEATHER ITEM   OBSERVED TIME   RECORD YEAR NORMAL DEPARTURE LAST
                VALUE   (LST)  VALUE       VALUE  FROM      YEAR
                                                  NORMAL
..................................................................
TEMPERATURE (F)
 YESTERDAY
  MAXIMUM         90    424 PM 101    1980  89      1       89
  MINIMUM         66    527 AM  55    1967  70     -4       71
                                      1945
  AVERAGE         78                        80     -2       80

PRECIPITATION (IN)
  YESTERDAY        0.00          2.00 1883   0.14  -0.14     0.00
  MONTH TO DATE    1.58                      2.11  -0.53     2.58
  SINCE JUN 1      4.84                      5.90  -1.06     6.83
  SINCE JAN 1     24.00                     25.77  -1.77    25.89

SNOWFALL (IN)
  YESTERDAY        0.0          MM      MM   0.0    0.0      0.0
  MONTH TO DATE    0.0                       0.0    0.0      0.0
  SINCE JUN 1      0.0                       0.0    0.0      0.0
  SINCE JUL 1      0.0                       0.0    0.0      0.0
  SNOW DEPTH       0

DEGREE DAYS
 HEATING
  YESTERDAY        0                         0      0        0
  MONTH TO DATE    0                         0      0        0
  SINCE JUN 1      0                         5     -5        0
  SINCE JUL 1      0                         0      0        0

 COOLING
  YESTERDAY       13                        14     -1       15
  MONTH TO DATE  240                       224     16      225
  SINCE JUN 1    574                       548     26      630
  SINCE JAN 1    866                       722    144      823
..................................................................


WIND (MPH)
  HIGHEST WIND SPEED    14   HIGHEST WIND DIRECTION     W (250)
  HIGHEST GUST SPEED    16   HIGHEST GUST DIRECTION     W (260)
  AVERAGE WIND SPEED     3.8


SKY COVER
  POSSIBLE SUNSHINE  MM
  AVERAGE SKY COVER 0.2


WEATHER CONDITIONS
 THE FOLLOWING WEATHER WAS RECORDED YESTERDAY.
  NO SIGNIFICANT WEATHER WAS OBSERVED.


RELATIVE HUMIDITY (PERCENT)
 HIGHEST    87           500 AM
 LOWEST     41           500 PM
 AVERAGE    64

..........................................................


THE LOUISVILLE KY CLIMATE NORMALS FOR TODAY
                         NORMAL    RECORD    YEAR
 MAXIMUM TEMPERATURE (F)   89       102      1913
 MINIMUM TEMPERATURE (F)   70        56      1945


SUNRISE AND SUNSET
JULY 17 2017..........SUNRISE   634 AM EDT   SUNSET   904 PM EDT
JULY 18 2017..........SUNRISE   634 AM EDT   SUNSET   904 PM EDT


-  INDICATES NEGATIVE NUMBERS.
R  INDICATES RECORD WAS SET OR TIED.
MM INDICATES DATA IS MISSING.
T  INDICATES TRACE AMOUNT.




$$
