000
CDUS43 KLMK 250629
CLISDF


CLIMATE REPORT
NATIONAL WEATHER SERVICE LOUISVILLE KY
228 AM EDT THU MAY 25 2017


...................................

...THE LOUISVILLE KY CLIMATE SUMMARY FOR MAY 24 2017...

CLIMATE NORMAL PERIOD 1981 TO 2010
CLIMATE RECORD PERIOD 1871 TO 2017


WEATHER ITEM   OBSERVED TIME   RECORD YEAR NORMAL DEPARTURE LAST
                VALUE   (LST)  VALUE       VALUE  FROM      YEAR
                                                  NORMAL
..................................................................
TEMPERATURE (F)
 YESTERDAY
  MAXIMUM         69   1226 AM  92    1921  79    -10       84
  MINIMUM         57    936 PM  40    1925  60     -3       56
  AVERAGE         63                        69     -6       70

PRECIPITATION (IN)
  YESTERDAY        0.69          1.66 1997   0.16   0.53     0.00
  MONTH TO DATE    4.64                      4.14   0.50     4.08
  SINCE MAR 1     12.79                     12.32   0.47    12.76
  SINCE JAN 1     19.06                     18.74   0.32    18.58

SNOWFALL (IN)
  YESTERDAY        0.0          MM      MM   0.0    0.0      0.0
  MONTH TO DATE    0.0                       0.0    0.0      0.0
  SINCE MAR 1      T                         1.5   -1.5      0.5
  SINCE JUL 1      2.7                      12.5   -9.8     14.9
  SNOW DEPTH       0

DEGREE DAYS
 HEATING
  YESTERDAY        2                         1      1        0
  MONTH TO DATE   73                        61     12       91
  SINCE MAR 1    621                       845   -224      630
  SINCE JUL 1   3086                      4086  -1000     3252

 COOLING
  YESTERDAY        0                         6     -6        5
  MONTH TO DATE  117                        85     32       47
  SINCE MAR 1    235                       128    107      110
  SINCE JAN 1    240                       128    112      110
..................................................................


WIND (MPH)
  HIGHEST WIND SPEED    18   HIGHEST WIND DIRECTION    NW (320)
  HIGHEST GUST SPEED    24   HIGHEST GUST DIRECTION    NW (320)
  AVERAGE WIND SPEED     8.0


SKY COVER
  POSSIBLE SUNSHINE  MM
  AVERAGE SKY COVER 1.0


WEATHER CONDITIONS
 THE FOLLOWING WEATHER WAS RECORDED YESTERDAY.
  HEAVY RAIN
  RAIN
  LIGHT RAIN
  FOG


RELATIVE HUMIDITY (PERCENT)
 HIGHEST    93           800 PM
 LOWEST     53          1200 AM
 AVERAGE    73

..........................................................


THE LOUISVILLE KY CLIMATE NORMALS FOR TODAY
                         NORMAL    RECORD    YEAR
 MAXIMUM TEMPERATURE (F)   79        94      1911
 MINIMUM TEMPERATURE (F)   60        35      1925


SUNRISE AND SUNSET
MAY 25 2017...........SUNRISE   625 AM EDT   SUNSET   855 PM EDT
MAY 26 2017...........SUNRISE   624 AM EDT   SUNSET   856 PM EDT


-  INDICATES NEGATIVE NUMBERS.
R  INDICATES RECORD WAS SET OR TIED.
MM INDICATES DATA IS MISSING.
T  INDICATES TRACE AMOUNT.

$$

SCHOETTMER
