000
CDUS43 KLMK 180630
CLISDF


CLIMATE REPORT
NATIONAL WEATHER SERVICE LOUISVILLE KY
229 AM EDT MON AUG 18 2014


...................................

...THE LOUISVILLE KY CLIMATE SUMMARY FOR AUGUST 17 2014...

CLIMATE NORMAL PERIOD 1981 TO 2010
CLIMATE RECORD PERIOD 1871 TO 2014


WEATHER ITEM   OBSERVED TIME   RECORD YEAR NORMAL DEPARTURE LAST
                VALUE   (LST)  VALUE       VALUE  FROM      YEAR
                                                  NORMAL
..................................................................
TEMPERATURE (F)
 YESTERDAY
  MAXIMUM         76    622 PM 101    1988  89    -13       84
  MINIMUM         69   1227 AM  55    2004  69      0       66
                                      1964
  AVERAGE         73                        79     -6       75

PRECIPITATION (IN)
  YESTERDAY        0.55          1.95 1993   0.11   0.44     0.00
  MONTH TO DATE    3.74                      1.97   1.77     2.19
  SINCE JUN 1      9.00                      9.99  -0.99    11.75
  SINCE JAN 1     28.51                     29.86  -1.35    30.80

SNOWFALL (IN)
  YESTERDAY        0.0          MM      MM   0.0    0.0      0.0
  MONTH TO DATE    0.0                       0.0    0.0      0.0
  SINCE JUN 1      0.0                       0.0    0.0      0.0
  SINCE JUL 1      0.0                       0.0    0.0      0.0
  SNOW DEPTH       0

DEGREE DAYS
 HEATING
  YESTERDAY        0                         0      0        0
  MONTH TO DATE    0                         0      0        0
  SINCE JUN 1      0                         5     -5        0
  SINCE JUL 1      0                         0      0        0

 COOLING
  YESTERDAY        8                        14     -6       10
  MONTH TO DATE  192                       238    -46      182
  SINCE JUN 1    926                      1005    -79      891
  SINCE JAN 1   1160                      1179    -19     1119
..................................................................


WIND (MPH)
  HIGHEST WIND SPEED    16   HIGHEST WIND DIRECTION     S (170)
  HIGHEST GUST SPEED    32   HIGHEST GUST DIRECTION     N (360)
  AVERAGE WIND SPEED     6.9


SKY COVER
  POSSIBLE SUNSHINE  MM
  AVERAGE SKY COVER 1.0


WEATHER CONDITIONS
 THE FOLLOWING WEATHER WAS RECORDED YESTERDAY.
  THUNDERSTORM
  HEAVY RAIN
  RAIN
  LIGHT RAIN
  FOG


RELATIVE HUMIDITY (PERCENT)
 HIGHEST    97           500 AM
 LOWEST     87           100 PM
 AVERAGE    92

..........................................................


THE LOUISVILLE KY CLIMATE NORMALS FOR TODAY
                         NORMAL    RECORD    YEAR
 MAXIMUM TEMPERATURE (F)   89        99      1988
                                             1936
 MINIMUM TEMPERATURE (F)   69        55      1962
                                             1943
                                             1889


SUNRISE AND SUNSET
AUGUST 18 2014........SUNRISE   700 AM EDT   SUNSET   832 PM EDT
AUGUST 19 2014........SUNRISE   701 AM EDT   SUNSET   831 PM EDT


-  INDICATES NEGATIVE NUMBERS.
R  INDICATES RECORD WAS SET OR TIED.
MM INDICATES DATA IS MISSING.
T  INDICATES TRACE AMOUNT.




$$
