000
CDUS43 KLMK 110645
CLISDF


CLIMATE REPORT
NATIONAL WEATHER SERVICE LOUISVILLE KY
145 AM EST THU JAN 11 2018


...................................

...THE LOUISVILLE KY CLIMATE SUMMARY FOR JANUARY 10 2018...

CLIMATE NORMAL PERIOD 1981 TO 2010
CLIMATE RECORD PERIOD 1871 TO 2018


WEATHER ITEM   OBSERVED TIME   RECORD YEAR NORMAL DEPARTURE LAST
                VALUE   (LST)  VALUE       VALUE  FROM      YEAR
                                                  NORMAL
..................................................................
TEMPERATURE (F)
 YESTERDAY
  MAXIMUM         63   1159 PM  66    1975  43     20       57
  MINIMUM         42    300 AM -11    1982  27     15       41
  AVERAGE         53                        35     18       49

PRECIPITATION (IN)
  YESTERDAY        T             1.98 1924   0.10  -0.10     0.44
  MONTH TO DATE    0.20                      1.06  -0.86     0.95
  SINCE DEC 1      2.93                      4.89  -1.96     6.25
  SINCE JAN 1      0.20                      1.06  -0.86     0.95

SNOWFALL (IN)
  YESTERDAY       MM             4.9  1954   0.1   MM        0.0
  MONTH TO DATE    0.1                       1.1   -1.0      2.3
  SINCE DEC 1      0.3                       3.7   -3.4      2.4
  SINCE JUL 1      0.3                       3.9   -3.6      2.4
  SNOW DEPTH       0

DEGREE DAYS
 HEATING
  YESTERDAY       12                        30    -18       16
  MONTH TO DATE  404                       300    104      320
  SINCE DEC 1   1267                      1141    126     1151
  SINCE JUL 1   1933                      1876     57     1618

 COOLING
  YESTERDAY        0                         0      0        0
  MONTH TO DATE    0                         0      0        0
  SINCE DEC 1      0                         1     -1        1
  SINCE JAN 1      0                         0      0        0
..................................................................


WIND (MPH)
  HIGHEST WIND SPEED    22   HIGHEST WIND DIRECTION     S (190)
  HIGHEST GUST SPEED    30   HIGHEST GUST DIRECTION     S (190)
  AVERAGE WIND SPEED     8.8


SKY COVER
  POSSIBLE SUNSHINE  MM
  AVERAGE SKY COVER 0.9


WEATHER CONDITIONS
 THE FOLLOWING WEATHER WAS RECORDED YESTERDAY.
  LIGHT RAIN
  FOG


RELATIVE HUMIDITY (PERCENT)
 HIGHEST   100           400 AM
 LOWEST     65          1100 PM
 AVERAGE    83

..........................................................


THE LOUISVILLE KY CLIMATE NORMALS FOR TODAY
                         NORMAL    RECORD    YEAR
 MAXIMUM TEMPERATURE (F)   43        69      1890
 MINIMUM TEMPERATURE (F)   27        -8      1977
                                             1886


SUNRISE AND SUNSET
JANUARY 11 2018.......SUNRISE   759 AM EST   SUNSET   543 PM EST
JANUARY 12 2018.......SUNRISE   759 AM EST   SUNSET   544 PM EST


-  INDICATES NEGATIVE NUMBERS.
R  INDICATES RECORD WAS SET OR TIED.
MM INDICATES DATA IS MISSING.
T  INDICATES TRACE AMOUNT.




$$
