000
CDUS43 KLMK 220629
CLISDF


CLIMATE REPORT
NATIONAL WEATHER SERVICE LOUISVILLE KY
229 AM EDT SAT APR 22 2017


...................................

...THE LOUISVILLE KY CLIMATE SUMMARY FOR APRIL 21 2017...

CLIMATE NORMAL PERIOD 1981 TO 2010
CLIMATE RECORD PERIOD 1871 TO 2017


WEATHER ITEM   OBSERVED TIME   RECORD YEAR NORMAL DEPARTURE LAST
                VALUE   (LST)  VALUE       VALUE  FROM      YEAR
                                                  NORMAL
..................................................................
TEMPERATURE (F)
 YESTERDAY
  MAXIMUM         72    112 AM  86    1987  71      1       74
                                      1963
                                      1902
  MINIMUM         53   1159 PM  32    1888  49      4       59
  AVERAGE         63                        60      3       67

PRECIPITATION (IN)
  YESTERDAY        0.33          1.65 1984   0.14   0.19     0.28
  MONTH TO DATE    2.66                      2.67  -0.01     1.24
  SINCE MAR 1      6.34                      6.84  -0.50     6.74
  SINCE JAN 1     12.61                     13.26  -0.65    12.56

SNOWFALL (IN)
  YESTERDAY        0.0           T    1901   0.0    0.0      0.0
                                      1893
  MONTH TO DATE    0.0                       0.1   -0.1      0.0
  SINCE MAR 1      T                         1.5   -1.5      0.5
  SINCE JUL 1      2.7                      12.5   -9.8     14.9
  SNOW DEPTH       0

DEGREE DAYS
 HEATING
  YESTERDAY        2                         7     -5        0
  MONTH TO DATE   68                       197   -129      197
  SINCE MAR 1    526                       735   -209      533
  SINCE JUL 1   2991                      3976   -985     3155

 COOLING
  YESTERDAY        0                         2     -2        2
  MONTH TO DATE   73                        23     50       31
  SINCE MAR 1     84                        29     55       38
  SINCE JAN 1     89                        29     60       38
..................................................................


WIND (MPH)
  HIGHEST WIND SPEED    21   HIGHEST WIND DIRECTION    NW (330)
  HIGHEST GUST SPEED    26   HIGHEST GUST DIRECTION     N (340)
  AVERAGE WIND SPEED     9.2


SKY COVER
  POSSIBLE SUNSHINE  MM
  AVERAGE SKY COVER 1.0


WEATHER CONDITIONS
 THE FOLLOWING WEATHER WAS RECORDED YESTERDAY.
  RAIN
  LIGHT RAIN
  FOG


RELATIVE HUMIDITY (PERCENT)
 HIGHEST    93          1000 PM
 LOWEST     52           500 PM
 AVERAGE    73

..........................................................


THE LOUISVILLE KY CLIMATE NORMALS FOR TODAY
                         NORMAL    RECORD    YEAR
 MAXIMUM TEMPERATURE (F)   71        88      1960
 MINIMUM TEMPERATURE (F)   49        32      1936


SUNRISE AND SUNSET
APRIL 22 2017.........SUNRISE   657 AM EDT   SUNSET   826 PM EDT
APRIL 23 2017.........SUNRISE   656 AM EDT   SUNSET   827 PM EDT


-  INDICATES NEGATIVE NUMBERS.
R  INDICATES RECORD WAS SET OR TIED.
MM INDICATES DATA IS MISSING.
T  INDICATES TRACE AMOUNT.




$$
