000
CDUS43 KLMK 160627
CLISDF


CLIMATE REPORT
NATIONAL WEATHER SERVICE LOUISVILLE KY
127 AM EST THU NOV 16 2017


...................................

...THE LOUISVILLE KY CLIMATE SUMMARY FOR NOVEMBER 15 2017...

CLIMATE NORMAL PERIOD 1981 TO 2010
CLIMATE RECORD PERIOD 1871 TO 2017


WEATHER ITEM   OBSERVED TIME   RECORD YEAR NORMAL DEPARTURE LAST
                VALUE   (LST)  VALUE       VALUE  FROM      YEAR
                                                  NORMAL
..................................................................
TEMPERATURE (F)
 YESTERDAY
  MAXIMUM         53    937 PM  77    1971  58     -5       68
                                      1955
  MINIMUM         37    740 AM  18    1933  40     -3       38
                                      1916
  AVERAGE         45                        49     -4       53

PRECIPITATION (IN)
  YESTERDAY        0.33          1.15 1978   0.12   0.21     0.00
  MONTH TO DATE    1.85                      1.66   0.19     0.24
  SINCE SEP 1     12.21                      7.93   4.28     3.17
  SINCE JAN 1     41.62                     39.15   2.47    36.84

SNOWFALL (IN)
  YESTERDAY        0.0           0.3  1997   0.0    0.0      0.0
  MONTH TO DATE    0.0                       0.0    0.0      0.0
  SINCE SEP 1      T                         0.1   -0.1      0.0
  SINCE JUL 1      T                         0.1   -0.1      0.0
  SNOW DEPTH       0

DEGREE DAYS
 HEATING
  YESTERDAY       20                        16      4       12
  MONTH TO DATE  197                       201     -4      142
  SINCE SEP 1    392                       443    -51      227
  SINCE JUL 1    392                       443    -51      227

 COOLING
  YESTERDAY        0                         0      0        0
  MONTH TO DATE    8                         0      8       17
  SINCE SEP 1    295                       252     43      472
  SINCE JAN 1   1789                      1609    180     2080
..................................................................


WIND (MPH)
  HIGHEST WIND SPEED    18   HIGHEST WIND DIRECTION     S (200)
  HIGHEST GUST SPEED    27   HIGHEST GUST DIRECTION     S (200)
  AVERAGE WIND SPEED     6.6


SKY COVER
  POSSIBLE SUNSHINE  MM
  AVERAGE SKY COVER 0.8


WEATHER CONDITIONS
 THE FOLLOWING WEATHER WAS RECORDED YESTERDAY.
  HEAVY RAIN
  RAIN
  LIGHT RAIN
  FOG


RELATIVE HUMIDITY (PERCENT)
 HIGHEST   100           700 PM
 LOWEST     71          1000 AM
 AVERAGE    86

..........................................................


THE LOUISVILLE KY CLIMATE NORMALS FOR TODAY
                         NORMAL    RECORD    YEAR
 MAXIMUM TEMPERATURE (F)   58        77      1952
                                             1931
 MINIMUM TEMPERATURE (F)   39        16      1883


SUNRISE AND SUNSET
NOVEMBER 16 2017......SUNRISE   725 AM EST   SUNSET   530 PM EST
NOVEMBER 17 2017......SUNRISE   726 AM EST   SUNSET   529 PM EST


-  INDICATES NEGATIVE NUMBERS.
R  INDICATES RECORD WAS SET OR TIED.
MM INDICATES DATA IS MISSING.
T  INDICATES TRACE AMOUNT.




$$
