000
CDUS43 KLMK 280627
CLISDF


CLIMATE REPORT
NATIONAL WEATHER SERVICE LOUISVILLE KY
227 AM EDT THU APR 28 2016


...................................

...THE LOUISVILLE KY CLIMATE SUMMARY FOR APRIL 27 2016...

CLIMATE NORMAL PERIOD 1981 TO 2010
CLIMATE RECORD PERIOD 1871 TO 2016


WEATHER ITEM   OBSERVED TIME   RECORD YEAR NORMAL DEPARTURE LAST
                VALUE   (LST)  VALUE       VALUE  FROM      YEAR
                                                  NORMAL
..................................................................
TEMPERATURE (F)
 YESTERDAY
  MAXIMUM         72   1112 AM  88    1986  72      0       68
                                      1899
  MINIMUM         62    554 AM  34    1996  51     11       42
                                      1976
  AVERAGE         67                        62      5       55

PRECIPITATION (IN)
  YESTERDAY        0.75          3.10 2011   0.15   0.60     0.00
  MONTH TO DATE    2.62                      3.56  -0.94    10.83
  SINCE MAR 1      8.12                      7.73   0.39    18.63
  SINCE JAN 1     13.94                     14.15  -0.21    21.73

SNOWFALL (IN)
  YESTERDAY        0.0           0.0    MM   0.0    0.0      0.0
  MONTH TO DATE    0.0                       0.1   -0.1      0.0
  SINCE MAR 1      0.5                       1.5   -1.0     11.9
  SINCE JUL 1     14.9                      12.5    2.4     27.6
  SNOW DEPTH       0

DEGREE DAYS
 HEATING
  YESTERDAY        0                         5     -5       10
  MONTH TO DATE  201                       231    -30      152
  SINCE MAR 1    537                       769   -232      718
  SINCE JUL 1   3159                      4010   -851     4338

 COOLING
  YESTERDAY        2                         2      0        0
  MONTH TO DATE   50                        35     15       41
  SINCE MAR 1     57                        41     16       42
  SINCE JAN 1     57                        41     16       42
..................................................................


WIND (MPH)
  HIGHEST WIND SPEED    28   HIGHEST WIND DIRECTION     W (250)
  HIGHEST GUST SPEED    35   HIGHEST GUST DIRECTION     W (250)
  AVERAGE WIND SPEED     6.0


SKY COVER
  POSSIBLE SUNSHINE  MM
  AVERAGE SKY COVER 0.8


WEATHER CONDITIONS
 THE FOLLOWING WEATHER WAS RECORDED YESTERDAY.
  THUNDERSTORM
  HEAVY RAIN
  RAIN
  LIGHT RAIN
  FOG


RELATIVE HUMIDITY (PERCENT)
 HIGHEST    93           500 AM
 LOWEST     81           900 AM
 AVERAGE    87

..........................................................


THE LOUISVILLE KY CLIMATE NORMALS FOR TODAY
                         NORMAL    RECORD    YEAR
 MAXIMUM TEMPERATURE (F)   73        88      1951
                                             1897
 MINIMUM TEMPERATURE (F)   51        35      1976
                                             1934


SUNRISE AND SUNSET
APRIL 28 2016.........SUNRISE   649 AM EDT   SUNSET   832 PM EDT
APRIL 29 2016.........SUNRISE   648 AM EDT   SUNSET   833 PM EDT


-  INDICATES NEGATIVE NUMBERS.
R  INDICATES RECORD WAS SET OR TIED.
MM INDICATES DATA IS MISSING.
T  INDICATES TRACE AMOUNT.




$$
