971
CDUS43 KLMK 270627
CLISDF


CLIMATE REPORT
NATIONAL WEATHER SERVICE LOUISVILLE KY
227 AM EDT TUE SEP 27 2016


...................................

...THE LOUISVILLE KY CLIMATE SUMMARY FOR SEPTEMBER 26 2016...

CLIMATE NORMAL PERIOD 1981 TO 2010
CLIMATE RECORD PERIOD 1871 TO 2016


WEATHER ITEM   OBSERVED TIME   RECORD YEAR NORMAL DEPARTURE LAST
                VALUE   (LST)  VALUE       VALUE  FROM      YEAR
                                                  NORMAL
..................................................................
TEMPERATURE (F)
 YESTERDAY
  MAXIMUM         75   1227 AM  93    1958  77     -2       77
                                      1900
  MINIMUM         59   1159 PM  39    2001  56      3       64
                                      1928
  AVERAGE         67                        67      0       71

PRECIPITATION (IN)
  YESTERDAY        0.40          2.63 2002   0.11   0.29      T
  MONTH TO DATE    1.08                      2.61  -1.53     0.90
  SINCE SEP 1      1.08                      2.61  -1.53     0.90
  SINCE JAN 1     34.75                     33.83   0.92    43.96

SNOWFALL (IN)
  YESTERDAY        0.0          MM      MM   0.0    0.0      0.0
  MONTH TO DATE    0.0                       0.0    0.0      0.0
  SINCE SEP 1      0.0                       0.0    0.0      0.0
  SINCE JUL 1      0.0                       0.0    0.0      0.0
  SNOW DEPTH       0

DEGREE DAYS
 HEATING
  YESTERDAY        0                         2     -2        0
  MONTH TO DATE    0                        17    -17        4
  SINCE SEP 1      0                        17    -17        4
  SINCE JUL 1      0                        17    -17        4

 COOLING
  YESTERDAY        2                         4     -2        6
  MONTH TO DATE  334                       196    138      251
  SINCE SEP 1    334                       196    138      251
  SINCE JAN 1   1942                      1553    389     1705
..................................................................


WIND (MPH)
  HIGHEST WIND SPEED    21   HIGHEST WIND DIRECTION    NW (330)
  HIGHEST GUST SPEED    26   HIGHEST GUST DIRECTION    NW (330)
  AVERAGE WIND SPEED     6.9


SKY COVER
  POSSIBLE SUNSHINE  MM
  AVERAGE SKY COVER 0.6


WEATHER CONDITIONS
 THE FOLLOWING WEATHER WAS RECORDED YESTERDAY.
  HEAVY RAIN
  RAIN
  LIGHT RAIN
  FOG


RELATIVE HUMIDITY (PERCENT)
 HIGHEST    90          1000 AM
 LOWEST     51           500 PM
 AVERAGE    71

..........................................................


THE LOUISVILLE KY CLIMATE NORMALS FOR TODAY
                         NORMAL    RECORD    YEAR
 MAXIMUM TEMPERATURE (F)   77        92      1998
 MINIMUM TEMPERATURE (F)   56        38      1899


SUNRISE AND SUNSET
SEPTEMBER 27 2016.....SUNRISE   735 AM EDT   SUNSET   731 PM EDT
SEPTEMBER 28 2016.....SUNRISE   736 AM EDT   SUNSET   730 PM EDT


-  INDICATES NEGATIVE NUMBERS.
R  INDICATES RECORD WAS SET OR TIED.
MM INDICATES DATA IS MISSING.
T  INDICATES TRACE AMOUNT.




$$
