378
CDUS43 KLMK 142026
CLISDF


CLIMATE REPORT
NATIONAL WEATHER SERVICE LOUISVILLE KY
426 PM EDT MON AUG 14 2017


...................................

...THE LOUISVILLE KY CLIMATE SUMMARY FOR AUGUST 14 2017...
VALID TODAY AS OF 0400 PM LOCAL TIME.

CLIMATE NORMAL PERIOD 1981 TO 2010
CLIMATE RECORD PERIOD 1871 TO 2017


WEATHER ITEM   OBSERVED TIME   RECORD YEAR NORMAL DEPARTURE LAST
                VALUE   (LST)  VALUE       VALUE  FROM      YEAR
                                                  NORMAL
..................................................................
TEMPERATURE (F)
 TODAY
  MAXIMUM         84    259 PM  99    2010  89     -5       87
  MINIMUM         70    734 AM  52    2004  69      1       75
  AVERAGE         77                        79     -2       81

PRECIPITATION (IN)
  TODAY            T             1.10 1921   0.11  -0.11     0.43
  MONTH TO DATE    0.98                      1.64  -0.66     1.97
  SINCE JUN 1      7.03                      9.66  -2.63    10.87
  SINCE JAN 1     26.19                     29.53  -3.34    29.93

SNOWFALL (IN)
  TODAY            0.0          MM      MM   0.0    0.0      0.0
  MONTH TO DATE    0.0                       0.0    0.0      0.0
  SINCE JUN 1      0.0                       0.0    0.0      0.0
  SINCE JUL 1      0.0                       0.0    0.0      0.0
  SNOW DEPTH       0

DEGREE DAYS
 HEATING
  TODAY            0                         0      0        0
  MONTH TO DATE    0                         0      0        0
  SINCE JUN 1      0                         5     -5        0
  SINCE JUL 1      0                         0      0        0

 COOLING
  TODAY           12                        14     -2       16
  MONTH TO DATE  150                       196    -46      242
  SINCE JUN 1    977                       963     14     1146
  SINCE JAN 1   1269                      1137    132     1339
..................................................................


WIND (MPH)
  HIGHEST WIND SPEED    12   HIGHEST WIND DIRECTION    SE (150)
  HIGHEST GUST SPEED    13   HIGHEST GUST DIRECTION    SE (140)
  AVERAGE WIND SPEED     4.9


SKY COVER
  POSSIBLE SUNSHINE  MM
  AVERAGE SKY COVER 0.9


WEATHER CONDITIONS
 THE FOLLOWING WEATHER WAS RECORDED TODAY.
  LIGHT RAIN


RELATIVE HUMIDITY (PERCENT)
 HIGHEST    90           700 AM
 LOWEST     58           300 PM
 AVERAGE    74

..........................................................


THE LOUISVILLE KY CLIMATE NORMALS FOR TOMORROW
                         NORMAL    RECORD    YEAR
 MAXIMUM TEMPERATURE (F)   89       103      2007
 MINIMUM TEMPERATURE (F)   69        51      1963


SUNRISE AND SUNSET
AUGUST 14 2017........SUNRISE   657 AM EDT   SUNSET   837 PM EDT
AUGUST 15 2017........SUNRISE   658 AM EDT   SUNSET   836 PM EDT


-  INDICATES NEGATIVE NUMBERS.
R  INDICATES RECORD WAS SET OR TIED.
MM INDICATES DATA IS MISSING.
T  INDICATES TRACE AMOUNT.




$$
