000
CDUS43 KLMK 190627
CLISDF


CLIMATE REPORT
NATIONAL WEATHER SERVICE LOUISVILLE KY
226 AM EDT FRI SEP 19 2014


...................................

...THE LOUISVILLE KY CLIMATE SUMMARY FOR SEPTEMBER 18 2014...

CLIMATE NORMAL PERIOD 1981 TO 2010
CLIMATE RECORD PERIOD 1871 TO 2014


WEATHER ITEM   OBSERVED TIME   RECORD YEAR NORMAL DEPARTURE LAST
                VALUE   (LST)  VALUE       VALUE  FROM      YEAR
                                                  NORMAL
..................................................................
TEMPERATURE (F)
 YESTERDAY
  MAXIMUM         76    412 PM  99    1953  81     -5       79
  MINIMUM         56    524 AM  42    1903  60     -4       63
  AVERAGE         66                        70     -4       71

PRECIPITATION (IN)
  YESTERDAY        0.00          1.11 1992   0.09  -0.09      T
  MONTH TO DATE    3.31                      1.78   1.53     0.80
  SINCE SEP 1      3.31                      1.78   1.53     0.80
  SINCE JAN 1     34.48                     33.00   1.48    32.61

SNOWFALL (IN)
  YESTERDAY        0.0          MM      MM   0.0    0.0      0.0
  MONTH TO DATE    0.0                       0.0    0.0      0.0
  SINCE SEP 1      0.0                       0.0    0.0      0.0
  SINCE JUL 1      0.0                       0.0    0.0      0.0
  SNOW DEPTH       0

DEGREE DAYS
 HEATING
  YESTERDAY        0                         1     -1        0
  MONTH TO DATE    8                         4      4        2
  SINCE SEP 1      8                         4      4        2
  SINCE JUL 1      8                         4      4        2

 COOLING
  YESTERDAY        1                         6     -5        6
  MONTH TO DATE  139                       157    -18      178
  SINCE SEP 1    139                       157    -18      178
  SINCE JAN 1   1531                      1514     17     1518
..................................................................


WIND (MPH)
  HIGHEST WIND SPEED    16   HIGHEST WIND DIRECTION     E (70)
  HIGHEST GUST SPEED    21   HIGHEST GUST DIRECTION    NE (60)
  AVERAGE WIND SPEED     6.9


SKY COVER
  POSSIBLE SUNSHINE  MM
  AVERAGE SKY COVER 0.5


WEATHER CONDITIONS
 THE FOLLOWING WEATHER WAS RECORDED YESTERDAY.
  HAZE


RELATIVE HUMIDITY (PERCENT)
 HIGHEST    86           300 AM
 LOWEST     43           200 PM
 AVERAGE    65

..........................................................


THE LOUISVILLE KY CLIMATE NORMALS FOR TODAY
                         NORMAL    RECORD    YEAR
 MAXIMUM TEMPERATURE (F)   80        96      1954
                                             1925
                                             1895
 MINIMUM TEMPERATURE (F)   59        42      1901


SUNRISE AND SUNSET
SEPTEMBER 19 2014.....SUNRISE   728 AM EDT   SUNSET   745 PM EDT
SEPTEMBER 20 2014.....SUNRISE   729 AM EDT   SUNSET   743 PM EDT


-  INDICATES NEGATIVE NUMBERS.
R  INDICATES RECORD WAS SET OR TIED.
MM INDICATES DATA IS MISSING.
T  INDICATES TRACE AMOUNT.




$$
