742
CDUS43 KLMK 270627
CLISDF


CLIMATE REPORT
NATIONAL WEATHER SERVICE LOUISVILLE KY
227 AM EDT THU APR 27 2017


...................................

...THE LOUISVILLE KY CLIMATE SUMMARY FOR APRIL 26 2017...

CLIMATE NORMAL PERIOD 1981 TO 2010
CLIMATE RECORD PERIOD 1871 TO 2017


WEATHER ITEM   OBSERVED TIME   RECORD YEAR NORMAL DEPARTURE LAST
                VALUE   (LST)  VALUE       VALUE  FROM      YEAR
                                                  NORMAL
..................................................................
TEMPERATURE (F)
 YESTERDAY
  MAXIMUM         86    323 PM  90    1989  72     14       86
  MINIMUM         59    609 AM  35    1947  51      8       63
                                      1873
  AVERAGE         73                        61     12       75

PRECIPITATION (IN)
  YESTERDAY        0.00          2.93 1912   0.15  -0.15     0.33
  MONTH TO DATE    2.90                      3.41  -0.51     1.87
  SINCE MAR 1      6.58                      7.58  -1.00     7.37
  SINCE JAN 1     12.85                     14.00  -1.15    13.19

SNOWFALL (IN)
  YESTERDAY        0.0           T    1989   0.0    0.0      0.0
  MONTH TO DATE    0.0                       0.1   -0.1      0.0
  SINCE MAR 1      T                         1.5   -1.5      0.5
  SINCE JUL 1      2.7                      12.5   -9.8     14.9
  SNOW DEPTH       0

DEGREE DAYS
 HEATING
  YESTERDAY        0                         5     -5        0
  MONTH TO DATE   89                       226   -137      201
  SINCE MAR 1    547                       764   -217      537
  SINCE JUL 1   3012                      4005   -993     3159

 COOLING
  YESTERDAY        8                         2      6       10
  MONTH TO DATE   83                        33     50       48
  SINCE MAR 1     94                        39     55       55
  SINCE JAN 1     99                        39     60       55
..................................................................


WIND (MPH)
  HIGHEST WIND SPEED    23   HIGHEST WIND DIRECTION     S (160)
  HIGHEST GUST SPEED    33   HIGHEST GUST DIRECTION     S (170)
  AVERAGE WIND SPEED    11.4


SKY COVER
  POSSIBLE SUNSHINE  MM
  AVERAGE SKY COVER 0.6


WEATHER CONDITIONS
 THE FOLLOWING WEATHER WAS RECORDED YESTERDAY.
  NO SIGNIFICANT WEATHER WAS OBSERVED.


RELATIVE HUMIDITY (PERCENT)
 HIGHEST    87           500 AM
 LOWEST     34           500 PM
 AVERAGE    61

..........................................................


THE LOUISVILLE KY CLIMATE NORMALS FOR TODAY
                         NORMAL    RECORD    YEAR
 MAXIMUM TEMPERATURE (F)   72        88      1986
                                             1899
 MINIMUM TEMPERATURE (F)   51        34      1996
                                             1976


SUNRISE AND SUNSET
APRIL 27 2017.........SUNRISE   651 AM EDT   SUNSET   831 PM EDT
APRIL 28 2017.........SUNRISE   650 AM EDT   SUNSET   832 PM EDT


-  INDICATES NEGATIVE NUMBERS.
R  INDICATES RECORD WAS SET OR TIED.
MM INDICATES DATA IS MISSING.
T  INDICATES TRACE AMOUNT.




$$
