000
CDUS43 KLMK 182026
CLISDF


CLIMATE REPORT
NATIONAL WEATHER SERVICE LOUISVILLE KY
426 PM EDT SAT OCT 18 2014


...................................

...THE LOUISVILLE KY CLIMATE SUMMARY FOR OCTOBER 18 2014...
VALID TODAY AS OF 0400 PM LOCAL TIME.

CLIMATE NORMAL PERIOD 1981 TO 2010
CLIMATE RECORD PERIOD 1871 TO 2014


WEATHER ITEM   OBSERVED TIME   RECORD YEAR NORMAL DEPARTURE LAST
                VALUE   (LST)  VALUE       VALUE  FROM      YEAR
                                                  NORMAL
..................................................................
TEMPERATURE (F)
 TODAY
  MAXIMUM         61   1216 PM  86    1910  69     -8       68
                                      1908
  MINIMUM         54    959 AM  25    1948  48      6       44
  AVERAGE         58                        59     -1       56

PRECIPITATION (IN)
  TODAY            T             5.07 2004   0.10  -0.10     0.00
  MONTH TO DATE    3.03                      1.89   1.14     7.63
  SINCE SEP 1      6.34                      4.94   1.40    10.33
  SINCE JAN 1     37.51                     36.16   1.35    42.14

SNOWFALL (IN)
  TODAY            0.0           T    1989   0.0    0.0      0.0
  MONTH TO DATE    0.0                       0.0    0.0      0.0
  SINCE SEP 1      0.0                       0.0    0.0      0.0
  SINCE JUL 1      0.0                       0.0    0.0      0.0
  SNOW DEPTH       0

DEGREE DAYS
 HEATING
  TODAY            7                         7      0        9
  MONTH TO DATE   74                        95    -21       43
  SINCE SEP 1     87                       125    -38       49
  SINCE JUL 1     87                       125    -38       49

 COOLING
  TODAY            0                         1     -1        0
  MONTH TO DATE   25                        33     -8       53
  SINCE SEP 1    228                       243    -15      288
  SINCE JAN 1   1620                      1600     20     1628
..................................................................


WIND (MPH)
  HIGHEST WIND SPEED    20   HIGHEST WIND DIRECTION     N (360)
  HIGHEST GUST SPEED    23   HIGHEST GUST DIRECTION     N (360)
  AVERAGE WIND SPEED     8.8


SKY COVER
  POSSIBLE SUNSHINE  MM
  AVERAGE SKY COVER 1.0


WEATHER CONDITIONS
 THE FOLLOWING WEATHER WAS RECORDED TODAY.
  LIGHT RAIN


RELATIVE HUMIDITY (PERCENT)
 HIGHEST    72           700 AM
 LOWEST     57           400 AM
 AVERAGE    65

..........................................................


THE LOUISVILLE KY CLIMATE NORMALS FOR TOMORROW
                         NORMAL    RECORD    YEAR
 MAXIMUM TEMPERATURE (F)   69        87      2005
 MINIMUM TEMPERATURE (F)   48        30      1948


SUNRISE AND SUNSET
OCTOBER 18 2014.......SUNRISE   755 AM EDT   SUNSET   701 PM EDT
OCTOBER 19 2014.......SUNRISE   756 AM EDT   SUNSET   700 PM EDT


-  INDICATES NEGATIVE NUMBERS.
R  INDICATES RECORD WAS SET OR TIED.
MM INDICATES DATA IS MISSING.
T  INDICATES TRACE AMOUNT.




$$
