000
CDUS43 KLMK 280633
CLISDF


CLIMATE REPORT
NATIONAL WEATHER SERVICE LOUISVILLE KY
131 AM EST WED JAN 28 2015


...................................

...THE LOUISVILLE KY CLIMATE SUMMARY FOR JANUARY 27 2015...

CLIMATE NORMAL PERIOD 1981 TO 2010
CLIMATE RECORD PERIOD 1871 TO 2015


WEATHER ITEM   OBSERVED TIME   RECORD YEAR NORMAL DEPARTURE LAST
                VALUE   (LST)  VALUE       VALUE  FROM      YEAR
                                                  NORMAL
..................................................................
TEMPERATURE (F)
 YESTERDAY
  MAXIMUM         36    303 PM  72    1944  44     -8       50
  MINIMUM         26   1152 PM -10    1936  27     -1       10
  AVERAGE         31                        35     -4       30

PRECIPITATION (IN)
  YESTERDAY        T             1.64 2009   0.10  -0.10     0.00
  MONTH TO DATE    0.82                      2.80  -1.98     2.41
  SINCE DEC 1      4.39                      6.63  -2.24     7.84
  SINCE JAN 1      0.82                      2.80  -1.98     2.41

SNOWFALL (IN)
  YESTERDAY        0.1           4.1  2009   0.2   -0.1      0.0
  MONTH TO DATE    1.1                       3.1   -2.0      8.3
  SINCE DEC 1      1.1                       5.7   -4.6     13.6
  SINCE JUL 1      4.8                       5.9   -1.1     14.1
  SNOW DEPTH       T

DEGREE DAYS
 HEATING
  YESTERDAY       34                        30      4       35
  MONTH TO DATE  843                       810     33      949
  SINCE DEC 1   1579                      1651    -72     1760
  SINCE JUL 1   2465                      2386     79     2590

 COOLING
  YESTERDAY        0                         0      0        0
  MONTH TO DATE    0                         0      0        0
  SINCE DEC 1      0                         1     -1        0
  SINCE JAN 1      0                         0      0        0
..................................................................


WIND (MPH)
  HIGHEST WIND SPEED    14   HIGHEST WIND DIRECTION     N (10)
  HIGHEST GUST SPEED    16   HIGHEST GUST DIRECTION     N (360)
  AVERAGE WIND SPEED     6.4


SKY COVER
  POSSIBLE SUNSHINE  MM
  AVERAGE SKY COVER 0.8


WEATHER CONDITIONS
 THE FOLLOWING WEATHER WAS RECORDED YESTERDAY.
  LIGHT SNOW
  FOG
  HAZE


RELATIVE HUMIDITY (PERCENT)
 HIGHEST    92           200 AM
 LOWEST     49           800 PM
 AVERAGE    71

..........................................................


THE LOUISVILLE KY CLIMATE NORMALS FOR TODAY
                         NORMAL    RECORD    YEAR
 MAXIMUM TEMPERATURE (F)   44        69      1914
 MINIMUM TEMPERATURE (F)   27       -15      1963


SUNRISE AND SUNSET
JANUARY 28 2015.......SUNRISE   751 AM EST   SUNSET   601 PM EST
JANUARY 29 2015.......SUNRISE   750 AM EST   SUNSET   602 PM EST


-  INDICATES NEGATIVE NUMBERS.
R  INDICATES RECORD WAS SET OR TIED.
MM INDICATES DATA IS MISSING.
T  INDICATES TRACE AMOUNT.




$$
