000
CDUS43 KLMK 110629
CLISDF


CLIMATE REPORT
NATIONAL WEATHER SERVICE LOUISVILLE KY
128 AM EST WED JAN 11 2017


...................................

...THE LOUISVILLE KY CLIMATE SUMMARY FOR JANUARY 10 2017...

CLIMATE NORMAL PERIOD 1981 TO 2010
CLIMATE RECORD PERIOD 1871 TO 2017


WEATHER ITEM   OBSERVED TIME   RECORD YEAR NORMAL DEPARTURE LAST
                VALUE   (LST)  VALUE       VALUE  FROM      YEAR
                                                  NORMAL
..................................................................
TEMPERATURE (F)
 YESTERDAY
  MAXIMUM         57    926 PM  66    1975  43     14       51
  MINIMUM         41   1235 AM -11    1982  27     14       13
  AVERAGE         49                        35     14       32

PRECIPITATION (IN)
  YESTERDAY        0.44          1.98 1924   0.10   0.34     0.07
  MONTH TO DATE    0.95                      1.06  -0.11     0.40
  SINCE DEC 1      6.25                      4.89   1.36     6.98
  SINCE JAN 1      0.95                      1.06  -0.11     0.40

SNOWFALL (IN)
  YESTERDAY        0.0           4.9  1954   0.1   -0.1      0.8
  MONTH TO DATE    2.3                       1.1    1.2      0.8
  SINCE DEC 1      2.4                       3.7   -1.3      0.8
  SINCE JUL 1      2.4                       3.9   -1.5      0.8
  SNOW DEPTH       0

DEGREE DAYS
 HEATING
  YESTERDAY       16                        30    -14       33
  MONTH TO DATE  320                       300     20      262
  SINCE DEC 1   1151                      1141     10      720
  SINCE JUL 1   1618                      1876   -258     1244

 COOLING
  YESTERDAY        0                         0      0        0
  MONTH TO DATE    0                         0      0        0
  SINCE DEC 1      1                         1      0        3
  SINCE JAN 1      0                         0      0        0
..................................................................


WIND (MPH)
  HIGHEST WIND SPEED    33   HIGHEST WIND DIRECTION     S (190)
  HIGHEST GUST SPEED    46   HIGHEST GUST DIRECTION     S (180)
  AVERAGE WIND SPEED    19.6


SKY COVER
  POSSIBLE SUNSHINE  MM
  AVERAGE SKY COVER 0.9


WEATHER CONDITIONS
 THE FOLLOWING WEATHER WAS RECORDED YESTERDAY.
  THUNDERSTORM
  HEAVY RAIN
  RAIN
  LIGHT RAIN
  FOG


RELATIVE HUMIDITY (PERCENT)
 HIGHEST    77          1000 PM
 LOWEST     30          1200 AM
 AVERAGE    54

..........................................................


THE LOUISVILLE KY CLIMATE NORMALS FOR TODAY
                         NORMAL    RECORD    YEAR
 MAXIMUM TEMPERATURE (F)   43        69      1890
 MINIMUM TEMPERATURE (F)   27        -8      1977
                                             1886


SUNRISE AND SUNSET
JANUARY 11 2017.......SUNRISE   759 AM EST   SUNSET   543 PM EST
JANUARY 12 2017.......SUNRISE   759 AM EST   SUNSET   544 PM EST


-  INDICATES NEGATIVE NUMBERS.
R  INDICATES RECORD WAS SET OR TIED.
MM INDICATES DATA IS MISSING.
T  INDICATES TRACE AMOUNT.

$$

SCHOETTMER
