000
CDUS43 KLMK 230628
CLISDF


CLIMATE REPORT
NATIONAL WEATHER SERVICE LOUISVILLE KY
128 AM EST MON FEB 23 2015


...................................

...THE LOUISVILLE KY CLIMATE SUMMARY FOR FEBRUARY 22 2015...

CLIMATE NORMAL PERIOD 1981 TO 2010
CLIMATE RECORD PERIOD 1871 TO 2015


WEATHER ITEM   OBSERVED TIME   RECORD YEAR NORMAL DEPARTURE LAST
                VALUE   (LST)  VALUE       VALUE  FROM      YEAR
                                                  NORMAL
..................................................................
TEMPERATURE (F)
 YESTERDAY
  MAXIMUM         35    318 PM  71    1992  50    -15       64
                                      1922
  MINIMUM         23    642 AM  -2    1963  32     -9       37
  AVERAGE         29                        41    -12       51

PRECIPITATION (IN)
  YESTERDAY        0.00          1.45 1994   0.12  -0.12     0.00
  MONTH TO DATE    2.23                      2.49  -0.26     3.68
  SINCE DEC 1      6.67                      9.56  -2.89    11.52
  SINCE JAN 1      3.10                      5.73  -2.63     6.09

SNOWFALL (IN)
  YESTERDAY        0.0           1.1  1914   0.2   -0.2      0.0
  MONTH TO DATE   10.9                       3.8    7.1      7.1
  SINCE DEC 1     12.0                      10.1    1.9     20.7
  SINCE JUL 1     15.7                      10.3    5.4     21.2
  SNOW DEPTH       3

DEGREE DAYS
 HEATING
  YESTERDAY       36                        24     12       14
  MONTH TO DATE  792                       592    200      686
  SINCE DEC 1   2488                      2366    122     2616
  SINCE JUL 1   3374                      3101    273     3446

 COOLING
  YESTERDAY        0                         0      0        0
  MONTH TO DATE    0                         0      0        0
  SINCE DEC 1      0                         1     -1        0
  SINCE JAN 1      0                         0      0        0
..................................................................


WIND (MPH)
  HIGHEST WIND SPEED    22   HIGHEST WIND DIRECTION     N (350)
  HIGHEST GUST SPEED    26   HIGHEST GUST DIRECTION     N (340)
  AVERAGE WIND SPEED     8.3


SKY COVER
  POSSIBLE SUNSHINE  MM
  AVERAGE SKY COVER 0.8


WEATHER CONDITIONS
 THE FOLLOWING WEATHER WAS RECORDED YESTERDAY.
  FOG
  HAZE


RELATIVE HUMIDITY (PERCENT)
 HIGHEST    92          1200 AM
 LOWEST     63          1000 PM
 AVERAGE    78

..........................................................


THE LOUISVILLE KY CLIMATE NORMALS FOR TODAY
                         NORMAL    RECORD    YEAR
 MAXIMUM TEMPERATURE (F)   50        76      1996
 MINIMUM TEMPERATURE (F)   32         5      1963


SUNRISE AND SUNSET
FEBRUARY 23 2015......SUNRISE   723 AM EST   SUNSET   630 PM EST
FEBRUARY 24 2015......SUNRISE   722 AM EST   SUNSET   631 PM EST


-  INDICATES NEGATIVE NUMBERS.
R  INDICATES RECORD WAS SET OR TIED.
MM INDICATES DATA IS MISSING.
T  INDICATES TRACE AMOUNT.




$$
