000
CDUS43 KLMK 242134
CLISDF


CLIMATE REPORT
NATIONAL WEATHER SERVICE LOUISVILLE KY
434 PM EST FRI FEB 24 2017


...................................

...THE LOUISVILLE KY CLIMATE SUMMARY FOR FEBRUARY 24 2017...
VALID TODAY AS OF 0400 PM LOCAL TIME.

CLIMATE NORMAL PERIOD 1981 TO 2010
CLIMATE RECORD PERIOD 1871 TO 2017


WEATHER ITEM   OBSERVED TIME   RECORD YEAR NORMAL DEPARTURE LAST
                VALUE   (LST)  VALUE       VALUE  FROM      YEAR
                                                  NORMAL
..................................................................
TEMPERATURE (F)
 TODAY
  MAXIMUM         81R   338 PM  71    2000  51     30       60
  MINIMUM         59    131 AM   3    1914  32     27       36
  AVERAGE         70                        41     29       48

PRECIPITATION (IN)
  TODAY            0.00          2.31 2011   0.12  -0.12     1.39
  MONTH TO DATE    0.71                      2.72  -2.01     4.69
  SINCE DEC 1     10.22                      9.79   0.43    12.28
  SINCE JAN 1      4.92                      5.96  -1.04     5.70

SNOWFALL (IN)
  TODAY            0.0           2.5  1885   0.2   -0.2       T
  MONTH TO DATE    T                         4.1   -4.1      6.2
  SINCE DEC 1      2.7                      10.4   -7.7     14.4
  SINCE JUL 1      2.7                      10.6   -7.9     14.4
  SNOW DEPTH       0

DEGREE DAYS
 HEATING
  TODAY            0                        24    -24       17
  MONTH TO DATE  378                       640   -262      612
  SINCE DEC 1   1930                      2414   -484     2004
  SINCE JUL 1   2397                      3149   -752     2528

 COOLING
  TODAY            5                         0      5        0
  MONTH TO DATE    7                         0      7        0
  SINCE DEC 1      8                         1      7        3
  SINCE JAN 1      7                         0      7        0
..................................................................


WIND (MPH)
  HIGHEST WIND SPEED    29   HIGHEST WIND DIRECTION     S (190)
  HIGHEST GUST SPEED    38   HIGHEST GUST DIRECTION    SW (210)
  AVERAGE WIND SPEED    14.8


SKY COVER
  POSSIBLE SUNSHINE  MM
  AVERAGE SKY COVER 0.8


WEATHER CONDITIONS
 THE FOLLOWING WEATHER WAS RECORDED TODAY.
  NO SIGNIFICANT WEATHER WAS OBSERVED.


RELATIVE HUMIDITY (PERCENT)
 HIGHEST    78           100 AM
 LOWEST     33           300 PM
 AVERAGE    56

..........................................................


THE LOUISVILLE KY CLIMATE NORMALS FOR TOMORROW
                         NORMAL    RECORD    YEAR
 MAXIMUM TEMPERATURE (F)   51        77      2000
 MINIMUM TEMPERATURE (F)   32         0      1967
                                             1900


SUNRISE AND SUNSET
FEBRUARY 24 2017......SUNRISE   721 AM EST   SUNSET   631 PM EST
FEBRUARY 25 2017......SUNRISE   720 AM EST   SUNSET   632 PM EST


-  INDICATES NEGATIVE NUMBERS.
R  INDICATES RECORD WAS SET OR TIED.
MM INDICATES DATA IS MISSING.
T  INDICATES TRACE AMOUNT.




$$
