000
CDUS43 KLMK 242030
CLISDF


CLIMATE REPORT
NATIONAL WEATHER SERVICE LOUISVILLE KY
430 PM EDT TUE MAR 24 2015


...................................

...THE LOUISVILLE KY CLIMATE SUMMARY FOR MARCH 24 2015...
VALID TODAY AS OF 0400 PM LOCAL TIME.

CLIMATE NORMAL PERIOD 1981 TO 2010
CLIMATE RECORD PERIOD 1871 TO 2015


WEATHER ITEM   OBSERVED TIME   RECORD YEAR NORMAL DEPARTURE LAST
                VALUE   (LST)  VALUE       VALUE  FROM      YEAR
                                                  NORMAL
..................................................................
TEMPERATURE (F)
 TODAY
  MAXIMUM         46    259 PM  88    1929  61    -15       46
                                      1910
  MINIMUM         36    740 AM  17    1896  40     -4       27
  AVERAGE         41                        50     -9       37

PRECIPITATION (IN)
  TODAY            0.03          1.00 1921   0.14  -0.11     0.00
  MONTH TO DATE    7.15                      3.18   3.97     1.24
  SINCE MAR 1      7.15                      3.18   3.97     1.24
  SINCE JAN 1     10.25                      9.60   0.65     7.40

SNOWFALL (IN)
  TODAY            0.0           2.5  1990   0.0    0.0      0.0
  MONTH TO DATE   11.9                       1.2   10.7      3.8
  SINCE MAR 1     11.9                       1.2   10.7      3.8
  SINCE JUL 1     27.6                      12.2   15.4     25.6
  SNOW DEPTH       0

DEGREE DAYS
 HEATING
  TODAY           24                        15      9       28
  MONTH TO DATE  454                       444     10      514
  SINCE MAR 1    454                       444     10      514
  SINCE JUL 1   4074                      3685    389     4168

 COOLING
  TODAY            0                         0      0        0
  MONTH TO DATE    1                         0      1        0
  SINCE MAR 1      1                         0      1        0
  SINCE JAN 1      1                         0      1        0
..................................................................


WIND (MPH)
  HIGHEST WIND SPEED    13   HIGHEST WIND DIRECTION     E (80)
  HIGHEST GUST SPEED    17   HIGHEST GUST DIRECTION    NE (50)
  AVERAGE WIND SPEED     8.6


SKY COVER
  POSSIBLE SUNSHINE  MM
  AVERAGE SKY COVER 0.8


WEATHER CONDITIONS
 THE FOLLOWING WEATHER WAS RECORDED TODAY.
  LIGHT RAIN


RELATIVE HUMIDITY (PERCENT)
 HIGHEST    75           700 AM
 LOWEST     53          1200 PM
 AVERAGE    64

..........................................................


THE LOUISVILLE KY CLIMATE NORMALS FOR TOMORROW
                         NORMAL    RECORD    YEAR
 MAXIMUM TEMPERATURE (F)   61        88      1929
 MINIMUM TEMPERATURE (F)   41        18      1974
                                             1940


SUNRISE AND SUNSET
MARCH 24 2015.........SUNRISE   741 AM EDT   SUNSET   758 PM EDT
MARCH 25 2015.........SUNRISE   739 AM EDT   SUNSET   759 PM EDT


-  INDICATES NEGATIVE NUMBERS.
R  INDICATES RECORD WAS SET OR TIED.
MM INDICATES DATA IS MISSING.
T  INDICATES TRACE AMOUNT.




$$
