000
CDUS43 KLMK 200632
CLISDF


CLIMATE REPORT
NATIONAL WEATHER SERVICE LOUISVILLE KY
231 AM EDT WED JUL 20 2016


...................................

...THE LOUISVILLE KY CLIMATE SUMMARY FOR JULY 19 2016...

CLIMATE NORMAL PERIOD 1981 TO 2010
CLIMATE RECORD PERIOD 1871 TO 2016


WEATHER ITEM   OBSERVED TIME   RECORD YEAR NORMAL DEPARTURE LAST
                VALUE   (LST)  VALUE       VALUE  FROM      YEAR
                                                  NORMAL
..................................................................
TEMPERATURE (F)
 YESTERDAY
  MAXIMUM         94    313 PM 100    1980  89      5       93
  MINIMUM         75    609 AM  56    2009  70      5       78
  AVERAGE         85                        79      6       86

PRECIPITATION (IN)
  YESTERDAY        0.00          3.12 1989   0.13  -0.13     0.00
  MONTH TO DATE    2.58                      2.52   0.06     8.12
  SINCE JUN 1      6.83                      6.31   0.52    14.94
  SINCE JAN 1     25.89                     26.18  -0.29    39.06

SNOWFALL (IN)
  YESTERDAY        0.0          MM      MM   0.0    0.0      0.0
  MONTH TO DATE    0.0                       0.0    0.0      0.0
  SINCE JUN 1      0.0                       0.0    0.0      0.0
  SINCE JUL 1      0.0                       0.0    0.0      0.0
  SNOW DEPTH       0

DEGREE DAYS
 HEATING
  YESTERDAY        0                         0      0        0
  MONTH TO DATE    0                         0      0        0
  SINCE JUN 1      0                         5     -5        6
  SINCE JUL 1      0                         0      0        0

 COOLING
  YESTERDAY       20                        14      6       21
  MONTH TO DATE  276                       266     10      260
  SINCE JUN 1    681                       590     91      646
  SINCE JAN 1    874                       764    110      897
..................................................................


WIND (MPH)
  HIGHEST WIND SPEED    13   HIGHEST WIND DIRECTION     N (10)
  HIGHEST GUST SPEED    15   HIGHEST GUST DIRECTION    NE (40)
  AVERAGE WIND SPEED     3.7


SKY COVER
  POSSIBLE SUNSHINE  MM
  AVERAGE SKY COVER 0.5


WEATHER CONDITIONS
 THE FOLLOWING WEATHER WAS RECORDED YESTERDAY.
  NO SIGNIFICANT WEATHER WAS OBSERVED.


RELATIVE HUMIDITY (PERCENT)
 HIGHEST    87           400 AM
 LOWEST     44           300 PM
 AVERAGE    66

..........................................................


THE LOUISVILLE KY CLIMATE NORMALS FOR TODAY
                         NORMAL    RECORD    YEAR
 MAXIMUM TEMPERATURE (F)   89       100      1954
 MINIMUM TEMPERATURE (F)   70        55      1947
                                             1929


SUNRISE AND SUNSET
JULY 20 2016..........SUNRISE   636 AM EDT   SUNSET   902 PM EDT
JULY 21 2016..........SUNRISE   637 AM EDT   SUNSET   901 PM EDT


-  INDICATES NEGATIVE NUMBERS.
R  INDICATES RECORD WAS SET OR TIED.
MM INDICATES DATA IS MISSING.
T  INDICATES TRACE AMOUNT.

$$

SCHOETTMER
