130
CDUS43 KLMK 252036
CLISDF


CLIMATE REPORT
NATIONAL WEATHER SERVICE LOUISVILLE KY
432 PM EDT MON APR 25 2016


...................................

...THE LOUISVILLE KY CLIMATE SUMMARY FOR APRIL 25 2016...
VALID TODAY AS OF 0400 PM LOCAL TIME.

CLIMATE NORMAL PERIOD 1981 TO 2010
CLIMATE RECORD PERIOD 1871 TO 2016


WEATHER ITEM   OBSERVED TIME   RECORD YEAR NORMAL DEPARTURE LAST
                VALUE   (LST)  VALUE       VALUE  FROM      YEAR
                                                  NORMAL
..................................................................
TEMPERATURE (F)
 TODAY
  MAXIMUM         84    240 PM  88    1990  72     12       63
                                      1989
                                      1915
  MINIMUM         58    608 AM  29    1919  50      8       47
  AVERAGE         71                        61     10       55

PRECIPITATION (IN)
  TODAY            0.00          2.11 1880   0.15  -0.15     0.21
  MONTH TO DATE    1.54                      3.26  -1.72    10.82
  SINCE MAR 1      7.04                      7.43  -0.39    18.62
  SINCE JAN 1     12.86                     13.85  -0.99    21.72

SNOWFALL (IN)
  TODAY            0.0           0.0    MM   0.0    0.0      0.0
  MONTH TO DATE    0.0                       0.1   -0.1      0.0
  SINCE MAR 1      0.5                       1.5   -1.0     11.9
  SINCE JUL 1     14.9                      12.5    2.4     27.6
  SNOW DEPTH       0

DEGREE DAYS
 HEATING
  TODAY            0                         6     -6       10
  MONTH TO DATE  201                       221    -20      133
  SINCE MAR 1    537                       759   -222      699
  SINCE JUL 1   3159                      4000   -841     4319

 COOLING
  TODAY            6                         2      4        0
  MONTH TO DATE   38                        31      7       41
  SINCE MAR 1     45                        37      8       42
  SINCE JAN 1     45                        37      8       42
..................................................................


WIND (MPH)
  HIGHEST WIND SPEED    24   HIGHEST WIND DIRECTION    SW (230)
  HIGHEST GUST SPEED    32   HIGHEST GUST DIRECTION     W (250)
  AVERAGE WIND SPEED     8.6


SKY COVER
  POSSIBLE SUNSHINE  MM
  AVERAGE SKY COVER 0.6


WEATHER CONDITIONS
 THE FOLLOWING WEATHER WAS RECORDED TODAY.
  NO SIGNIFICANT WEATHER WAS OBSERVED.


RELATIVE HUMIDITY (PERCENT)
 HIGHEST    77           600 AM
 LOWEST     31           200 PM
 AVERAGE    54

..........................................................


THE LOUISVILLE KY CLIMATE NORMALS FOR TOMORROW
                         NORMAL    RECORD    YEAR
 MAXIMUM TEMPERATURE (F)   72        90      1989
 MINIMUM TEMPERATURE (F)   51        35      1947
                                             1873


SUNRISE AND SUNSET
APRIL 25 2016.........SUNRISE   653 AM EDT   SUNSET   829 PM EDT
APRIL 26 2016.........SUNRISE   652 AM EDT   SUNSET   830 PM EDT


-  INDICATES NEGATIVE NUMBERS.
R  INDICATES RECORD WAS SET OR TIED.
MM INDICATES DATA IS MISSING.
T  INDICATES TRACE AMOUNT.




$$
