000
CDUS43 KLMK 212127
CLISDF


CLIMATE REPORT
NATIONAL WEATHER SERVICE LOUISVILLE KY
427 PM EST SAT JAN 21 2017


...................................

...THE LOUISVILLE KY CLIMATE SUMMARY FOR JANUARY 21 2017...
VALID TODAY AS OF 0400 PM LOCAL TIME.

CLIMATE NORMAL PERIOD 1981 TO 2010
CLIMATE RECORD PERIOD 1871 TO 2017


WEATHER ITEM   OBSERVED TIME   RECORD YEAR NORMAL DEPARTURE LAST
                VALUE   (LST)  VALUE       VALUE  FROM      YEAR
                                                  NORMAL
..................................................................
TEMPERATURE (F)
 TODAY
  MAXIMUM         68    309 PM  72    1906  43     25       28
  MINIMUM         50    745 AM -11    1985  27     23       21
  AVERAGE         59                        35     24       25

PRECIPITATION (IN)
  TODAY            0.00          3.68 1937   0.10  -0.10     0.00
  MONTH TO DATE    4.20                      2.19   2.01     0.85
  SINCE DEC 1      9.50                      6.02   3.48     7.43
  SINCE JAN 1      4.20                      2.19   2.01     0.85

SNOWFALL (IN)
  TODAY            0.0           5.0  1926   0.1   -0.1      0.0
  MONTH TO DATE    2.3                       2.3    0.0      6.3
  SINCE DEC 1      2.4                       4.9   -2.5      6.3
  SINCE JUL 1      2.4                       5.1   -2.7      6.3
  SNOW DEPTH       0

DEGREE DAYS
 HEATING
  TODAY            6                        30    -24       40
  MONTH TO DATE  500                       630   -130      673
  SINCE DEC 1   1331                      1471   -140     1131
  SINCE JUL 1   1798                      2206   -408     1655

 COOLING
  TODAY            0                         0      0        0
  MONTH TO DATE    0                         0      0        0
  SINCE DEC 1      1                         1      0        3
  SINCE JAN 1      0                         0      0        0
..................................................................


WIND (MPH)
  HIGHEST WIND SPEED    17   HIGHEST WIND DIRECTION     S (190)
  HIGHEST GUST SPEED    21   HIGHEST GUST DIRECTION     S (190)
  AVERAGE WIND SPEED     8.5


SKY COVER
  POSSIBLE SUNSHINE  MM
  AVERAGE SKY COVER 0.7


WEATHER CONDITIONS
 THE FOLLOWING WEATHER WAS RECORDED TODAY.
  NO SIGNIFICANT WEATHER WAS OBSERVED.


RELATIVE HUMIDITY (PERCENT)
 HIGHEST    89           700 AM
 LOWEST     58           300 PM
 AVERAGE    74

..........................................................


THE LOUISVILLE KY CLIMATE NORMALS FOR TOMORROW
                         NORMAL    RECORD    YEAR
 MAXIMUM TEMPERATURE (F)   43        69      1999
                                             1933
 MINIMUM TEMPERATURE (F)   27        -9      1936


SUNRISE AND SUNSET
JANUARY 21 2017.......SUNRISE   755 AM EST   SUNSET   554 PM EST
JANUARY 22 2017.......SUNRISE   755 AM EST   SUNSET   555 PM EST


-  INDICATES NEGATIVE NUMBERS.
R  INDICATES RECORD WAS SET OR TIED.
MM INDICATES DATA IS MISSING.
T  INDICATES TRACE AMOUNT.




$$
