000
CDUS43 KLMK 120628
CLISDF


CLIMATE REPORT
NATIONAL WEATHER SERVICE LOUISVILLE KY
228 AM EDT SAT APR 12 2014


...................................

...THE LOUISVILLE KY CLIMATE SUMMARY FOR APRIL 11 2014...

CLIMATE NORMAL PERIOD 1981 TO 2010
CLIMATE RECORD PERIOD 1871 TO 2014


WEATHER ITEM   OBSERVED TIME   RECORD YEAR NORMAL DEPARTURE LAST
                VALUE   (LST)  VALUE       VALUE  FROM      YEAR
                                                  NORMAL
..................................................................
TEMPERATURE (F)
 YESTERDAY
  MAXIMUM         77    300 PM  89    1930  68      9       78
  MINIMUM         59   1140 PM  27    1989  46     13       54
                                      1961
  AVERAGE         68                        57     11       66

PRECIPITATION (IN)
  YESTERDAY        0.00          2.37 2011   0.13  -0.13     1.13
  MONTH TO DATE    3.75                      1.37   2.38     1.13
  SINCE MAR 1      6.05                      5.54   0.51     5.38
  SINCE JAN 1     12.21                     11.96   0.25    12.40

SNOWFALL (IN)
  YESTERDAY        0.0           0.4  1918   0.0    0.0      0.0
  MONTH TO DATE    0.0                       0.1   -0.1      0.0
  SINCE MAR 1      4.1                       1.5    2.6      1.7
  SINCE JUL 1     25.9                      12.5   13.4      9.8
  SNOW DEPTH       0

DEGREE DAYS
 HEATING
  YESTERDAY        0                         9     -9        0
  MONTH TO DATE   89                       118    -29      103
  SINCE MAR 1    737                       656     81      838
  SINCE JUL 1   4391                      3897    494     3920

 COOLING
  YESTERDAY        3                         1      2        1
  MONTH TO DATE    6                        11     -5       24
  SINCE MAR 1      6                        17    -11       24
  SINCE JAN 1      6                        17    -11       24
..................................................................


WIND (MPH)
  HIGHEST WIND SPEED    23   HIGHEST WIND DIRECTION     W (250)
  HIGHEST GUST SPEED    28   HIGHEST GUST DIRECTION    SW (240)
  AVERAGE WIND SPEED    10.1


SKY COVER
  POSSIBLE SUNSHINE  MM
  AVERAGE SKY COVER 0.8


WEATHER CONDITIONS
 THE FOLLOWING WEATHER WAS RECORDED YESTERDAY.
  NO SIGNIFICANT WEATHER WAS OBSERVED.


RELATIVE HUMIDITY (PERCENT)
 HIGHEST    58           800 PM
 LOWEST     37          1200 AM
 AVERAGE    48

..........................................................


THE LOUISVILLE KY CLIMATE NORMALS FOR TODAY
                         NORMAL    RECORD    YEAR
 MAXIMUM TEMPERATURE (F)   68        87      1930
                                             1896
 MINIMUM TEMPERATURE (F)   46        25      1939


SUNRISE AND SUNSET
APRIL 12 2014.........SUNRISE   712 AM EDT   SUNSET   816 PM EDT
APRIL 13 2014.........SUNRISE   710 AM EDT   SUNSET   817 PM EDT


-  INDICATES NEGATIVE NUMBERS.
R  INDICATES RECORD WAS SET OR TIED.
MM INDICATES DATA IS MISSING.
T  INDICATES TRACE AMOUNT.




$$
