000
CDUS43 KLMK 190630
CLISDF


CLIMATE REPORT
NATIONAL WEATHER SERVICE LOUISVILLE KY
230 AM EDT SAT APR 19 2014


...................................

...THE LOUISVILLE KY CLIMATE SUMMARY FOR APRIL 18 2014...

CLIMATE NORMAL PERIOD 1981 TO 2010
CLIMATE RECORD PERIOD 1871 TO 2014


WEATHER ITEM   OBSERVED TIME   RECORD YEAR NORMAL DEPARTURE LAST
                VALUE   (LST)  VALUE       VALUE  FROM      YEAR
                                                  NORMAL
..................................................................
TEMPERATURE (F)
 YESTERDAY
  MAXIMUM         74    159 PM  90    1896  70      4       84
  MINIMUM         47    653 AM  21    1875  48     -1       65
  AVERAGE         61                        59      2       75

PRECIPITATION (IN)
  YESTERDAY        0.00          1.99 1887   0.14  -0.14      T
  MONTH TO DATE    4.62                      2.27   2.35     1.82
  SINCE MAR 1      6.92                      6.44   0.48     6.07
  SINCE JAN 1     13.08                     12.86   0.22    13.09

SNOWFALL (IN)
  YESTERDAY        0.0           0.4  1953   0.0    0.0      0.0
  MONTH TO DATE    0.1                       0.1    0.0      0.0
  SINCE MAR 1      4.2                       1.5    2.7      1.7
  SINCE JUL 1     26.0                      12.5   13.5      9.8
  SNOW DEPTH       0

DEGREE DAYS
 HEATING
  YESTERDAY        4                         7     -3        0
  MONTH TO DATE  156                       176    -20      139
  SINCE MAR 1    804                       714     90      874
  SINCE JUL 1   4458                      3955    503     3956

 COOLING
  YESTERDAY        0                         1     -1       10
  MONTH TO DATE   21                        18      3       47
  SINCE MAR 1     21                        24     -3       47
  SINCE JAN 1     21                        24     -3       47
..................................................................


WIND (MPH)
  HIGHEST WIND SPEED    10   HIGHEST WIND DIRECTION     N (350)
  HIGHEST GUST SPEED    24   HIGHEST GUST DIRECTION    SE (120)
  AVERAGE WIND SPEED     3.1


SKY COVER
  POSSIBLE SUNSHINE  MM
  AVERAGE SKY COVER 0.8


WEATHER CONDITIONS
 THE FOLLOWING WEATHER WAS RECORDED YESTERDAY.
  NO SIGNIFICANT WEATHER WAS OBSERVED.


RELATIVE HUMIDITY (PERCENT)
 HIGHEST    71           600 AM
 LOWEST     29           100 PM
 AVERAGE    50

..........................................................


THE LOUISVILLE KY CLIMATE NORMALS FOR TODAY
                         NORMAL    RECORD    YEAR
 MAXIMUM TEMPERATURE (F)   70        86      2002
                                             1958
 MINIMUM TEMPERATURE (F)   48        27      1983


SUNRISE AND SUNSET
APRIL 19 2014.........SUNRISE   702 AM EDT   SUNSET   823 PM EDT
APRIL 20 2014.........SUNRISE   700 AM EDT   SUNSET   824 PM EDT


-  INDICATES NEGATIVE NUMBERS.
R  INDICATES RECORD WAS SET OR TIED.
MM INDICATES DATA IS MISSING.
T  INDICATES TRACE AMOUNT.




$$
