000
CDUS43 KLMK 300626
CLISDF


CLIMATE REPORT
NATIONAL WEATHER SERVICE LOUISVILLE KY
126 AM EST WED NOV 30 2016


...................................

...THE LOUISVILLE KY CLIMATE SUMMARY FOR NOVEMBER 29 2016...

CLIMATE NORMAL PERIOD 1981 TO 2010
CLIMATE RECORD PERIOD 1871 TO 2016


WEATHER ITEM   OBSERVED TIME   RECORD YEAR NORMAL DEPARTURE LAST
                VALUE   (LST)  VALUE       VALUE  FROM      YEAR
                                                  NORMAL
..................................................................
TEMPERATURE (F)
 YESTERDAY
  MAXIMUM         67    322 PM  74    1927  51     16       48
  MINIMUM         49    800 AM   4    1872  35     14       44
  AVERAGE         58                        43     15       46

PRECIPITATION (IN)
  YESTERDAY        T             2.00 2001   0.13  -0.13     0.04
  MONTH TO DATE    1.65                      3.46  -1.81     5.05
  SINCE SEP 1      4.58                      9.73  -5.15    12.35
  SINCE JAN 1     38.25                     40.95  -2.70    55.41

SNOWFALL (IN)
  YESTERDAY        0.0           2.3  1952   0.0    0.0      0.0
  MONTH TO DATE    0.0                       0.1   -0.1      0.0
  SINCE SEP 1      0.0                       0.2   -0.2      0.0
  SINCE JUL 1      0.0                       0.2   -0.2      0.0
  SNOW DEPTH       0

DEGREE DAYS
 HEATING
  YESTERDAY        7                        22    -15       19
  MONTH TO DATE  369                       470   -101      349
  SINCE SEP 1    454                       712   -258      507
  SINCE JUL 1    454                       712   -258      507

 COOLING
  YESTERDAY        0                         0      0        0
  MONTH TO DATE   19                         0     19        9
  SINCE SEP 1    474                       252    222      333
  SINCE JAN 1   2082                      1609    473     1787
..................................................................


WIND (MPH)
  HIGHEST WIND SPEED    20   HIGHEST WIND DIRECTION     S (170)
  HIGHEST GUST SPEED    25   HIGHEST GUST DIRECTION     S (170)
  AVERAGE WIND SPEED     9.0


SKY COVER
  POSSIBLE SUNSHINE  MM
  AVERAGE SKY COVER 0.7


WEATHER CONDITIONS
 THE FOLLOWING WEATHER WAS RECORDED YESTERDAY.
  NO SIGNIFICANT WEATHER WAS OBSERVED.


RELATIVE HUMIDITY (PERCENT)
 HIGHEST    86           700 AM
 LOWEST     37           400 PM
 AVERAGE    62

..........................................................


THE LOUISVILLE KY CLIMATE NORMALS FOR TODAY
                         NORMAL    RECORD    YEAR
 MAXIMUM TEMPERATURE (F)   51        74      2006
 MINIMUM TEMPERATURE (F)   34         1      1929


SUNRISE AND SUNSET
NOVEMBER 30 2016......SUNRISE   740 AM EST   SUNSET   523 PM EST
DECEMBER  1 2016......SUNRISE   741 AM EST   SUNSET   523 PM EST


-  INDICATES NEGATIVE NUMBERS.
R  INDICATES RECORD WAS SET OR TIED.
MM INDICATES DATA IS MISSING.
T  INDICATES TRACE AMOUNT.




$$
