000
CDUS43 KLMK 170629
CLISDF


CLIMATE REPORT
NATIONAL WEATHER SERVICE LOUISVILLE KY
129 AM EST WED DEC 17 2014


...................................

...THE LOUISVILLE KY CLIMATE SUMMARY FOR DECEMBER 16 2014...

CLIMATE NORMAL PERIOD 1981 TO 2010
CLIMATE RECORD PERIOD 1871 TO 2014


WEATHER ITEM   OBSERVED TIME   RECORD YEAR NORMAL DEPARTURE LAST
                VALUE   (LST)  VALUE       VALUE  FROM      YEAR
                                                  NORMAL
..................................................................
TEMPERATURE (F)
 YESTERDAY
  MAXIMUM         56    451 AM  70    1984  45     11       46
                                      1889
  MINIMUM         37   1159 PM  -4    1989  30      7       32
  AVERAGE         47                        38      9       39

PRECIPITATION (IN)
  YESTERDAY        0.23          3.63 1915   0.12   0.11     0.00
  MONTH TO DATE    2.83                      1.99   0.84     2.12
  SINCE DEC 1      2.83                      1.99   0.84     2.12
  SINCE JAN 1     42.53                     43.07  -0.54    50.29

SNOWFALL (IN)
  YESTERDAY        0.0           0.5  2008   0.1   -0.1      0.0
  MONTH TO DATE    0.0                       1.1   -1.1      5.3
  SINCE DEC 1      0.0                       1.1   -1.1      5.3
  SINCE JUL 1      3.7                       1.3    2.4      5.8
  SNOW DEPTH       0

DEGREE DAYS
 HEATING
  YESTERDAY       18                        28    -10       26
  MONTH TO DATE  348                       407    -59      441
  SINCE DEC 1    348                       407    -59      441
  SINCE JUL 1   1234                      1142     92     1271

 COOLING
  YESTERDAY        0                         0      0        0
  MONTH TO DATE    0                         0      0        0
  SINCE DEC 1      0                         0      0        0
  SINCE JAN 1   1626                      1613     13     1628
..................................................................


WIND (MPH)
  HIGHEST WIND SPEED    23   HIGHEST WIND DIRECTION     W (260)
  HIGHEST GUST SPEED    30   HIGHEST GUST DIRECTION     W (250)
  AVERAGE WIND SPEED    14.8


SKY COVER
  POSSIBLE SUNSHINE  MM
  AVERAGE SKY COVER 1.0


WEATHER CONDITIONS
 THE FOLLOWING WEATHER WAS RECORDED YESTERDAY.
  RAIN
  LIGHT RAIN
  FOG
  HAZE


RELATIVE HUMIDITY (PERCENT)
 HIGHEST    89          1200 AM
 LOWEST     76           100 PM
 AVERAGE    83

..........................................................


THE LOUISVILLE KY CLIMATE NORMALS FOR TODAY
                         NORMAL    RECORD    YEAR
 MAXIMUM TEMPERATURE (F)   45        70      2006
 MINIMUM TEMPERATURE (F)   29         1      1989


SUNRISE AND SUNSET
DECEMBER 17 2014......SUNRISE   754 AM EST   SUNSET   525 PM EST
DECEMBER 18 2014......SUNRISE   754 AM EST   SUNSET   525 PM EST


-  INDICATES NEGATIVE NUMBERS.
R  INDICATES RECORD WAS SET OR TIED.
MM INDICATES DATA IS MISSING.
T  INDICATES TRACE AMOUNT.




$$
