000
CDUS43 KLMK 170645
CLISDF


CLIMATE REPORT
NATIONAL WEATHER SERVICE LOUISVILLE KY
145 AM EST FRI FEB 17 2017


...................................

...THE LOUISVILLE KY CLIMATE SUMMARY FOR FEBRUARY 16 2017...

CLIMATE NORMAL PERIOD 1981 TO 2010
CLIMATE RECORD PERIOD 1871 TO 2017


WEATHER ITEM   OBSERVED TIME   RECORD YEAR NORMAL DEPARTURE LAST
                VALUE   (LST)  VALUE       VALUE  FROM      YEAR
                                                  NORMAL
..................................................................
TEMPERATURE (F)
 YESTERDAY
  MAXIMUM         54    501 PM  78    1883  48      6       39
  MINIMUM         32    334 AM   2    1958  30      2       32
  AVERAGE         43                        39      4       36

PRECIPITATION (IN)
  YESTERDAY        0.00          1.80 1873   0.11  -0.11     0.01
  MONTH TO DATE    0.62                      1.81  -1.19     2.16
  SINCE DEC 1     10.13                      8.88   1.25     9.75
  SINCE JAN 1      4.83                      5.05  -0.22     3.17

SNOWFALL (IN)
  YESTERDAY        0.0           8.2  2015   0.2   -0.2       T
  MONTH TO DATE    T                         2.9   -2.9      6.2
  SINCE DEC 1      2.7                       9.2   -6.5     14.4
  SINCE JUL 1      2.7                       9.4   -6.7     14.4
  SNOW DEPTH       0

DEGREE DAYS
 HEATING
  YESTERDAY       22                        26     -4       29
  MONTH TO DATE  338                       442   -104      477
  SINCE DEC 1   1890                      2216   -326     1869
  SINCE JUL 1   2357                      2951   -594     2393

 COOLING
  YESTERDAY        0                         0      0        0
  MONTH TO DATE    0                         0      0        0
  SINCE DEC 1      1                         1      0        3
  SINCE JAN 1      0                         0      0        0
..................................................................


WIND (MPH)
  HIGHEST WIND SPEED    14   HIGHEST WIND DIRECTION     W (270)
  HIGHEST GUST SPEED    27   HIGHEST GUST DIRECTION    NW (330)
  AVERAGE WIND SPEED     7.1


SKY COVER
  POSSIBLE SUNSHINE  MM
  AVERAGE SKY COVER 0.7


WEATHER CONDITIONS
 THE FOLLOWING WEATHER WAS RECORDED YESTERDAY.
  NO SIGNIFICANT WEATHER WAS OBSERVED.


RELATIVE HUMIDITY (PERCENT)
 HIGHEST    51           400 AM
 LOWEST     19           200 PM
 AVERAGE    35

..........................................................


THE LOUISVILLE KY CLIMATE NORMALS FOR TODAY
                         NORMAL    RECORD    YEAR
 MAXIMUM TEMPERATURE (F)   48        72      1911
 MINIMUM TEMPERATURE (F)   30        -3      1958


SUNRISE AND SUNSET
FEBRUARY 17 2017......SUNRISE   730 AM EST   SUNSET   624 PM EST
FEBRUARY 18 2017......SUNRISE   729 AM EST   SUNSET   625 PM EST


-  INDICATES NEGATIVE NUMBERS.
R  INDICATES RECORD WAS SET OR TIED.
MM INDICATES DATA IS MISSING.
T  INDICATES TRACE AMOUNT.




$$
