442
CDUS43 KLMK 200627
CLISDF


CLIMATE REPORT
NATIONAL WEATHER SERVICE LOUISVILLE KY
127 AM EST TUE FEB 20 2018


...................................

...THE LOUISVILLE KY CLIMATE SUMMARY FOR FEBRUARY 19 2018...

CLIMATE NORMAL PERIOD 1981 TO 2010
CLIMATE RECORD PERIOD 1871 TO 2018


WEATHER ITEM   OBSERVED TIME   RECORD YEAR NORMAL DEPARTURE LAST
                VALUE   (LST)  VALUE       VALUE  FROM      YEAR
                                                  NORMAL
..................................................................
TEMPERATURE (F)
 YESTERDAY
  MAXIMUM         78R   409 PM  74    1939  49     29       59
  MINIMUM         48   1248 AM  -3    2015  31     17       44
  AVERAGE         63                        40     23       52

PRECIPITATION (IN)
  YESTERDAY        T             1.47 1882   0.12  -0.12     0.00
  MONTH TO DATE    3.35                      2.15   1.20     0.71
  SINCE DEC 1      7.84                      9.22  -1.38    10.22
  SINCE JAN 1      5.11                      5.39  -0.28     4.92

SNOWFALL (IN)
  YESTERDAY        0.0           9.0  1921   0.2   -0.2      0.0
  MONTH TO DATE    0.8                       3.4   -2.6       T
  SINCE DEC 1      6.0                       9.7   -3.7      2.7
  SINCE JUL 1      6.0                       9.9   -3.9      2.7
  SNOW DEPTH       0

DEGREE DAYS
 HEATING
  YESTERDAY        2                        25    -23       13
  MONTH TO DATE  482                       518    -36      368
  SINCE DEC 1   2338                      2292     46     1920
  SINCE JUL 1   3004                      3027    -23     2387

 COOLING
  YESTERDAY        0                         0      0        0
  MONTH TO DATE    3                         0      3        0
  SINCE DEC 1      3                         1      2        1
  SINCE JAN 1      3                         0      3        0
..................................................................


WIND (MPH)
  HIGHEST WIND SPEED    32   HIGHEST WIND DIRECTION    SW (210)
  HIGHEST GUST SPEED    45   HIGHEST GUST DIRECTION     S (200)
  AVERAGE WIND SPEED    14.7


SKY COVER
  POSSIBLE SUNSHINE  MM
  AVERAGE SKY COVER 0.9


WEATHER CONDITIONS
 THE FOLLOWING WEATHER WAS RECORDED YESTERDAY.
  LIGHT RAIN


RELATIVE HUMIDITY (PERCENT)
 HIGHEST    84           700 AM
 LOWEST     43           400 PM
 AVERAGE    64

..........................................................


THE LOUISVILLE KY CLIMATE NORMALS FOR TODAY
                         NORMAL    RECORD    YEAR
 MAXIMUM TEMPERATURE (F)   49        76      2016
 MINIMUM TEMPERATURE (F)   31        -6      2015


SUNRISE AND SUNSET
FEBRUARY 20 2018......SUNRISE   727 AM EST   SUNSET   627 PM EST
FEBRUARY 21 2018......SUNRISE   726 AM EST   SUNSET   628 PM EST


-  INDICATES NEGATIVE NUMBERS.
R  INDICATES RECORD WAS SET OR TIED.
MM INDICATES DATA IS MISSING.
T  INDICATES TRACE AMOUNT.




$$
