000
CDUS43 KLMK 270633
CLISDF


CLIMATE REPORT
NATIONAL WEATHER SERVICE LOUISVILLE KY
131 AM EST TUE JAN 27 2015


...................................

...THE LOUISVILLE KY CLIMATE SUMMARY FOR JANUARY 26 2015...

CLIMATE NORMAL PERIOD 1981 TO 2010
CLIMATE RECORD PERIOD 1871 TO 2015


WEATHER ITEM   OBSERVED TIME   RECORD YEAR NORMAL DEPARTURE LAST
                VALUE   (LST)  VALUE       VALUE  FROM      YEAR
                                                  NORMAL
..................................................................
TEMPERATURE (F)
 YESTERDAY
  MAXIMUM         37   1212 AM  72    1950  44     -7       53
  MINIMUM         26    859 AM  -6    1948  27     -1       17
  AVERAGE         32                        35     -3       35

PRECIPITATION (IN)
  YESTERDAY        T             1.59 1902   0.10  -0.10     0.00
  MONTH TO DATE    0.82                      2.70  -1.88     2.41
  SINCE DEC 1      4.39                      6.53  -2.14     7.84
  SINCE JAN 1      0.82                      2.70  -1.88     2.41

SNOWFALL (IN)
  YESTERDAY        T             4.6  1925   0.1   -0.1      0.0
  MONTH TO DATE    1.0                       2.9   -1.9      8.3
  SINCE DEC 1      1.0                       5.5   -4.5     13.6
  SINCE JUL 1      4.7                       5.7   -1.0     14.1
  SNOW DEPTH       0

DEGREE DAYS
 HEATING
  YESTERDAY       33                        30      3       30
  MONTH TO DATE  809                       780     29      914
  SINCE DEC 1   1545                      1621    -76     1725
  SINCE JUL 1   2431                      2356     75     2555

 COOLING
  YESTERDAY        0                         0      0        0
  MONTH TO DATE    0                         0      0        0
  SINCE DEC 1      0                         1     -1        0
  SINCE JAN 1      0                         0      0        0
..................................................................


WIND (MPH)
  HIGHEST WIND SPEED    22   HIGHEST WIND DIRECTION    NW (330)
  HIGHEST GUST SPEED    28   HIGHEST GUST DIRECTION    NW (310)
  AVERAGE WIND SPEED    10.6


SKY COVER
  POSSIBLE SUNSHINE  MM
  AVERAGE SKY COVER 0.9


WEATHER CONDITIONS
 THE FOLLOWING WEATHER WAS RECORDED YESTERDAY.
  LIGHT RAIN
  LIGHT SNOW
  FOG
  HAZE


RELATIVE HUMIDITY (PERCENT)
 HIGHEST    85           300 AM
 LOWEST     66           200 PM
 AVERAGE    76

..........................................................


THE LOUISVILLE KY CLIMATE NORMALS FOR TODAY
                         NORMAL    RECORD    YEAR
 MAXIMUM TEMPERATURE (F)   44        72      1944
 MINIMUM TEMPERATURE (F)   27       -10      1936


SUNRISE AND SUNSET
JANUARY 27 2015.......SUNRISE   752 AM EST   SUNSET   600 PM EST
JANUARY 28 2015.......SUNRISE   751 AM EST   SUNSET   601 PM EST


-  INDICATES NEGATIVE NUMBERS.
R  INDICATES RECORD WAS SET OR TIED.
MM INDICATES DATA IS MISSING.
T  INDICATES TRACE AMOUNT.




$$
