000
CDUS43 KLMK 212031
CLISDF


CLIMATE REPORT
NATIONAL WEATHER SERVICE LOUISVILLE KY
430 PM EDT WED SEP 21 2016


...................................

...THE LOUISVILLE KY CLIMATE SUMMARY FOR SEPTEMBER 21 2016...
VALID TODAY AS OF 0400 PM LOCAL TIME.

CLIMATE NORMAL PERIOD 1981 TO 2010
CLIMATE RECORD PERIOD 1871 TO 2016


WEATHER ITEM   OBSERVED TIME   RECORD YEAR NORMAL DEPARTURE LAST
                VALUE   (LST)  VALUE       VALUE  FROM      YEAR
                                                  NORMAL
..................................................................
TEMPERATURE (F)
 TODAY
  MAXIMUM         92    217 PM  98    2010  79     13       80
  MINIMUM         65    648 AM  42    1962  58      7       55
                                      1897
  AVERAGE         79                        69     10       68

PRECIPITATION (IN)
  TODAY            0.00          4.30 1979   0.10  -0.10     0.00
  MONTH TO DATE    0.68                      2.08  -1.40     0.80
  SINCE SEP 1      0.68                      2.08  -1.40     0.80
  SINCE JAN 1     34.35                     33.30   1.05    43.86

SNOWFALL (IN)
  TODAY            0.0          MM      MM   0.0    0.0      0.0
  MONTH TO DATE    0.0                       0.0    0.0      0.0
  SINCE SEP 1      0.0                       0.0    0.0      0.0
  SINCE JUL 1      0.0                       0.0    0.0      0.0
  SNOW DEPTH       0

DEGREE DAYS
 HEATING
  TODAY            0                         1     -1        0
  MONTH TO DATE    0                         7     -7        4
  SINCE SEP 1      0                         7     -7        4
  SINCE JUL 1      0                         7     -7        4

 COOLING
  TODAY           14                         5      9        3
  MONTH TO DATE  271                       174     97      218
  SINCE SEP 1    271                       174     97      218
  SINCE JAN 1   1879                      1531    348     1672
..................................................................


WIND (MPH)
  HIGHEST WIND SPEED    13   HIGHEST WIND DIRECTION     E (70)
  HIGHEST GUST SPEED    16   HIGHEST GUST DIRECTION    NE (50)
  AVERAGE WIND SPEED     2.0


SKY COVER
  POSSIBLE SUNSHINE  MM
  AVERAGE SKY COVER 0.3


WEATHER CONDITIONS
 THE FOLLOWING WEATHER WAS RECORDED TODAY.
  NO SIGNIFICANT WEATHER WAS OBSERVED.


RELATIVE HUMIDITY (PERCENT)
 HIGHEST    87           500 AM
 LOWEST     26           300 PM
 AVERAGE    57

..........................................................


THE LOUISVILLE KY CLIMATE NORMALS FOR TOMORROW
                         NORMAL    RECORD    YEAR
 MAXIMUM TEMPERATURE (F)   79        99      2010
 MINIMUM TEMPERATURE (F)   58        40      1983


SUNRISE AND SUNSET
SEPTEMBER 21 2016.....SUNRISE   730 AM EDT   SUNSET   741 PM EDT
SEPTEMBER 22 2016.....SUNRISE   731 AM EDT   SUNSET   739 PM EDT


-  INDICATES NEGATIVE NUMBERS.
R  INDICATES RECORD WAS SET OR TIED.
MM INDICATES DATA IS MISSING.
T  INDICATES TRACE AMOUNT.




$$
