000
CDUS43 KLMK 212033
CLISDF


CLIMATE REPORT
NATIONAL WEATHER SERVICE LOUISVILLE KY
432 PM EDT THU MAY 21 2015


...................................

...THE LOUISVILLE KY CLIMATE SUMMARY FOR MAY 21 2015...
VALID TODAY AS OF 0400 PM LOCAL TIME.

CLIMATE NORMAL PERIOD 1981 TO 2010
CLIMATE RECORD PERIOD 1871 TO 2015


WEATHER ITEM   OBSERVED TIME   RECORD YEAR NORMAL DEPARTURE LAST
                VALUE   (LST)  VALUE       VALUE  FROM      YEAR
                                                  NORMAL
..................................................................
TEMPERATURE (F)
 TODAY
  MAXIMUM         60    259 PM  93    1941  78    -18       85
  MINIMUM         53    749 AM  38    2002  59     -6       66
                                      1883
  AVERAGE         57                        68    -11       76

PRECIPITATION (IN)
  TODAY            T             2.17 1990   0.16  -0.16      T
  MONTH TO DATE    1.54                      3.66  -2.12     2.87
  SINCE MAR 1     20.18                     11.84   8.34    12.18
  SINCE JAN 1     23.28                     18.26   5.02    18.34

SNOWFALL (IN)
  TODAY            0.0          MM      MM   0.0    0.0      0.0
  MONTH TO DATE    0.0                       0.0    0.0      0.0
  SINCE MAR 1     11.9                       1.5   10.4      4.2
  SINCE JUL 1     27.6                      12.5   15.1     26.0
  SNOW DEPTH       0

DEGREE DAYS
 HEATING
  TODAY            8                         2      6        0
  MONTH TO DATE   22                        58    -36       69
  SINCE MAR 1    765                       842    -77      893
  SINCE JUL 1   4385                      4083    302     4547

 COOLING
  TODAY            0                         5     -5       11
  MONTH TO DATE  133                        69     64      103
  SINCE MAR 1    175                       112     63      134
  SINCE JAN 1    175                       112     63      134
..................................................................


WIND (MPH)
  HIGHEST WIND SPEED    17   HIGHEST WIND DIRECTION    NW (320)
  HIGHEST GUST SPEED    22   HIGHEST GUST DIRECTION    NW (320)
  AVERAGE WIND SPEED    11.2


SKY COVER
  POSSIBLE SUNSHINE  MM
  AVERAGE SKY COVER 1.0


WEATHER CONDITIONS
 THE FOLLOWING WEATHER WAS RECORDED TODAY.
  LIGHT RAIN
  HAZE


RELATIVE HUMIDITY (PERCENT)
 HIGHEST    77           600 AM
 LOWEST     62           100 PM
 AVERAGE    70

..........................................................


THE LOUISVILLE KY CLIMATE NORMALS FOR TOMORROW
                         NORMAL    RECORD    YEAR
 MAXIMUM TEMPERATURE (F)   79        94      1941
 MINIMUM TEMPERATURE (F)   59        36      2002


SUNRISE AND SUNSET
MAY 21 2015...........SUNRISE   628 AM EDT   SUNSET   852 PM EDT
MAY 22 2015...........SUNRISE   627 AM EDT   SUNSET   853 PM EDT


-  INDICATES NEGATIVE NUMBERS.
R  INDICATES RECORD WAS SET OR TIED.
MM INDICATES DATA IS MISSING.
T  INDICATES TRACE AMOUNT.




$$
