000
CDUS43 KLMK 180629
CLISDF


CLIMATE REPORT
NATIONAL WEATHER SERVICE LOUISVILLE KY
228 AM EDT FRI APR 18 2014


...................................

...THE LOUISVILLE KY CLIMATE SUMMARY FOR APRIL 17 2014...

CLIMATE NORMAL PERIOD 1981 TO 2010
CLIMATE RECORD PERIOD 1871 TO 2014


WEATHER ITEM   OBSERVED TIME   RECORD YEAR NORMAL DEPARTURE LAST
                VALUE   (LST)  VALUE       VALUE  FROM      YEAR
                                                  NORMAL
..................................................................
TEMPERATURE (F)
 YESTERDAY
  MAXIMUM         69    514 PM  90    1896  69      0       78
  MINIMUM         40    543 AM  21    1875  48     -8       62
  AVERAGE         55                        59     -4       70

PRECIPITATION (IN)
  YESTERDAY        0.00          1.50 1940   0.13  -0.13     0.02
  MONTH TO DATE    4.62                      2.13   2.49     1.82
  SINCE MAR 1      6.92                      6.30   0.62     6.07
  SINCE JAN 1     13.08                     12.72   0.36    13.09

SNOWFALL (IN)
  YESTERDAY        0.0           T    2001   0.0    0.0      0.0
  MONTH TO DATE    0.1                       0.1    0.0      0.0
  SINCE MAR 1      4.2                       1.5    2.7      1.7
  SINCE JUL 1     26.0                      12.5   13.5      9.8
  SNOW DEPTH       0

DEGREE DAYS
 HEATING
  YESTERDAY       10                         8      2        0
  MONTH TO DATE  152                       169    -17      139
  SINCE MAR 1    800                       707     93      874
  SINCE JUL 1   4454                      3948    506     3956

 COOLING
  YESTERDAY        0                         1     -1        5
  MONTH TO DATE   21                        17      4       37
  SINCE MAR 1     21                        23     -2       37
  SINCE JAN 1     21                        23     -2       37
..................................................................


WIND (MPH)
  HIGHEST WIND SPEED    18   HIGHEST WIND DIRECTION     W (260)
  HIGHEST GUST SPEED    24   HIGHEST GUST DIRECTION     S (200)
  AVERAGE WIND SPEED     6.3


SKY COVER
  POSSIBLE SUNSHINE  MM
  AVERAGE SKY COVER 0.6


WEATHER CONDITIONS
 THE FOLLOWING WEATHER WAS RECORDED YESTERDAY.
  NO SIGNIFICANT WEATHER WAS OBSERVED.


RELATIVE HUMIDITY (PERCENT)
 HIGHEST    64           500 AM
 LOWEST     26           400 PM
 AVERAGE    45

..........................................................


THE LOUISVILLE KY CLIMATE NORMALS FOR TODAY
                         NORMAL    RECORD    YEAR
 MAXIMUM TEMPERATURE (F)   70        90      1896
 MINIMUM TEMPERATURE (F)   48        21      1875


SUNRISE AND SUNSET
APRIL 18 2014.........SUNRISE   703 AM EDT   SUNSET   822 PM EDT
APRIL 19 2014.........SUNRISE   702 AM EDT   SUNSET   823 PM EDT


-  INDICATES NEGATIVE NUMBERS.
R  INDICATES RECORD WAS SET OR TIED.
MM INDICATES DATA IS MISSING.
T  INDICATES TRACE AMOUNT.




$$
