721
CDUS43 KLMK 142130
CLISDF


CLIMATE REPORT
NATIONAL WEATHER SERVICE LOUISVILLE KY
429 PM EST SUN JAN 14 2018


...................................

...THE LOUISVILLE KY CLIMATE SUMMARY FOR JANUARY 14 2018...
VALID TODAY AS OF 0400 PM LOCAL TIME.

CLIMATE NORMAL PERIOD 1981 TO 2010
CLIMATE RECORD PERIOD 1871 TO 2018


WEATHER ITEM   OBSERVED TIME   RECORD YEAR NORMAL DEPARTURE LAST
                VALUE   (LST)  VALUE       VALUE  FROM      YEAR
                                                  NORMAL
..................................................................
TEMPERATURE (F)
 TODAY
  MAXIMUM         23    359 PM  69    1932  43    -20       42
  MINIMUM          9    835 AM  -1    1964  27    -18       38
  AVERAGE         16                        35    -19       40

PRECIPITATION (IN)
  TODAY            0.00          2.71 1937   0.10  -0.10     0.33
  MONTH TO DATE    1.03                      1.48  -0.45     2.30
  SINCE DEC 1      3.76                      5.31  -1.55     7.60
  SINCE JAN 1      1.03                      1.48  -0.45     2.30

SNOWFALL (IN)
  TODAY            0.0          10.4  1918   0.1   -0.1      0.0
  MONTH TO DATE    1.4                       1.5   -0.1      2.3
  SINCE DEC 1      1.6                       4.1   -2.5      2.4
  SINCE JUL 1      1.6                       4.3   -2.7      2.4
  SNOW DEPTH       1

DEGREE DAYS
 HEATING
  TODAY           49                        30     19       25
  MONTH TO DATE  525                       420    105      396
  SINCE DEC 1   1388                      1261    127     1227
  SINCE JUL 1   2054                      1996     58     1694

 COOLING
  TODAY            0                         0      0        0
  MONTH TO DATE    0                         0      0        0
  SINCE DEC 1      0                         1     -1        1
  SINCE JAN 1      0                         0      0        0
..................................................................


WIND (MPH)
  HIGHEST WIND SPEED     9   HIGHEST WIND DIRECTION    SE (130)
  HIGHEST GUST SPEED    13   HIGHEST GUST DIRECTION    SE (140)
  AVERAGE WIND SPEED     3.4


SKY COVER
  POSSIBLE SUNSHINE  MM
  AVERAGE SKY COVER 0.4


WEATHER CONDITIONS
 THE FOLLOWING WEATHER WAS RECORDED TODAY.
  FOG


RELATIVE HUMIDITY (PERCENT)
 HIGHEST    92           900 AM
 LOWEST     54           400 PM
 AVERAGE    73

..........................................................


THE LOUISVILLE KY CLIMATE NORMALS FOR TOMORROW
                         NORMAL    RECORD    YEAR
 MAXIMUM TEMPERATURE (F)   43        68      1950
                                             1932
 MINIMUM TEMPERATURE (F)   27       -11      1893


SUNRISE AND SUNSET
JANUARY 14 2018.......SUNRISE   758 AM EST   SUNSET   546 PM EST
JANUARY 15 2018.......SUNRISE   758 AM EST   SUNSET   547 PM EST


-  INDICATES NEGATIVE NUMBERS.
R  INDICATES RECORD WAS SET OR TIED.
MM INDICATES DATA IS MISSING.
T  INDICATES TRACE AMOUNT.




$$
