000
CDUS43 KLMK 220626
CLISDF


CLIMATE REPORT
NATIONAL WEATHER SERVICE LOUISVILLE KY
126 AM EST SAT NOV 22 2014


...................................

...THE LOUISVILLE KY CLIMATE SUMMARY FOR NOVEMBER 21 2014...

CLIMATE NORMAL PERIOD 1981 TO 2010
CLIMATE RECORD PERIOD 1871 TO 2014


WEATHER ITEM   OBSERVED TIME   RECORD YEAR NORMAL DEPARTURE LAST
                VALUE   (LST)  VALUE       VALUE  FROM      YEAR
                                                  NORMAL
..................................................................
TEMPERATURE (F)
 YESTERDAY
  MAXIMUM         42    357 PM  77    1934  55    -13       65
  MINIMUM         20    749 AM  13    1887  38    -18       43
                                      1880
  AVERAGE         31                        46    -15       54

PRECIPITATION (IN)
  YESTERDAY        0.00          2.65 1883   0.13  -0.13     0.07
  MONTH TO DATE    0.80                      2.43  -1.63     3.63
  SINCE SEP 1      7.62                      8.70  -1.08    16.27
  SINCE JAN 1     38.79                     39.92  -1.13    48.08

SNOWFALL (IN)
  YESTERDAY        0.0           1.2  1926   0.0    0.0      0.0
  MONTH TO DATE    3.3                       0.0    3.3      0.3
  SINCE SEP 1      3.3                       0.1    3.2      0.3
  SINCE JUL 1      3.3                       0.1    3.2      0.3
  SNOW DEPTH       0

DEGREE DAYS
 HEATING
  YESTERDAY       34                        19     15       11
  MONTH TO DATE  513                       306    207      333
  SINCE SEP 1    714                       548    166      566
  SINCE JUL 1    714                       548    166      566

 COOLING
  YESTERDAY        0                         0      0        0
  MONTH TO DATE    0                         0      0        0
  SINCE SEP 1    233                       252    -19      288
  SINCE JAN 1   1625                      1609     16     1628
..................................................................


WIND (MPH)
  HIGHEST WIND SPEED    10   HIGHEST WIND DIRECTION    SE (150)
  HIGHEST GUST SPEED    14   HIGHEST GUST DIRECTION    SE (140)
  AVERAGE WIND SPEED     4.0


SKY COVER
  POSSIBLE SUNSHINE  MM
  AVERAGE SKY COVER 0.2


WEATHER CONDITIONS
 THE FOLLOWING WEATHER WAS RECORDED YESTERDAY.
  FOG
  HAZE


RELATIVE HUMIDITY (PERCENT)
 HIGHEST    84           600 AM
 LOWEST     27           300 PM
 AVERAGE    56

..........................................................


THE LOUISVILLE KY CLIMATE NORMALS FOR TODAY
                         NORMAL    RECORD    YEAR
 MAXIMUM TEMPERATURE (F)   55        77      1900
 MINIMUM TEMPERATURE (F)   37         8      1880


SUNRISE AND SUNSET
NOVEMBER 22 2014......SUNRISE   731 AM EST   SUNSET   526 PM EST
NOVEMBER 23 2014......SUNRISE   733 AM EST   SUNSET   526 PM EST


-  INDICATES NEGATIVE NUMBERS.
R  INDICATES RECORD WAS SET OR TIED.
MM INDICATES DATA IS MISSING.
T  INDICATES TRACE AMOUNT.




$$
