446
CDUS43 KLMK 202031
CLISDF


CLIMATE REPORT
NATIONAL WEATHER SERVICE LOUISVILLE KY
430 PM EDT THU APR 20 2017


...................................

...THE LOUISVILLE KY CLIMATE SUMMARY FOR APRIL 20 2017...
VALID TODAY AS OF 0400 PM LOCAL TIME.

CLIMATE NORMAL PERIOD 1981 TO 2010
CLIMATE RECORD PERIOD 1871 TO 2017


WEATHER ITEM   OBSERVED TIME   RECORD YEAR NORMAL DEPARTURE LAST
                VALUE   (LST)  VALUE       VALUE  FROM      YEAR
                                                  NORMAL
..................................................................
TEMPERATURE (F)
 TODAY
  MAXIMUM         85    113 PM  87    1976  70     15       86
                                      1896
  MINIMUM         68    651 AM  28    1897  49     19       61
  AVERAGE         77                        60     17       74

PRECIPITATION (IN)
  TODAY            T             2.78 1892   0.13  -0.13      T
  MONTH TO DATE    2.33                      2.53  -0.20     0.96
  SINCE MAR 1      6.01                      6.70  -0.69     6.46
  SINCE JAN 1     12.28                     13.12  -0.84    12.28

SNOWFALL (IN)
  TODAY            0.0           T    1953   0.0    0.0      0.0
  MONTH TO DATE    0.0                       0.1   -0.1      0.0
  SINCE MAR 1      T                         1.5   -1.5      0.5
  SINCE JUL 1      2.7                      12.5   -9.8     14.9
  SNOW DEPTH       0

DEGREE DAYS
 HEATING
  TODAY            0                         7     -7        0
  MONTH TO DATE   66                       190   -124      197
  SINCE MAR 1    524                       728   -204      533
  SINCE JUL 1   2989                      3969   -980     3155

 COOLING
  TODAY           12                         2     10        9
  MONTH TO DATE   73                        21     52       29
  SINCE MAR 1     84                        27     57       36
  SINCE JAN 1     89                        27     62       36
..................................................................


WIND (MPH)
  HIGHEST WIND SPEED    25   HIGHEST WIND DIRECTION    SW (230)
  HIGHEST GUST SPEED    33   HIGHEST GUST DIRECTION    SW (230)
  AVERAGE WIND SPEED    11.1


SKY COVER
  POSSIBLE SUNSHINE  MM
  AVERAGE SKY COVER 0.6


WEATHER CONDITIONS
 THE FOLLOWING WEATHER WAS RECORDED TODAY.
  LIGHT RAIN


RELATIVE HUMIDITY (PERCENT)
 HIGHEST    76           600 AM
 LOWEST     43           100 PM
 AVERAGE    60

..........................................................


THE LOUISVILLE KY CLIMATE NORMALS FOR TOMORROW
                         NORMAL    RECORD    YEAR
 MAXIMUM TEMPERATURE (F)   71        86      1987
                                             1963
                                             1902
 MINIMUM TEMPERATURE (F)   49        32      1888


SUNRISE AND SUNSET
APRIL 20 2017.........SUNRISE   700 AM EDT   SUNSET   824 PM EDT
APRIL 21 2017.........SUNRISE   659 AM EDT   SUNSET   825 PM EDT


-  INDICATES NEGATIVE NUMBERS.
R  INDICATES RECORD WAS SET OR TIED.
MM INDICATES DATA IS MISSING.
T  INDICATES TRACE AMOUNT.




$$
