000
CDUS43 KLMK 150626
CLISDF


CLIMATE REPORT
NATIONAL WEATHER SERVICE LOUISVILLE KY
126 AM EST WED NOV 15 2017


...................................

...THE LOUISVILLE KY CLIMATE SUMMARY FOR NOVEMBER 14 2017...

CLIMATE NORMAL PERIOD 1981 TO 2010
CLIMATE RECORD PERIOD 1871 TO 2017


WEATHER ITEM   OBSERVED TIME   RECORD YEAR NORMAL DEPARTURE LAST
                VALUE   (LST)  VALUE       VALUE  FROM      YEAR
                                                  NORMAL
..................................................................
TEMPERATURE (F)
 YESTERDAY
  MAXIMUM         54    340 PM  79    1902  59     -5       64
  MINIMUM         41   1159 PM  15    1986  40      1       32
  AVERAGE         48                        49     -1       48

PRECIPITATION (IN)
  YESTERDAY        0.00          1.44 1929   0.13  -0.13     0.00
  MONTH TO DATE    1.52                      1.54  -0.02     0.24
  SINCE SEP 1     11.88                      7.81   4.07     3.17
  SINCE JAN 1     41.29                     39.03   2.26    36.84

SNOWFALL (IN)
  YESTERDAY        0.0           2.9  1906   0.0    0.0      0.0
  MONTH TO DATE    0.0                       0.0    0.0      0.0
  SINCE SEP 1      T                         0.1   -0.1      0.0
  SINCE JUL 1      T                         0.1   -0.1      0.0
  SNOW DEPTH       0

DEGREE DAYS
 HEATING
  YESTERDAY       17                        16      1       17
  MONTH TO DATE  177                       185     -8      130
  SINCE SEP 1    372                       427    -55      215
  SINCE JUL 1    372                       427    -55      215

 COOLING
  YESTERDAY        0                         0      0        0
  MONTH TO DATE    8                         0      8       17
  SINCE SEP 1    295                       252     43      472
  SINCE JAN 1   1789                      1609    180     2080
..................................................................


WIND (MPH)
  HIGHEST WIND SPEED    14   HIGHEST WIND DIRECTION    SE (130)
  HIGHEST GUST SPEED    16   HIGHEST GUST DIRECTION    SE (120)
  AVERAGE WIND SPEED     6.2


SKY COVER
  POSSIBLE SUNSHINE  MM
  AVERAGE SKY COVER 0.5


WEATHER CONDITIONS
 THE FOLLOWING WEATHER WAS RECORDED YESTERDAY.
  NO SIGNIFICANT WEATHER WAS OBSERVED.


RELATIVE HUMIDITY (PERCENT)
 HIGHEST    76           800 AM
 LOWEST     50           300 PM
 AVERAGE    63

..........................................................


THE LOUISVILLE KY CLIMATE NORMALS FOR TODAY
                         NORMAL    RECORD    YEAR
 MAXIMUM TEMPERATURE (F)   58        77      1971
                                             1955
 MINIMUM TEMPERATURE (F)   40        18      1933
                                             1916


SUNRISE AND SUNSET
NOVEMBER 15 2017......SUNRISE   724 AM EST   SUNSET   530 PM EST
NOVEMBER 16 2017......SUNRISE   725 AM EST   SUNSET   530 PM EST


-  INDICATES NEGATIVE NUMBERS.
R  INDICATES RECORD WAS SET OR TIED.
MM INDICATES DATA IS MISSING.
T  INDICATES TRACE AMOUNT.




$$
