000
CDUS43 KLMK 240627
CLISDF


CLIMATE REPORT
NATIONAL WEATHER SERVICE LOUISVILLE KY
227 AM EDT TUE MAR 24 2015


...................................

...THE LOUISVILLE KY CLIMATE SUMMARY FOR MARCH 23 2015...

CLIMATE NORMAL PERIOD 1981 TO 2010
CLIMATE RECORD PERIOD 1871 TO 2015


WEATHER ITEM   OBSERVED TIME   RECORD YEAR NORMAL DEPARTURE LAST
                VALUE   (LST)  VALUE       VALUE  FROM      YEAR
                                                  NORMAL
..................................................................
TEMPERATURE (F)
 YESTERDAY
  MAXIMUM         63    500 PM  85    1907  61      2       48
  MINIMUM         37    741 AM  17    1885  40     -3       32
  AVERAGE         50                        50      0       40

PRECIPITATION (IN)
  YESTERDAY        0.00          1.76 2012   0.14  -0.14     0.00
  MONTH TO DATE    7.12                      3.04   4.08     1.24
  SINCE MAR 1      7.12                      3.04   4.08     1.24
  SINCE JAN 1     10.22                      9.46   0.76     7.40

SNOWFALL (IN)
  YESTERDAY        0.0           7.0  1896   0.0    0.0      0.0
  MONTH TO DATE   11.9                       1.2   10.7      3.8
  SINCE MAR 1     11.9                       1.2   10.7      3.8
  SINCE JUL 1     27.6                      12.2   15.4     25.6
  SNOW DEPTH       0

DEGREE DAYS
 HEATING
  YESTERDAY       15                        15      0       25
  MONTH TO DATE  430                       429      1      486
  SINCE MAR 1    430                       429      1      486
  SINCE JUL 1   4050                      3670    380     4140

 COOLING
  YESTERDAY        0                         0      0        0
  MONTH TO DATE    1                         0      1        0
  SINCE MAR 1      1                         0      1        0
  SINCE JAN 1      1                         0      1        0
..................................................................


WIND (MPH)
  HIGHEST WIND SPEED    15   HIGHEST WIND DIRECTION    NE (30)
  HIGHEST GUST SPEED    19   HIGHEST GUST DIRECTION    NE (30)
  AVERAGE WIND SPEED     7.4


SKY COVER
  POSSIBLE SUNSHINE  MM
  AVERAGE SKY COVER 0.3


WEATHER CONDITIONS
 THE FOLLOWING WEATHER WAS RECORDED YESTERDAY.
  NO SIGNIFICANT WEATHER WAS OBSERVED.


RELATIVE HUMIDITY (PERCENT)
 HIGHEST    53          1100 PM
 LOWEST     27           300 PM
 AVERAGE    40

..........................................................


THE LOUISVILLE KY CLIMATE NORMALS FOR TODAY
                         NORMAL    RECORD    YEAR
 MAXIMUM TEMPERATURE (F)   61        88      1929
                                             1910
 MINIMUM TEMPERATURE (F)   40        17      1896


SUNRISE AND SUNSET
MARCH 24 2015.........SUNRISE   741 AM EDT   SUNSET   758 PM EDT
MARCH 25 2015.........SUNRISE   739 AM EDT   SUNSET   759 PM EDT


-  INDICATES NEGATIVE NUMBERS.
R  INDICATES RECORD WAS SET OR TIED.
MM INDICATES DATA IS MISSING.
T  INDICATES TRACE AMOUNT.




$$
