000
CDUS43 KLMK 222136
CLISDF


CLIMATE REPORT
NATIONAL WEATHER SERVICE LOUISVILLE KY
435 PM EST WED FEB 22 2017


...................................

...THE LOUISVILLE KY CLIMATE SUMMARY FOR FEBRUARY 22 2017...
VALID TODAY AS OF 0400 PM LOCAL TIME.

CLIMATE NORMAL PERIOD 1981 TO 2010
CLIMATE RECORD PERIOD 1871 TO 2017


WEATHER ITEM   OBSERVED TIME   RECORD YEAR NORMAL DEPARTURE LAST
                VALUE   (LST)  VALUE       VALUE  FROM      YEAR
                                                  NORMAL
..................................................................
TEMPERATURE (F)
 TODAY
  MAXIMUM         73R   334 PM  71    1992  50     23       53
                                      1922
  MINIMUM         57    614 AM  -2    1963  32     25       38
  AVERAGE         65                        41     24       46

PRECIPITATION (IN)
  TODAY            T             1.45 1994   0.12  -0.12     0.00
  MONTH TO DATE    0.71                      2.49  -1.78     2.84
  SINCE DEC 1     10.22                      9.56   0.66    10.43
  SINCE JAN 1      4.92                      5.73  -0.81     3.85

SNOWFALL (IN)
  TODAY            0.0           1.1  1914   0.2   -0.2      0.0
  MONTH TO DATE    T                         3.8   -3.8      6.2
  SINCE DEC 1      2.7                      10.1   -7.4     14.4
  SINCE JUL 1      2.7                      10.3   -7.6     14.4
  SNOW DEPTH       0

DEGREE DAYS
 HEATING
  TODAY            0                        24    -24       19
  MONTH TO DATE  378                       592   -214      578
  SINCE DEC 1   1930                      2366   -436     1970
  SINCE JUL 1   2397                      3101   -704     2494

 COOLING
  TODAY            0                         0      0        0
  MONTH TO DATE    0                         0      0        0
  SINCE DEC 1      1                         1      0        3
  SINCE JAN 1      0                         0      0        0
..................................................................


WIND (MPH)
  HIGHEST WIND SPEED    15   HIGHEST WIND DIRECTION     S (200)
  HIGHEST GUST SPEED    19   HIGHEST GUST DIRECTION     S (190)
  AVERAGE WIND SPEED     6.1


SKY COVER
  POSSIBLE SUNSHINE  MM
  AVERAGE SKY COVER 0.8


WEATHER CONDITIONS
 THE FOLLOWING WEATHER WAS RECORDED TODAY.
  LIGHT RAIN
  FOG
  HAZE


RELATIVE HUMIDITY (PERCENT)
 HIGHEST    86           600 AM
 LOWEST     53           200 PM
 AVERAGE    70

..........................................................


THE LOUISVILLE KY CLIMATE NORMALS FOR TOMORROW
                         NORMAL    RECORD    YEAR
 MAXIMUM TEMPERATURE (F)   50        76      1996
 MINIMUM TEMPERATURE (F)   32         5      1963


SUNRISE AND SUNSET
FEBRUARY 22 2017......SUNRISE   724 AM EST   SUNSET   629 PM EST
FEBRUARY 23 2017......SUNRISE   723 AM EST   SUNSET   630 PM EST


-  INDICATES NEGATIVE NUMBERS.
R  INDICATES RECORD WAS SET OR TIED.
MM INDICATES DATA IS MISSING.
T  INDICATES TRACE AMOUNT.




$$
