000
CDUS43 KLMK 230627
CLISDF


CLIMATE REPORT
NATIONAL WEATHER SERVICE LOUISVILLE KY
127 AM EST SUN NOV 23 2014


...................................

...THE LOUISVILLE KY CLIMATE SUMMARY FOR NOVEMBER 22 2014...

CLIMATE NORMAL PERIOD 1981 TO 2010
CLIMATE RECORD PERIOD 1871 TO 2014


WEATHER ITEM   OBSERVED TIME   RECORD YEAR NORMAL DEPARTURE LAST
                VALUE   (LST)  VALUE       VALUE  FROM      YEAR
                                                  NORMAL
..................................................................
TEMPERATURE (F)
 YESTERDAY
  MAXIMUM         65    336 PM  77    1900  55     10       59
  MINIMUM         36   1239 AM   8    1880  37     -1       42
  AVERAGE         51                        46      5       51

PRECIPITATION (IN)
  YESTERDAY        T             1.82 1874   0.13  -0.13     0.01
  MONTH TO DATE    0.80                      2.56  -1.76     3.64
  SINCE SEP 1      7.62                      8.83  -1.21    16.28
  SINCE JAN 1     38.79                     40.05  -1.26    48.09

SNOWFALL (IN)
  YESTERDAY        0.0           0.7  1929   0.0    0.0      0.0
  MONTH TO DATE    3.3                       0.0    3.3      0.3
  SINCE SEP 1      3.3                       0.1    3.2      0.3
  SINCE JUL 1      3.3                       0.1    3.2      0.3
  SNOW DEPTH       0

DEGREE DAYS
 HEATING
  YESTERDAY       14                        19     -5       14
  MONTH TO DATE  527                       325    202      347
  SINCE SEP 1    728                       567    161      580
  SINCE JUL 1    728                       567    161      580

 COOLING
  YESTERDAY        0                         0      0        0
  MONTH TO DATE    0                         0      0        0
  SINCE SEP 1    233                       252    -19      288
  SINCE JAN 1   1625                      1609     16     1628
..................................................................


WIND (MPH)
  HIGHEST WIND SPEED    25   HIGHEST WIND DIRECTION     S (200)
  HIGHEST GUST SPEED    34   HIGHEST GUST DIRECTION     S (200)
  AVERAGE WIND SPEED    10.0


SKY COVER
  POSSIBLE SUNSHINE  MM
  AVERAGE SKY COVER 0.9


WEATHER CONDITIONS
 THE FOLLOWING WEATHER WAS RECORDED YESTERDAY.
  LIGHT RAIN


RELATIVE HUMIDITY (PERCENT)
 HIGHEST    64           600 AM
 LOWEST     34           200 PM
 AVERAGE    49

..........................................................


THE LOUISVILLE KY CLIMATE NORMALS FOR TODAY
                         NORMAL    RECORD    YEAR
 MAXIMUM TEMPERATURE (F)   54        75      1931
 MINIMUM TEMPERATURE (F)   37        11      1880


SUNRISE AND SUNSET
NOVEMBER 23 2014......SUNRISE   733 AM EST   SUNSET   526 PM EST
NOVEMBER 24 2014......SUNRISE   734 AM EST   SUNSET   525 PM EST


-  INDICATES NEGATIVE NUMBERS.
R  INDICATES RECORD WAS SET OR TIED.
MM INDICATES DATA IS MISSING.
T  INDICATES TRACE AMOUNT.




$$
