000
CDUS43 KLMK 170628
CLISDF


CLIMATE REPORT
NATIONAL WEATHER SERVICE LOUISVILLE KY
128 AM EST SAT FEB 17 2018


...................................

...THE LOUISVILLE KY CLIMATE SUMMARY FOR FEBRUARY 16 2018...

CLIMATE NORMAL PERIOD 1981 TO 2010
CLIMATE RECORD PERIOD 1871 TO 2018


WEATHER ITEM   OBSERVED TIME   RECORD YEAR NORMAL DEPARTURE LAST
                VALUE   (LST)  VALUE       VALUE  FROM      YEAR
                                                  NORMAL
..................................................................
TEMPERATURE (F)
 YESTERDAY
  MAXIMUM         71    210 AM  78    1883  48     23       54
  MINIMUM         38   1133 PM   2    1958  30      8       32
  AVERAGE         55                        39     16       43

PRECIPITATION (IN)
  YESTERDAY        0.82          1.80 1873   0.11   0.71     0.00
  MONTH TO DATE    3.04                      1.81   1.23     0.62
  SINCE DEC 1      7.53                      8.88  -1.35    10.13
  SINCE JAN 1      4.80                      5.05  -0.25     4.83

SNOWFALL (IN)
  YESTERDAY        0.0           8.2  2015   0.2   -0.2      0.0
  MONTH TO DATE    0.4                       2.9   -2.5       T
  SINCE DEC 1      5.6                       9.2   -3.6      2.7
  SINCE JUL 1      5.6                       9.4   -3.8      2.7
  SNOW DEPTH       0

DEGREE DAYS
 HEATING
  YESTERDAY       10                        26    -16       22
  MONTH TO DATE  428                       442    -14      338
  SINCE DEC 1   2284                      2216     68     1890
  SINCE JUL 1   2950                      2951     -1     2357

 COOLING
  YESTERDAY        0                         0      0        0
  MONTH TO DATE    3                         0      3        0
  SINCE DEC 1      3                         1      2        1
  SINCE JAN 1      3                         0      3        0
..................................................................


WIND (MPH)
  HIGHEST WIND SPEED    30   HIGHEST WIND DIRECTION     N (340)
  HIGHEST GUST SPEED    43   HIGHEST GUST DIRECTION     N (340)
  AVERAGE WIND SPEED    11.4


SKY COVER
  POSSIBLE SUNSHINE  MM
  AVERAGE SKY COVER 1.0


WEATHER CONDITIONS
 THE FOLLOWING WEATHER WAS RECORDED YESTERDAY.
  HEAVY RAIN
  RAIN
  LIGHT RAIN
  FOG
  HAZE


RELATIVE HUMIDITY (PERCENT)
 HIGHEST    93           600 AM
 LOWEST     64           900 PM
 AVERAGE    79

..........................................................


THE LOUISVILLE KY CLIMATE NORMALS FOR TODAY
                         NORMAL    RECORD    YEAR
 MAXIMUM TEMPERATURE (F)   48        72      1911
 MINIMUM TEMPERATURE (F)   30        -3      1958


SUNRISE AND SUNSET
FEBRUARY 17 2018......SUNRISE   731 AM EST   SUNSET   624 PM EST
FEBRUARY 18 2018......SUNRISE   729 AM EST   SUNSET   625 PM EST


-  INDICATES NEGATIVE NUMBERS.
R  INDICATES RECORD WAS SET OR TIED.
MM INDICATES DATA IS MISSING.
T  INDICATES TRACE AMOUNT.




$$
