000
CDUS43 KLMK 142133
CLISDF


CLIMATE REPORT
NATIONAL WEATHER SERVICE LOUISVILLE KY
431 PM EST TUE FEB 14 2017


...................................

...THE LOUISVILLE KY CLIMATE SUMMARY FOR FEBRUARY 14 2017...
VALID TODAY AS OF 0400 PM LOCAL TIME.

CLIMATE NORMAL PERIOD 1981 TO 2010
CLIMATE RECORD PERIOD 1871 TO 2017


WEATHER ITEM   OBSERVED TIME   RECORD YEAR NORMAL DEPARTURE LAST
                VALUE   (LST)  VALUE       VALUE  FROM      YEAR
                                                  NORMAL
..................................................................
TEMPERATURE (F)
 TODAY
  MAXIMUM         57    336 PM  69    1949  47     10       25
                                      1921
  MINIMUM         41    737 AM   0    1905  30     11       19
  AVERAGE         49                        38     11       22

PRECIPITATION (IN)
  TODAY            0.00          1.39 1949   0.11  -0.11     0.29
  MONTH TO DATE    0.62                      1.58  -0.96     2.15
  SINCE DEC 1     10.13                      8.65   1.48     9.74
  SINCE JAN 1      4.83                      4.82   0.01     3.16

SNOWFALL (IN)
  TODAY            0.0           4.6  1970   0.1   -0.1      3.0
  MONTH TO DATE    T                         2.5   -2.5      6.2
  SINCE DEC 1      2.7                       8.8   -6.1     14.4
  SINCE JUL 1      2.7                       9.0   -6.3     14.4
  SNOW DEPTH       0

DEGREE DAYS
 HEATING
  TODAY           16                        26    -10       43
  MONTH TO DATE  293                       390    -97      415
  SINCE DEC 1   1845                      2164   -319     1807
  SINCE JUL 1   2312                      2899   -587     2331

 COOLING
  TODAY            0                         0      0        0
  MONTH TO DATE    0                         0      0        0
  SINCE DEC 1      1                         1      0        3
  SINCE JAN 1      0                         0      0        0
..................................................................


WIND (MPH)
  HIGHEST WIND SPEED    17   HIGHEST WIND DIRECTION     W (280)
  HIGHEST GUST SPEED    29   HIGHEST GUST DIRECTION     W (270)
  AVERAGE WIND SPEED     6.3


SKY COVER
  POSSIBLE SUNSHINE  MM
  AVERAGE SKY COVER 1.0


WEATHER CONDITIONS
 THE FOLLOWING WEATHER WAS RECORDED TODAY.
  NO SIGNIFICANT WEATHER WAS OBSERVED.


RELATIVE HUMIDITY (PERCENT)
 HIGHEST    45           400 AM
 LOWEST     32           100 PM
 AVERAGE    39

..........................................................


THE LOUISVILLE KY CLIMATE NORMALS FOR TOMORROW
                         NORMAL    RECORD    YEAR
 MAXIMUM TEMPERATURE (F)   48        74      1945
                                             1883
 MINIMUM TEMPERATURE (F)   30         3      1905


SUNRISE AND SUNSET
FEBRUARY 14 2017......SUNRISE   734 AM EST   SUNSET   621 PM EST
FEBRUARY 15 2017......SUNRISE   733 AM EST   SUNSET   622 PM EST


-  INDICATES NEGATIVE NUMBERS.
R  INDICATES RECORD WAS SET OR TIED.
MM INDICATES DATA IS MISSING.
T  INDICATES TRACE AMOUNT.




$$
