000
CDUS43 KLMK 240628
CLISDF


CLIMATE REPORT
NATIONAL WEATHER SERVICE LOUISVILLE KY
228 AM EDT SUN MAY 24 2015


...................................

...THE LOUISVILLE KY CLIMATE SUMMARY FOR MAY 23 2015...

CLIMATE NORMAL PERIOD 1981 TO 2010
CLIMATE RECORD PERIOD 1871 TO 2015


WEATHER ITEM   OBSERVED TIME   RECORD YEAR NORMAL DEPARTURE LAST
                VALUE   (LST)  VALUE       VALUE  FROM      YEAR
                                                  NORMAL
..................................................................
TEMPERATURE (F)
 YESTERDAY
  MAXIMUM         80    550 PM  93    1921  79      1       78
  MINIMUM         56    606 AM  40    1963  59     -3       64
                                      1917
  AVERAGE         68                        69     -1       71

PRECIPITATION (IN)
  YESTERDAY        0.00          3.53 1902   0.16  -0.16      T
  MONTH TO DATE    1.54                      3.98  -2.44     3.65
  SINCE MAR 1     20.18                     12.16   8.02    12.96
  SINCE JAN 1     23.28                     18.58   4.70    19.12

SNOWFALL (IN)
  YESTERDAY        0.0          MM      MM   0.0    0.0      0.0
  MONTH TO DATE    0.0                       0.0    0.0      0.0
  SINCE MAR 1     11.9                       1.5   10.4      4.2
  SINCE JUL 1     27.6                      12.5   15.1     26.0
  SNOW DEPTH       0

DEGREE DAYS
 HEATING
  YESTERDAY        0                         1     -1        0
  MONTH TO DATE   24                        60    -36       69
  SINCE MAR 1    767                       844    -77      893
  SINCE JUL 1   4387                      4085    302     4547

 COOLING
  YESTERDAY        3                         5     -2        6
  MONTH TO DATE  136                        79     57      120
  SINCE MAR 1    178                       122     56      151
  SINCE JAN 1    178                       122     56      151
..................................................................


WIND (MPH)
  HIGHEST WIND SPEED    16   HIGHEST WIND DIRECTION    SE (150)
  HIGHEST GUST SPEED    23   HIGHEST GUST DIRECTION     S (170)
  AVERAGE WIND SPEED     5.0


SKY COVER
  POSSIBLE SUNSHINE  MM
  AVERAGE SKY COVER 0.7


WEATHER CONDITIONS
 THE FOLLOWING WEATHER WAS RECORDED YESTERDAY.
  NO SIGNIFICANT WEATHER WAS OBSERVED.


RELATIVE HUMIDITY (PERCENT)
 HIGHEST    86           600 AM
 LOWEST     26           300 PM
 AVERAGE    56

..........................................................


THE LOUISVILLE KY CLIMATE NORMALS FOR TODAY
                         NORMAL    RECORD    YEAR
 MAXIMUM TEMPERATURE (F)   79        92      1921
 MINIMUM TEMPERATURE (F)   60        40      1925


SUNRISE AND SUNSET
MAY 24 2015...........SUNRISE   626 AM EDT   SUNSET   854 PM EDT
MAY 25 2015...........SUNRISE   625 AM EDT   SUNSET   855 PM EDT


-  INDICATES NEGATIVE NUMBERS.
R  INDICATES RECORD WAS SET OR TIED.
MM INDICATES DATA IS MISSING.
T  INDICATES TRACE AMOUNT.




$$
