000
CDUS43 KLMK 090629
CLISDF


CLIMATE REPORT
NATIONAL WEATHER SERVICE LOUISVILLE KY
228 AM EDT MON OCT 9 2017


...................................

...THE LOUISVILLE KY CLIMATE SUMMARY FOR OCTOBER 8 2017...

CLIMATE NORMAL PERIOD 1981 TO 2010
CLIMATE RECORD PERIOD 1871 TO 2017


WEATHER ITEM   OBSERVED TIME   RECORD YEAR NORMAL DEPARTURE LAST
                VALUE   (LST)  VALUE       VALUE  FROM      YEAR
                                                  NORMAL
..................................................................
TEMPERATURE (F)
 YESTERDAY
  MAXIMUM         72    312 AM  93    2007  73     -1       72
  MINIMUM         63   1124 AM  31    2000  51     12       54
                                      1889
  AVERAGE         68                        62      6       63

PRECIPITATION (IN)
  YESTERDAY        1.27          1.70 1975   0.11   1.16     0.00
  MONTH TO DATE    1.95                      0.85   1.10      T
  SINCE SEP 1      7.42                      3.90   3.52     2.28
  SINCE JAN 1     36.83                     35.12   1.71    35.95

SNOWFALL (IN)
  YESTERDAY        0.0           0.0    MM   0.0    0.0      0.0
  MONTH TO DATE    0.0                       0.0    0.0      0.0
  SINCE SEP 1      0.0                       0.0    0.0      0.0
  SINCE JUL 1      0.0                       0.0    0.0      0.0
  SNOW DEPTH       0

DEGREE DAYS
 HEATING
  YESTERDAY        0                         5     -5        2
  MONTH TO DATE    0                        34    -34        3
  SINCE SEP 1     13                        64    -51       15
  SINCE JUL 1     13                        64    -51       15

 COOLING
  YESTERDAY        3                         2      1        0
  MONTH TO DATE   46                        20     26       46
  SINCE SEP 1    256                       230     26      380
  SINCE JAN 1   1750                      1587    163     1988
..................................................................


WIND (MPH)
  HIGHEST WIND SPEED    13   HIGHEST WIND DIRECTION    SE (130)
  HIGHEST GUST SPEED    16   HIGHEST GUST DIRECTION    SE (140)
  AVERAGE WIND SPEED     5.4


SKY COVER
  POSSIBLE SUNSHINE  MM
  AVERAGE SKY COVER 0.9


WEATHER CONDITIONS
 THE FOLLOWING WEATHER WAS RECORDED YESTERDAY.
  HEAVY RAIN
  RAIN
  LIGHT RAIN
  FOG


RELATIVE HUMIDITY (PERCENT)
 HIGHEST   100           100 PM
 LOWEST     81           400 AM
 AVERAGE    91

..........................................................


THE LOUISVILLE KY CLIMATE NORMALS FOR TODAY
                         NORMAL    RECORD    YEAR
 MAXIMUM TEMPERATURE (F)   72        89      2010
 MINIMUM TEMPERATURE (F)   51        31      2000


SUNRISE AND SUNSET
OCTOBER  9 2017.......SUNRISE   746 AM EDT   SUNSET   713 PM EDT
OCTOBER 10 2017.......SUNRISE   747 AM EDT   SUNSET   712 PM EDT


-  INDICATES NEGATIVE NUMBERS.
R  INDICATES RECORD WAS SET OR TIED.
MM INDICATES DATA IS MISSING.
T  INDICATES TRACE AMOUNT.




$$
