000
CDUS43 KLMK 160628
CLISDF


CLIMATE REPORT
NATIONAL WEATHER SERVICE LOUISVILLE KY
127 AM EST TUE DEC 16 2014


...................................

...THE LOUISVILLE KY CLIMATE SUMMARY FOR DECEMBER 15 2014...

CLIMATE NORMAL PERIOD 1981 TO 2010
CLIMATE RECORD PERIOD 1871 TO 2014


WEATHER ITEM   OBSERVED TIME   RECORD YEAR NORMAL DEPARTURE LAST
                VALUE   (LST)  VALUE       VALUE  FROM      YEAR
                                                  NORMAL
..................................................................
TEMPERATURE (F)
 YESTERDAY
  MAXIMUM         54   1159 PM  73    1984  46      8       35
  MINIMUM         42   1025 AM  -7    1901  30     12       28
  AVERAGE         48                        38     10       32

PRECIPITATION (IN)
  YESTERDAY        0.01          2.37 2007   0.11  -0.10      T
  MONTH TO DATE    2.60                      1.87   0.73     2.12
  SINCE DEC 1      2.60                      1.87   0.73     2.12
  SINCE JAN 1     42.30                     42.95  -0.65    50.29

SNOWFALL (IN)
  YESTERDAY        0.0           3.1  1989   0.1   -0.1       T
  MONTH TO DATE    0.0                       1.0   -1.0      5.3
  SINCE DEC 1      0.0                       1.0   -1.0      5.3
  SINCE JUL 1      3.7                       1.2    2.5      5.8
  SNOW DEPTH       0

DEGREE DAYS
 HEATING
  YESTERDAY       17                        27    -10       33
  MONTH TO DATE  330                       379    -49      415
  SINCE DEC 1    330                       379    -49      415
  SINCE JUL 1   1216                      1114    102     1245

 COOLING
  YESTERDAY        0                         0      0        0
  MONTH TO DATE    0                         0      0        0
  SINCE DEC 1      0                         0      0        0
  SINCE JAN 1   1626                      1613     13     1628
..................................................................


WIND (MPH)
  HIGHEST WIND SPEED    16   HIGHEST WIND DIRECTION     E (110)
  HIGHEST GUST SPEED    18   HIGHEST GUST DIRECTION    SE (130)
  AVERAGE WIND SPEED     8.8


SKY COVER
  POSSIBLE SUNSHINE  MM
  AVERAGE SKY COVER 0.9


WEATHER CONDITIONS
 THE FOLLOWING WEATHER WAS RECORDED YESTERDAY.
  LIGHT RAIN
  HAZE


RELATIVE HUMIDITY (PERCENT)
 HIGHEST    89          1100 PM
 LOWEST     60           200 PM
 AVERAGE    75

..........................................................


THE LOUISVILLE KY CLIMATE NORMALS FOR TODAY
                         NORMAL    RECORD    YEAR
 MAXIMUM TEMPERATURE (F)   45        70      1984
                                             1889
 MINIMUM TEMPERATURE (F)   30        -4      1989


SUNRISE AND SUNSET
DECEMBER 16 2014......SUNRISE   753 AM EST   SUNSET   524 PM EST
DECEMBER 17 2014......SUNRISE   754 AM EST   SUNSET   525 PM EST


-  INDICATES NEGATIVE NUMBERS.
R  INDICATES RECORD WAS SET OR TIED.
MM INDICATES DATA IS MISSING.
T  INDICATES TRACE AMOUNT.




$$
