000
CDUS43 KLMK 290628
CLISDF


CLIMATE REPORT
NATIONAL WEATHER SERVICE LOUISVILLE KY
228 AM EDT FRI APR 29 2016


...................................

...THE LOUISVILLE KY CLIMATE SUMMARY FOR APRIL 28 2016...

CLIMATE NORMAL PERIOD 1981 TO 2010
CLIMATE RECORD PERIOD 1871 TO 2016


WEATHER ITEM   OBSERVED TIME   RECORD YEAR NORMAL DEPARTURE LAST
                VALUE   (LST)  VALUE       VALUE  FROM      YEAR
                                                  NORMAL
..................................................................
TEMPERATURE (F)
 YESTERDAY
  MAXIMUM         80    415 PM  88    1951  73      7       66
                                      1897
  MINIMUM         62    632 AM  35    1976  51     11       44
                                      1934
  AVERAGE         71                        62      9       55

PRECIPITATION (IN)
  YESTERDAY        0.02          2.08 1999   0.15  -0.13     0.00
  MONTH TO DATE    2.64                      3.71  -1.07    10.83
  SINCE MAR 1      8.14                      7.88   0.26    18.63
  SINCE JAN 1     13.96                     14.30  -0.34    21.73

SNOWFALL (IN)
  YESTERDAY        0.0           T    2012   0.0    0.0      0.0
  MONTH TO DATE    0.0                       0.1   -0.1      0.0
  SINCE MAR 1      0.5                       1.5   -1.0     11.9
  SINCE JUL 1     14.9                      12.5    2.4     27.6
  SNOW DEPTH       0

DEGREE DAYS
 HEATING
  YESTERDAY        0                         5     -5       10
  MONTH TO DATE  201                       236    -35      162
  SINCE MAR 1    537                       774   -237      728
  SINCE JUL 1   3159                      4015   -856     4348

 COOLING
  YESTERDAY        6                         2      4        0
  MONTH TO DATE   56                        37     19       41
  SINCE MAR 1     63                        43     20       42
  SINCE JAN 1     63                        43     20       42
..................................................................


WIND (MPH)
  HIGHEST WIND SPEED    25   HIGHEST WIND DIRECTION     W (250)
  HIGHEST GUST SPEED    32   HIGHEST GUST DIRECTION     W (260)
  AVERAGE WIND SPEED    10.3


SKY COVER
  POSSIBLE SUNSHINE  MM
  AVERAGE SKY COVER 0.5


WEATHER CONDITIONS
 THE FOLLOWING WEATHER WAS RECORDED YESTERDAY.
  LIGHT RAIN
  FOG


RELATIVE HUMIDITY (PERCENT)
 HIGHEST    93           300 AM
 LOWEST     32           500 PM
 AVERAGE    63

..........................................................


THE LOUISVILLE KY CLIMATE NORMALS FOR TODAY
                         NORMAL    RECORD    YEAR
 MAXIMUM TEMPERATURE (F)   73        89      1899
 MINIMUM TEMPERATURE (F)   52        35      1979
                                             1961


SUNRISE AND SUNSET
APRIL 29 2016.........SUNRISE   648 AM EDT   SUNSET   833 PM EDT
APRIL 30 2016.........SUNRISE   647 AM EDT   SUNSET   834 PM EDT


-  INDICATES NEGATIVE NUMBERS.
R  INDICATES RECORD WAS SET OR TIED.
MM INDICATES DATA IS MISSING.
T  INDICATES TRACE AMOUNT.




$$
