000
CDUS43 KLMK 120632
CLISDF


CLIMATE REPORT
NATIONAL WEATHER SERVICE LOUISVILLE KY
231 AM EDT THU OCT 12 2017


...................................

...THE LOUISVILLE KY CLIMATE SUMMARY FOR OCTOBER 11 2017...

CLIMATE NORMAL PERIOD 1981 TO 2010
CLIMATE RECORD PERIOD 1871 TO 2017


WEATHER ITEM   OBSERVED TIME   RECORD YEAR NORMAL DEPARTURE LAST
                VALUE   (LST)  VALUE       VALUE  FROM      YEAR
                                                  NORMAL
..................................................................
TEMPERATURE (F)
 YESTERDAY
  MAXIMUM         75    410 AM  90    2010  72      3       79
  MINIMUM         59   1023 AM  30    1906  50      9       55
  AVERAGE         67                        61      6       67

PRECIPITATION (IN)
  YESTERDAY        T             1.02 1898   0.11  -0.11     0.00
  MONTH TO DATE    2.91                      1.17   1.74      T
  SINCE SEP 1      8.38                      4.22   4.16     2.28
  SINCE JAN 1     37.79                     35.44   2.35    35.95

SNOWFALL (IN)
  YESTERDAY        0.0           0.0    MM   0.0    0.0      0.0
  MONTH TO DATE    0.0                       0.0    0.0      0.0
  SINCE SEP 1      0.0                       0.0    0.0      0.0
  SINCE JUL 1      0.0                       0.0    0.0      0.0
  SNOW DEPTH       0

DEGREE DAYS
 HEATING
  YESTERDAY        0                         6     -6        0
  MONTH TO DATE    0                        50    -50        9
  SINCE SEP 1     13                        80    -67       21
  SINCE JUL 1     13                        80    -67       21

 COOLING
  YESTERDAY        2                         2      0        2
  MONTH TO DATE   64                        26     38       48
  SINCE SEP 1    274                       236     38      382
  SINCE JAN 1   1768                      1593    175     1990
..................................................................


WIND (MPH)
  HIGHEST WIND SPEED    17   HIGHEST WIND DIRECTION     W (260)
  HIGHEST GUST SPEED    23   HIGHEST GUST DIRECTION     W (280)
  AVERAGE WIND SPEED     9.1


SKY COVER
  POSSIBLE SUNSHINE  MM
  AVERAGE SKY COVER 0.9


WEATHER CONDITIONS
 THE FOLLOWING WEATHER WAS RECORDED YESTERDAY.
  LIGHT RAIN
  FOG
  HAZE


RELATIVE HUMIDITY (PERCENT)
 HIGHEST    93           300 AM
 LOWEST     78          1200 PM
 AVERAGE    86

..........................................................


THE LOUISVILLE KY CLIMATE NORMALS FOR TODAY
                         NORMAL    RECORD    YEAR
 MAXIMUM TEMPERATURE (F)   71        87      2008
 MINIMUM TEMPERATURE (F)   50        32      1917


SUNRISE AND SUNSET
OCTOBER 12 2017.......SUNRISE   749 AM EDT   SUNSET   709 PM EDT
OCTOBER 13 2017.......SUNRISE   750 AM EDT   SUNSET   708 PM EDT


-  INDICATES NEGATIVE NUMBERS.
R  INDICATES RECORD WAS SET OR TIED.
MM INDICATES DATA IS MISSING.
T  INDICATES TRACE AMOUNT.

$$

SCHOETTMER
