000
CDUS43 KLMK 182031
CLISDF


CLIMATE REPORT
NATIONAL WEATHER SERVICE LOUISVILLE KY
430 PM EDT SUN JUN 18 2017


...................................

...THE LOUISVILLE KY CLIMATE SUMMARY FOR JUNE 18 2017...
VALID TODAY AS OF 0400 PM LOCAL TIME.

CLIMATE NORMAL PERIOD 1981 TO 2010
CLIMATE RECORD PERIOD 1871 TO 2017


WEATHER ITEM   OBSERVED TIME   RECORD YEAR NORMAL DEPARTURE LAST
                VALUE   (LST)  VALUE       VALUE  FROM      YEAR
                                                  NORMAL
..................................................................
TEMPERATURE (F)
 TODAY
  MAXIMUM         88    122 PM  98    1905  86      2       89
  MINIMUM         76    836 AM  48    1960  67      9       69
  AVERAGE         82                        76      6       79

PRECIPITATION (IN)
  TODAY            0.04          2.15 1916   0.12  -0.08     0.00
  MONTH TO DATE    0.80                      2.40  -1.60     2.42
  SINCE JUN 1      0.80                      2.40  -1.60     2.42
  SINCE JAN 1     19.96                     22.27  -2.31    21.48

SNOWFALL (IN)
  TODAY            0.0          MM      MM   0.0    0.0      0.0
  MONTH TO DATE    0.0                       0.0    0.0      0.0
  SINCE JUN 1      0.0                       0.0    0.0      0.0
  SINCE JUL 1      2.7                      12.5   -9.8     14.9
  SNOW DEPTH       0

DEGREE DAYS
 HEATING
  TODAY            0                         0      0        0
  MONTH TO DATE    0                         1     -1        0
  SINCE JUN 1      0                         1     -1        0
  SINCE JUL 1   3087                      4093  -1006     3252

 COOLING
  TODAY           17                        12      5       14
  MONTH TO DATE  206                       170     36      222
  SINCE JUN 1    206                       170     36      222
  SINCE JAN 1    498                       344    154      415
..................................................................


WIND (MPH)
  HIGHEST WIND SPEED    20   HIGHEST WIND DIRECTION     W (260)
  HIGHEST GUST SPEED    24   HIGHEST GUST DIRECTION     S (200)
  AVERAGE WIND SPEED    11.1


SKY COVER
  POSSIBLE SUNSHINE  MM
  AVERAGE SKY COVER 0.5


WEATHER CONDITIONS
 THE FOLLOWING WEATHER WAS RECORDED TODAY.
  THUNDERSTORM
  LIGHT RAIN
  FOG
  HAZE


RELATIVE HUMIDITY (PERCENT)
 HIGHEST    76           900 AM
 LOWEST     55           200 PM
 AVERAGE    66

..........................................................


THE LOUISVILLE KY CLIMATE NORMALS FOR TOMORROW
                         NORMAL    RECORD    YEAR
 MAXIMUM TEMPERATURE (F)   86        99      1888
 MINIMUM TEMPERATURE (F)   67        53      1965
                                             1961
                                             1959


SUNRISE AND SUNSET
JUNE 18 2017..........SUNRISE   620 AM EDT   SUNSET   909 PM EDT
JUNE 19 2017..........SUNRISE   620 AM EDT   SUNSET   909 PM EDT


-  INDICATES NEGATIVE NUMBERS.
R  INDICATES RECORD WAS SET OR TIED.
MM INDICATES DATA IS MISSING.
T  INDICATES TRACE AMOUNT.




$$
