000
CDUS43 KLMK 180626
CLISDF


CLIMATE REPORT
NATIONAL WEATHER SERVICE LOUISVILLE KY
126 AM EST SAT FEB 18 2017


...................................

...THE LOUISVILLE KY CLIMATE SUMMARY FOR FEBRUARY 17 2017...

CLIMATE NORMAL PERIOD 1981 TO 2010
CLIMATE RECORD PERIOD 1871 TO 2017


WEATHER ITEM   OBSERVED TIME   RECORD YEAR NORMAL DEPARTURE LAST
                VALUE   (LST)  VALUE       VALUE  FROM      YEAR
                                                  NORMAL
..................................................................
TEMPERATURE (F)
 YESTERDAY
  MAXIMUM         71    400 PM  72    1911  48     23       37
  MINIMUM         47    804 AM  -3    1958  30     17       28
  AVERAGE         59                        39     20       33

PRECIPITATION (IN)
  YESTERDAY        0.00          1.83 1976   0.11  -0.11      T
  MONTH TO DATE    0.62                      1.92  -1.30     2.16
  SINCE DEC 1     10.13                      8.99   1.14     9.75
  SINCE JAN 1      4.83                      5.16  -0.33     3.17

SNOWFALL (IN)
  YESTERDAY        0.0          10.5  1910   0.2   -0.2      0.0
  MONTH TO DATE    T                         3.1   -3.1      6.2
  SINCE DEC 1      2.7                       9.4   -6.7     14.4
  SINCE JUL 1      2.7                       9.6   -6.9     14.4
  SNOW DEPTH       0

DEGREE DAYS
 HEATING
  YESTERDAY        6                        26    -20       32
  MONTH TO DATE  344                       468   -124      509
  SINCE DEC 1   1896                      2242   -346     1901
  SINCE JUL 1   2363                      2977   -614     2425

 COOLING
  YESTERDAY        0                         0      0        0
  MONTH TO DATE    0                         0      0        0
  SINCE DEC 1      1                         1      0        3
  SINCE JAN 1      0                         0      0        0
..................................................................


WIND (MPH)
  HIGHEST WIND SPEED    20   HIGHEST WIND DIRECTION    SW (230)
  HIGHEST GUST SPEED    25   HIGHEST GUST DIRECTION    SW (230)
  AVERAGE WIND SPEED    10.5


SKY COVER
  POSSIBLE SUNSHINE  MM
  AVERAGE SKY COVER 0.4


WEATHER CONDITIONS
 THE FOLLOWING WEATHER WAS RECORDED YESTERDAY.
  NO SIGNIFICANT WEATHER WAS OBSERVED.


RELATIVE HUMIDITY (PERCENT)
 HIGHEST    49           800 AM
 LOWEST     22           400 PM
 AVERAGE    36

..........................................................


THE LOUISVILLE KY CLIMATE NORMALS FOR TODAY
                         NORMAL    RECORD    YEAR
 MAXIMUM TEMPERATURE (F)   49        73      1948
 MINIMUM TEMPERATURE (F)   31        -7      1936


SUNRISE AND SUNSET
FEBRUARY 18 2017......SUNRISE   729 AM EST   SUNSET   625 PM EST
FEBRUARY 19 2017......SUNRISE   728 AM EST   SUNSET   626 PM EST


-  INDICATES NEGATIVE NUMBERS.
R  INDICATES RECORD WAS SET OR TIED.
MM INDICATES DATA IS MISSING.
T  INDICATES TRACE AMOUNT.




$$
