000
CDUS43 KLMK 190627
CLISDF


CLIMATE REPORT
NATIONAL WEATHER SERVICE LOUISVILLE KY
227 AM EDT TUE MAY 19 2015


...................................

...THE LOUISVILLE KY CLIMATE SUMMARY FOR MAY 18 2015...

CLIMATE NORMAL PERIOD 1981 TO 2010
CLIMATE RECORD PERIOD 1871 TO 2015


WEATHER ITEM   OBSERVED TIME   RECORD YEAR NORMAL DEPARTURE LAST
                VALUE   (LST)  VALUE       VALUE  FROM      YEAR
                                                  NORMAL
..................................................................
TEMPERATURE (F)
 YESTERDAY
  MAXIMUM         78    514 PM  93    1911  78      0       68
  MINIMUM         70   1159 PM  40    2002  58     12       44
                                      1895
  AVERAGE         74                        68      6       56

PRECIPITATION (IN)
  YESTERDAY        0.03          1.63 1995   0.16  -0.13     0.00
  MONTH TO DATE    1.54                      3.16  -1.62     2.87
  SINCE MAR 1     20.18                     11.34   8.84    12.18
  SINCE JAN 1     23.28                     17.76   5.52    18.34

SNOWFALL (IN)
  YESTERDAY        0.0          MM      MM   0.0    0.0      0.0
  MONTH TO DATE    0.0                       0.0    0.0      0.0
  SINCE MAR 1     11.9                       1.5   10.4      4.2
  SINCE JUL 1     27.6                      12.5   15.1     26.0
  SNOW DEPTH       0

DEGREE DAYS
 HEATING
  YESTERDAY        0                         2     -2        9
  MONTH TO DATE    9                        52    -43       66
  SINCE MAR 1    752                       836    -84      890
  SINCE JUL 1   4372                      4077    295     4544

 COOLING
  YESTERDAY        9                         4      5        0
  MONTH TO DATE  130                        54     76       85
  SINCE MAR 1    172                        97     75      116
  SINCE JAN 1    172                        97     75      116
..................................................................


WIND (MPH)
  HIGHEST WIND SPEED    12   HIGHEST WIND DIRECTION    SW (210)
  HIGHEST GUST SPEED    18   HIGHEST GUST DIRECTION    SW (220)
  AVERAGE WIND SPEED     6.5


SKY COVER
  POSSIBLE SUNSHINE  MM
  AVERAGE SKY COVER 0.9


WEATHER CONDITIONS
 THE FOLLOWING WEATHER WAS RECORDED YESTERDAY.
  RAIN
  LIGHT RAIN


RELATIVE HUMIDITY (PERCENT)
 HIGHEST    90          1200 AM
 LOWEST     67           500 PM
 AVERAGE    79

..........................................................


THE LOUISVILLE KY CLIMATE NORMALS FOR TODAY
                         NORMAL    RECORD    YEAR
 MAXIMUM TEMPERATURE (F)   78        93      1951
 MINIMUM TEMPERATURE (F)   58        35      2002


SUNRISE AND SUNSET
MAY 19 2015...........SUNRISE   629 AM EDT   SUNSET   850 PM EDT
MAY 20 2015...........SUNRISE   628 AM EDT   SUNSET   851 PM EDT


-  INDICATES NEGATIVE NUMBERS.
R  INDICATES RECORD WAS SET OR TIED.
MM INDICATES DATA IS MISSING.
T  INDICATES TRACE AMOUNT.




$$
