000
CDUS43 KLMK 172039
CLISDF


CLIMATE REPORT
NATIONAL WEATHER SERVICE LOUISVILLE KY
438 PM EDT MON APR 17 2017


...................................

...THE LOUISVILLE KY CLIMATE SUMMARY FOR APRIL 17 2017...
VALID TODAY AS OF 0400 PM LOCAL TIME.

CLIMATE NORMAL PERIOD 1981 TO 2010
CLIMATE RECORD PERIOD 1871 TO 2017


WEATHER ITEM   OBSERVED TIME   RECORD YEAR NORMAL DEPARTURE LAST
                VALUE   (LST)  VALUE       VALUE  FROM      YEAR
                                                  NORMAL
..................................................................
TEMPERATURE (F)
 TODAY
  MAXIMUM         75    212 PM  90    1896  69      6       84
  MINIMUM         60    619 AM  21    1875  48     12       52
  AVERAGE         68                        59      9       68

PRECIPITATION (IN)
  TODAY            T             1.50 1940   0.13  -0.13     0.00
  MONTH TO DATE    2.31                      2.13   0.18     0.96
  SINCE MAR 1      5.99                      6.30  -0.31     6.46
  SINCE JAN 1     12.26                     12.72  -0.46    12.28

SNOWFALL (IN)
  TODAY            0.0           T    2001   0.0    0.0      0.0
                                      1997
                                      1990
  MONTH TO DATE    0.0                       0.1   -0.1      0.0
  SINCE MAR 1      T                         1.5   -1.5      0.5
  SINCE JUL 1      2.7                      12.5   -9.8     14.9
  SNOW DEPTH       0

DEGREE DAYS
 HEATING
  TODAY            0                         8     -8        0
  MONTH TO DATE   66                       169   -103      197
  SINCE MAR 1    524                       707   -183      533
  SINCE JUL 1   2989                      3948   -959     3155

 COOLING
  TODAY            3                         1      2        3
  MONTH TO DATE   47                        17     30        7
  SINCE MAR 1     58                        23     35       14
  SINCE JAN 1     63                        23     40       14
..................................................................


WIND (MPH)
  HIGHEST WIND SPEED    13   HIGHEST WIND DIRECTION     N (350)
  HIGHEST GUST SPEED    18   HIGHEST GUST DIRECTION    NE (30)
  AVERAGE WIND SPEED     6.1


SKY COVER
  POSSIBLE SUNSHINE  MM
  AVERAGE SKY COVER 0.8


WEATHER CONDITIONS
 THE FOLLOWING WEATHER WAS RECORDED TODAY.
  LIGHT RAIN
  FOG


RELATIVE HUMIDITY (PERCENT)
 HIGHEST    93           300 AM
 LOWEST     41           300 PM
 AVERAGE    67

..........................................................


THE LOUISVILLE KY CLIMATE NORMALS FOR TOMORROW
                         NORMAL    RECORD    YEAR
 MAXIMUM TEMPERATURE (F)   70        90      1896
 MINIMUM TEMPERATURE (F)   48        21      1875


SUNRISE AND SUNSET
APRIL 17 2017.........SUNRISE   704 AM EDT   SUNSET   821 PM EDT
APRIL 18 2017.........SUNRISE   703 AM EDT   SUNSET   822 PM EDT


-  INDICATES NEGATIVE NUMBERS.
R  INDICATES RECORD WAS SET OR TIED.
MM INDICATES DATA IS MISSING.
T  INDICATES TRACE AMOUNT.




$$
