000
CDUS43 KLMK 190627
CLISDF


CLIMATE REPORT
NATIONAL WEATHER SERVICE LOUISVILLE KY
227 AM EDT FRI MAY 19 2017


...................................

...THE LOUISVILLE KY CLIMATE SUMMARY FOR MAY 18 2017...

CLIMATE NORMAL PERIOD 1981 TO 2010
CLIMATE RECORD PERIOD 1871 TO 2017


WEATHER ITEM   OBSERVED TIME   RECORD YEAR NORMAL DEPARTURE LAST
                VALUE   (LST)  VALUE       VALUE  FROM      YEAR
                                                  NORMAL
..................................................................
TEMPERATURE (F)
 YESTERDAY
  MAXIMUM         88    436 PM  93    1911  78     10       68
  MINIMUM         74    806 AM  40    2002  58     16       51
                                      1895
  AVERAGE         81                        68     13       60

PRECIPITATION (IN)
  YESTERDAY        0.06          1.63 1995   0.16  -0.10     0.04
  MONTH TO DATE    2.76                      3.16  -0.40     3.23
  SINCE MAR 1     10.91                     11.34  -0.43    11.91
  SINCE JAN 1     17.18                     17.76  -0.58    17.73

SNOWFALL (IN)
  YESTERDAY        0.0          MM      MM   0.0    0.0      0.0
  MONTH TO DATE    0.0                       0.0    0.0      0.0
  SINCE MAR 1      T                         1.5   -1.5      0.5
  SINCE JUL 1      2.7                      12.5   -9.8     14.9
  SNOW DEPTH       0

DEGREE DAYS
 HEATING
  YESTERDAY        0                         2     -2        5
  MONTH TO DATE   70                        52     18       81
  SINCE MAR 1    618                       836   -218      620
  SINCE JUL 1   3083                      4077   -994     3242

 COOLING
  YESTERDAY       16                         4     12        0
  MONTH TO DATE   79                        54     25       38
  SINCE MAR 1    197                        97    100      101
  SINCE JAN 1    202                        97    105      101
..................................................................


WIND (MPH)
  HIGHEST WIND SPEED    21   HIGHEST WIND DIRECTION    SW (230)
  HIGHEST GUST SPEED    30   HIGHEST GUST DIRECTION    SW (220)
  AVERAGE WIND SPEED    12.1


SKY COVER
  POSSIBLE SUNSHINE  MM
  AVERAGE SKY COVER 0.7


WEATHER CONDITIONS
 THE FOLLOWING WEATHER WAS RECORDED YESTERDAY.
  RAIN
  LIGHT RAIN


RELATIVE HUMIDITY (PERCENT)
 HIGHEST    69           500 AM
 LOWEST     40           500 PM
 AVERAGE    55

..........................................................


THE LOUISVILLE KY CLIMATE NORMALS FOR TODAY
                         NORMAL    RECORD    YEAR
 MAXIMUM TEMPERATURE (F)   78        93      1951
 MINIMUM TEMPERATURE (F)   58        35      2002


SUNRISE AND SUNSET
MAY 19 2017...........SUNRISE   629 AM EDT   SUNSET   851 PM EDT
MAY 20 2017...........SUNRISE   628 AM EDT   SUNSET   851 PM EDT


-  INDICATES NEGATIVE NUMBERS.
R  INDICATES RECORD WAS SET OR TIED.
MM INDICATES DATA IS MISSING.
T  INDICATES TRACE AMOUNT.




$$
