000
CDUS43 KLMK 180638
CLISDF


CLIMATE REPORT
NATIONAL WEATHER SERVICE LOUISVILLE KY
238 AM EDT SUN SEP 18 2016


...................................

...THE LOUISVILLE KY CLIMATE SUMMARY FOR SEPTEMBER 17 2016...

CLIMATE NORMAL PERIOD 1981 TO 2010
CLIMATE RECORD PERIOD 1871 TO 2016


WEATHER ITEM   OBSERVED TIME   RECORD YEAR NORMAL DEPARTURE LAST
                VALUE   (LST)  VALUE       VALUE  FROM      YEAR
                                                  NORMAL
..................................................................
TEMPERATURE (F)
 YESTERDAY
  MAXIMUM         79    136 PM  96    1955  81     -2       85
  MINIMUM         72   1032 AM  43    2000  60     12       58
  AVERAGE         76                        71      5       72

PRECIPITATION (IN)
  YESTERDAY        0.11          1.43 1942   0.10   0.01     0.00
  MONTH TO DATE    0.68                      1.69  -1.01     0.80
  SINCE SEP 1      0.68                      1.69  -1.01     0.80
  SINCE JAN 1     34.35                     32.91   1.44    43.86

SNOWFALL (IN)
  YESTERDAY        0.0          MM      MM   0.0    0.0      0.0
  MONTH TO DATE    0.0                       0.0    0.0      0.0
  SINCE SEP 1      0.0                       0.0    0.0      0.0
  SINCE JUL 1      0.0                       0.0    0.0      0.0
  SNOW DEPTH       0

DEGREE DAYS
 HEATING
  YESTERDAY        0                         1     -1        0
  MONTH TO DATE    0                         3     -3        4
  SINCE SEP 1      0                         3     -3        4
  SINCE JUL 1      0                         3     -3        4

 COOLING
  YESTERDAY       11                         6      5        7
  MONTH TO DATE  218                       151     67      194
  SINCE SEP 1    218                       151     67      194
  SINCE JAN 1   1826                      1508    318     1648
..................................................................


WIND (MPH)
  HIGHEST WIND SPEED    22   HIGHEST WIND DIRECTION    SW (220)
  HIGHEST GUST SPEED    29   HIGHEST GUST DIRECTION    SW (220)
  AVERAGE WIND SPEED    10.1


SKY COVER
  POSSIBLE SUNSHINE  MM
  AVERAGE SKY COVER 0.9


WEATHER CONDITIONS
 THE FOLLOWING WEATHER WAS RECORDED YESTERDAY.
  LIGHT RAIN
  FOG


RELATIVE HUMIDITY (PERCENT)
 HIGHEST    90          1000 AM
 LOWEST     62           800 AM
 AVERAGE    76

..........................................................


THE LOUISVILLE KY CLIMATE NORMALS FOR TODAY
                         NORMAL    RECORD    YEAR
 MAXIMUM TEMPERATURE (F)   81        99      1953
 MINIMUM TEMPERATURE (F)   60        42      1903


SUNRISE AND SUNSET
SEPTEMBER 18 2016.....SUNRISE   728 AM EDT   SUNSET   745 PM EDT
SEPTEMBER 19 2016.....SUNRISE   728 AM EDT   SUNSET   744 PM EDT


-  INDICATES NEGATIVE NUMBERS.
R  INDICATES RECORD WAS SET OR TIED.
MM INDICATES DATA IS MISSING.
T  INDICATES TRACE AMOUNT.




$$
