000
CDUS43 KLMK 140634
CLISDF


CLIMATE REPORT
NATIONAL WEATHER SERVICE LOUISVILLE KY
134 AM EST SUN DEC 14 2014


...................................

...THE LOUISVILLE KY CLIMATE SUMMARY FOR DECEMBER 13 2014...

CLIMATE NORMAL PERIOD 1981 TO 2010
CLIMATE RECORD PERIOD 1871 TO 2014


WEATHER ITEM   OBSERVED TIME   RECORD YEAR NORMAL DEPARTURE LAST
                VALUE   (LST)  VALUE       VALUE  FROM      YEAR
                                                  NORMAL
..................................................................
TEMPERATURE (F)
 YESTERDAY
  MAXIMUM         48    337 PM  70    1927  46      2       44
  MINIMUM         41    855 AM  -3    1962  30     11       23
  AVERAGE         45                        38      7       34

PRECIPITATION (IN)
  YESTERDAY        0.00          2.16 1999   0.12  -0.12     0.03
  MONTH TO DATE    2.59                      1.64   0.95     1.63
  SINCE DEC 1      2.59                      1.64   0.95     1.63
  SINCE JAN 1     42.29                     42.72  -0.43    49.80

SNOWFALL (IN)
  YESTERDAY        0.0           4.0  1914   0.1   -0.1       T
  MONTH TO DATE    0.0                       0.8   -0.8      5.3
  SINCE DEC 1      0.0                       0.8   -0.8      5.3
  SINCE JUL 1      3.7                       1.0    2.7      5.8
  SNOW DEPTH       0

DEGREE DAYS
 HEATING
  YESTERDAY       20                        27     -7       31
  MONTH TO DATE  295                       325    -30      356
  SINCE DEC 1    295                       325    -30      356
  SINCE JUL 1   1181                      1060    121     1186

 COOLING
  YESTERDAY        0                         0      0        0
  MONTH TO DATE    0                         0      0        0
  SINCE DEC 1      0                         0      0        0
  SINCE JAN 1   1626                      1613     13     1628
..................................................................


WIND (MPH)
  HIGHEST WIND SPEED     9   HIGHEST WIND DIRECTION     W (290)
  HIGHEST GUST SPEED    13   HIGHEST GUST DIRECTION     W (280)
  AVERAGE WIND SPEED     3.8


SKY COVER
  POSSIBLE SUNSHINE  MM
  AVERAGE SKY COVER 1.0


WEATHER CONDITIONS
 THE FOLLOWING WEATHER WAS RECORDED YESTERDAY.
  HAZE


RELATIVE HUMIDITY (PERCENT)
 HIGHEST    76          1100 AM
 LOWEST     61           200 PM
 AVERAGE    69

..........................................................


THE LOUISVILLE KY CLIMATE NORMALS FOR TODAY
                         NORMAL    RECORD    YEAR
 MAXIMUM TEMPERATURE (F)   46        73      1975
 MINIMUM TEMPERATURE (F)   30         2      1914
                                             1901


SUNRISE AND SUNSET
DECEMBER 14 2014......SUNRISE   752 AM EST   SUNSET   524 PM EST
DECEMBER 15 2014......SUNRISE   752 AM EST   SUNSET   524 PM EST


-  INDICATES NEGATIVE NUMBERS.
R  INDICATES RECORD WAS SET OR TIED.
MM INDICATES DATA IS MISSING.
T  INDICATES TRACE AMOUNT.




$$
