000
CDUS43 KLMK 122029
CLISDF


CLIMATE REPORT
NATIONAL WEATHER SERVICE LOUISVILLE KY
429 PM EDT THU OCT 12 2017


...................................

...THE LOUISVILLE KY CLIMATE SUMMARY FOR OCTOBER 12 2017...
VALID TODAY AS OF 0400 PM LOCAL TIME.

CLIMATE NORMAL PERIOD 1981 TO 2010
CLIMATE RECORD PERIOD 1871 TO 2017


WEATHER ITEM   OBSERVED TIME   RECORD YEAR NORMAL DEPARTURE LAST
                VALUE   (LST)  VALUE       VALUE  FROM      YEAR
                                                  NORMAL
..................................................................
TEMPERATURE (F)
 TODAY
  MAXIMUM         67    259 PM  87    2008  71     -4       81
  MINIMUM         59    750 AM  32    1917  50      9       55
  AVERAGE         63                        61      2       68

PRECIPITATION (IN)
  TODAY            T             1.94 1970   0.10  -0.10     0.00
  MONTH TO DATE    2.91                      1.27   1.64      T
  SINCE SEP 1      8.38                      4.32   4.06     2.28
  SINCE JAN 1     37.79                     35.54   2.25    35.95

SNOWFALL (IN)
  TODAY            0.0           T    1907   0.0    0.0      0.0
  MONTH TO DATE    0.0                       0.0    0.0      0.0
  SINCE SEP 1      0.0                       0.0    0.0      0.0
  SINCE JUL 1      0.0                       0.0    0.0      0.0
  SNOW DEPTH       0

DEGREE DAYS
 HEATING
  TODAY            2                         6     -4        0
  MONTH TO DATE    2                        56    -54        9
  SINCE SEP 1     15                        86    -71       21
  SINCE JUL 1     15                        86    -71       21

 COOLING
  TODAY            0                         1     -1        3
  MONTH TO DATE   64                        27     37       51
  SINCE SEP 1    274                       237     37      385
  SINCE JAN 1   1768                      1594    174     1993
..................................................................


WIND (MPH)
  HIGHEST WIND SPEED     7   HIGHEST WIND DIRECTION     W (280)
  HIGHEST GUST SPEED     8   HIGHEST GUST DIRECTION     W (290)
  AVERAGE WIND SPEED     3.0


SKY COVER
  POSSIBLE SUNSHINE  MM
  AVERAGE SKY COVER 1.0


WEATHER CONDITIONS
 THE FOLLOWING WEATHER WAS RECORDED TODAY.
  LIGHT RAIN
  FOG


RELATIVE HUMIDITY (PERCENT)
 HIGHEST    90           900 AM
 LOWEST     68           200 PM
 AVERAGE    79

..........................................................


THE LOUISVILLE KY CLIMATE NORMALS FOR TOMORROW
                         NORMAL    RECORD    YEAR
 MAXIMUM TEMPERATURE (F)   71        88      1975
                                             1928
                                             1897
 MINIMUM TEMPERATURE (F)   50        31      1988
                                             1909


SUNRISE AND SUNSET
OCTOBER 12 2017.......SUNRISE   749 AM EDT   SUNSET   709 PM EDT
OCTOBER 13 2017.......SUNRISE   750 AM EDT   SUNSET   708 PM EDT


-  INDICATES NEGATIVE NUMBERS.
R  INDICATES RECORD WAS SET OR TIED.
MM INDICATES DATA IS MISSING.
T  INDICATES TRACE AMOUNT.




$$
