000
CDUS43 KLMK 122130
CLISDF


CLIMATE REPORT
NATIONAL WEATHER SERVICE LOUISVILLE KY
429 PM EST FRI DEC 12 2014


...................................

...THE LOUISVILLE KY CLIMATE SUMMARY FOR DECEMBER 12 2014...
VALID TODAY AS OF 0400 PM LOCAL TIME.

CLIMATE NORMAL PERIOD 1981 TO 2010
CLIMATE RECORD PERIOD 1871 TO 2014


WEATHER ITEM   OBSERVED TIME   RECORD YEAR NORMAL DEPARTURE LAST
                VALUE   (LST)  VALUE       VALUE  FROM      YEAR
                                                  NORMAL
..................................................................
TEMPERATURE (F)
 TODAY
  MAXIMUM         45    359 PM  68    2007  46     -1       30
  MINIMUM         25    818 AM  -3    1962  31     -6       12
  AVERAGE         35                        38     -3       21

PRECIPITATION (IN)
  TODAY            0.00          1.85 1873   0.13  -0.13     0.00
  MONTH TO DATE    2.59                      1.52   1.07     1.60
  SINCE DEC 1      2.59                      1.52   1.07     1.60
  SINCE JAN 1     42.29                     42.60  -0.31    49.77

SNOWFALL (IN)
  TODAY            0.0           2.4  2010   0.1   -0.1      0.0
  MONTH TO DATE    0.0                       0.7   -0.7      5.3
  SINCE DEC 1      0.0                       0.7   -0.7      5.3
  SINCE JUL 1      3.7                       0.9    2.8      5.8
  SNOW DEPTH       0

DEGREE DAYS
 HEATING
  TODAY           30                        27      3       44
  MONTH TO DATE  275                       298    -23      325
  SINCE DEC 1    275                       298    -23      325
  SINCE JUL 1   1161                      1033    128     1155

 COOLING
  TODAY            0                         0      0        0
  MONTH TO DATE    0                         0      0        0
  SINCE DEC 1      0                         0      0        0
  SINCE JAN 1   1626                      1613     13     1628
..................................................................


WIND (MPH)
  HIGHEST WIND SPEED    10   HIGHEST WIND DIRECTION     W (290)
  HIGHEST GUST SPEED    13   HIGHEST GUST DIRECTION     W (290)
  AVERAGE WIND SPEED     5.8


SKY COVER
  POSSIBLE SUNSHINE  MM
  AVERAGE SKY COVER 0.1


WEATHER CONDITIONS
 THE FOLLOWING WEATHER WAS RECORDED TODAY.
  FOG
  HAZE


RELATIVE HUMIDITY (PERCENT)
 HIGHEST    92           900 AM
 LOWEST     49           300 PM
 AVERAGE    71

..........................................................


THE LOUISVILLE KY CLIMATE NORMALS FOR TOMORROW
                         NORMAL    RECORD    YEAR
 MAXIMUM TEMPERATURE (F)   46        70      1927
 MINIMUM TEMPERATURE (F)   30        -3      1962


SUNRISE AND SUNSET
DECEMBER 12 2014......SUNRISE   750 AM EST   SUNSET   523 PM EST
DECEMBER 13 2014......SUNRISE   751 AM EST   SUNSET   523 PM EST


-  INDICATES NEGATIVE NUMBERS.
R  INDICATES RECORD WAS SET OR TIED.
MM INDICATES DATA IS MISSING.
T  INDICATES TRACE AMOUNT.




$$
