243
CDUS43 KLMK 130633
CLISDF


CLIMATE REPORT
NATIONAL WEATHER SERVICE LOUISVILLE KY
132 AM EST TUE FEB 13 2018


...................................

...THE LOUISVILLE KY CLIMATE SUMMARY FOR FEBRUARY 12 2018...

CLIMATE NORMAL PERIOD 1981 TO 2010
CLIMATE RECORD PERIOD 1871 TO 2018


WEATHER ITEM   OBSERVED TIME   RECORD YEAR NORMAL DEPARTURE LAST
                VALUE   (LST)  VALUE       VALUE  FROM      YEAR
                                                  NORMAL
..................................................................
TEMPERATURE (F)
 YESTERDAY
  MAXIMUM         45    441 PM  73    1984  47     -2       68
                                      1938
  MINIMUM         24    746 AM  -7    1899  29     -5       41
  AVERAGE         35                        38     -3       55

PRECIPITATION (IN)
  YESTERDAY        T             1.43 1894   0.11  -0.11      T
  MONTH TO DATE    1.74                      1.36   0.38     0.62
  SINCE DEC 1      6.23                      8.43  -2.20    10.13
  SINCE JAN 1      3.50                      4.60  -1.10     4.83

SNOWFALL (IN)
  YESTERDAY        T             2.3  1982   0.2   -0.2      0.0
  MONTH TO DATE    0.4                       2.2   -1.8       T
  SINCE DEC 1      5.6                       8.5   -2.9      2.7
  SINCE JUL 1      5.6                       8.7   -3.1      2.7
  SNOW DEPTH       0

DEGREE DAYS
 HEATING
  YESTERDAY       30                        27      3       10
  MONTH TO DATE  380                       337     43      253
  SINCE DEC 1   2236                      2111    125     1805
  SINCE JUL 1   2902                      2846     56     2272

 COOLING
  YESTERDAY        0                         0      0        0
  MONTH TO DATE    0                         0      0        0
  SINCE DEC 1      0                         1     -1        1
  SINCE JAN 1      0                         0      0        0
..................................................................


WIND (MPH)
  HIGHEST WIND SPEED    17   HIGHEST WIND DIRECTION     N (360)
  HIGHEST GUST SPEED    24   HIGHEST GUST DIRECTION    NE (30)
  AVERAGE WIND SPEED     9.9


SKY COVER
  POSSIBLE SUNSHINE  MM
  AVERAGE SKY COVER 0.5


WEATHER CONDITIONS
 THE FOLLOWING WEATHER WAS RECORDED YESTERDAY.
  LT FREEZING RAIN
  LIGHT SNOW
  SLEET


RELATIVE HUMIDITY (PERCENT)
 HIGHEST    81           500 AM
 LOWEST     37           400 PM
 AVERAGE    59

..........................................................


THE LOUISVILLE KY CLIMATE NORMALS FOR TODAY
                         NORMAL    RECORD    YEAR
 MAXIMUM TEMPERATURE (F)   47        77      1962
 MINIMUM TEMPERATURE (F)   29       -10      1899


SUNRISE AND SUNSET
FEBRUARY 13 2018......SUNRISE   735 AM EST   SUNSET   619 PM EST
FEBRUARY 14 2018......SUNRISE   734 AM EST   SUNSET   620 PM EST


-  INDICATES NEGATIVE NUMBERS.
R  INDICATES RECORD WAS SET OR TIED.
MM INDICATES DATA IS MISSING.
T  INDICATES TRACE AMOUNT.




$$
