000
CDUS43 KLMK 230627
CLISDF


CLIMATE REPORT
NATIONAL WEATHER SERVICE LOUISVILLE KY
127 AM EST FRI JAN 23 2015


...................................

...THE LOUISVILLE KY CLIMATE SUMMARY FOR JANUARY 22 2015...

CLIMATE NORMAL PERIOD 1981 TO 2010
CLIMATE RECORD PERIOD 1871 TO 2015


WEATHER ITEM   OBSERVED TIME   RECORD YEAR NORMAL DEPARTURE LAST
                VALUE   (LST)  VALUE       VALUE  FROM      YEAR
                                                  NORMAL
..................................................................
TEMPERATURE (F)
 YESTERDAY
  MAXIMUM         41    218 PM  69    1999  43     -2       22
                                      1933
  MINIMUM         31    736 AM  -9    1936  27      4        5
  AVERAGE         36                        35      1       14

PRECIPITATION (IN)
  YESTERDAY        0.00          2.50 1898   0.10  -0.10      T
  MONTH TO DATE    0.62                      2.29  -1.67     2.28
  SINCE DEC 1      4.19                      6.12  -1.93     7.71
  SINCE JAN 1      0.62                      2.29  -1.67     2.28

SNOWFALL (IN)
  YESTERDAY        0.0           5.8  1966   0.1   -0.1       T
  MONTH TO DATE    T                         2.4   -2.4      5.6
  SINCE DEC 1      T                         5.0   -5.0     10.9
  SINCE JUL 1      3.7                       5.2   -1.5     11.4
  SNOW DEPTH       0

DEGREE DAYS
 HEATING
  YESTERDAY       29                        30     -1       51
  MONTH TO DATE  694                       660     34      746
  SINCE DEC 1   1430                      1501    -71     1557
  SINCE JUL 1   2316                      2236     80     2387

 COOLING
  YESTERDAY        0                         0      0        0
  MONTH TO DATE    0                         0      0        0
  SINCE DEC 1      0                         1     -1        0
  SINCE JAN 1      0                         0      0        0
..................................................................


WIND (MPH)
  HIGHEST WIND SPEED    13   HIGHEST WIND DIRECTION     N (20)
  HIGHEST GUST SPEED    15   HIGHEST GUST DIRECTION     N (10)
  AVERAGE WIND SPEED     4.6


SKY COVER
  POSSIBLE SUNSHINE  MM
  AVERAGE SKY COVER 0.8


WEATHER CONDITIONS
 THE FOLLOWING WEATHER WAS RECORDED YESTERDAY.
  FOG
  HAZE


RELATIVE HUMIDITY (PERCENT)
 HIGHEST    85           600 AM
 LOWEST     59           700 PM
 AVERAGE    72

..........................................................


THE LOUISVILLE KY CLIMATE NORMALS FOR TODAY
                         NORMAL    RECORD    YEAR
 MAXIMUM TEMPERATURE (F)   43        71      1967
 MINIMUM TEMPERATURE (F)   27       -13      1963


SUNRISE AND SUNSET
JANUARY 23 2015.......SUNRISE   754 AM EST   SUNSET   555 PM EST
JANUARY 24 2015.......SUNRISE   754 AM EST   SUNSET   556 PM EST


-  INDICATES NEGATIVE NUMBERS.
R  INDICATES RECORD WAS SET OR TIED.
MM INDICATES DATA IS MISSING.
T  INDICATES TRACE AMOUNT.




$$
