000
CDUS43 KLMK 142028
CLISDF


CLIMATE REPORT
NATIONAL WEATHER SERVICE LOUISVILLE KY
427 PM EDT WED SEP 14 2016


...................................

...THE LOUISVILLE KY CLIMATE SUMMARY FOR SEPTEMBER 14 2016...
VALID TODAY AS OF 0400 PM LOCAL TIME.

CLIMATE NORMAL PERIOD 1981 TO 2010
CLIMATE RECORD PERIOD 1871 TO 2016


WEATHER ITEM   OBSERVED TIME   RECORD YEAR NORMAL DEPARTURE LAST
                VALUE   (LST)  VALUE       VALUE  FROM      YEAR
                                                  NORMAL
..................................................................
TEMPERATURE (F)
 TODAY
  MAXIMUM         91    215 PM 100    1897  82      9       78
  MINIMUM         65    643 AM  40    1902  61      4       51
  AVERAGE         78                        72      6       65

PRECIPITATION (IN)
  TODAY            0.00          1.06 1938   0.11  -0.11     0.00
  MONTH TO DATE    0.47                      1.38  -0.91     0.80
  SINCE SEP 1      0.47                      1.38  -0.91     0.80
  SINCE JAN 1     34.14                     32.60   1.54    43.86

SNOWFALL (IN)
  TODAY            0.0          MM      MM   0.0    0.0      0.0
  MONTH TO DATE    0.0                       0.0    0.0      0.0
  SINCE SEP 1      0.0                       0.0    0.0      0.0
  SINCE JUL 1      0.0                       0.0    0.0      0.0
  SNOW DEPTH       0

DEGREE DAYS
 HEATING
  TODAY            0                         0      0        0
  MONTH TO DATE    0                         0      0        4
  SINCE SEP 1      0                         0      0        4
  SINCE JUL 1      0                         0      0        4

 COOLING
  TODAY           13                         7      6        0
  MONTH TO DATE  176                       131     45      177
  SINCE SEP 1    176                       131     45      177
  SINCE JAN 1   1784                      1488    296     1631
..................................................................


WIND (MPH)
  HIGHEST WIND SPEED    10   HIGHEST WIND DIRECTION    SE (150)
  HIGHEST GUST SPEED    12   HIGHEST GUST DIRECTION    NE (30)
  AVERAGE WIND SPEED     2.5


SKY COVER
  POSSIBLE SUNSHINE  MM
  AVERAGE SKY COVER 0.3


WEATHER CONDITIONS
 THE FOLLOWING WEATHER WAS RECORDED TODAY.
  HAZE


RELATIVE HUMIDITY (PERCENT)
 HIGHEST    81           300 AM
 LOWEST     41           100 PM
 AVERAGE    61

..........................................................


THE LOUISVILLE KY CLIMATE NORMALS FOR TOMORROW
                         NORMAL    RECORD    YEAR
 MAXIMUM TEMPERATURE (F)   82        99      1897
 MINIMUM TEMPERATURE (F)   61        44      1902


SUNRISE AND SUNSET
SEPTEMBER 14 2016.....SUNRISE   724 AM EDT   SUNSET   752 PM EDT
SEPTEMBER 15 2016.....SUNRISE   725 AM EDT   SUNSET   750 PM EDT


-  INDICATES NEGATIVE NUMBERS.
R  INDICATES RECORD WAS SET OR TIED.
MM INDICATES DATA IS MISSING.
T  INDICATES TRACE AMOUNT.




$$
