000
CDUS43 KLMK 280632
CLISDF


CLIMATE REPORT
NATIONAL WEATHER SERVICE LOUISVILLE KY
131 AM EST MON NOV 28 2016


...................................

...THE LOUISVILLE KY CLIMATE SUMMARY FOR NOVEMBER 27 2016...

CLIMATE NORMAL PERIOD 1981 TO 2010
CLIMATE RECORD PERIOD 1871 TO 2016


WEATHER ITEM   OBSERVED TIME   RECORD YEAR NORMAL DEPARTURE LAST
                VALUE   (LST)  VALUE       VALUE  FROM      YEAR
                                                  NORMAL
..................................................................
TEMPERATURE (F)
 YESTERDAY
  MAXIMUM         52    323 PM  77    1990  52      0       68
  MINIMUM         29    808 AM   8    1930  35     -6       56
  AVERAGE         41                        44     -3       62

PRECIPITATION (IN)
  YESTERDAY        0.00          2.69 1910   0.13  -0.13     0.08
  MONTH TO DATE    0.76                      3.20  -2.44     4.18
  SINCE SEP 1      3.69                      9.47  -5.78    11.48
  SINCE JAN 1     37.36                     40.69  -3.33    54.54

SNOWFALL (IN)
  YESTERDAY        0.0           4.8  1977   0.0    0.0      0.0
  MONTH TO DATE    0.0                       0.1   -0.1      0.0
  SINCE SEP 1      0.0                       0.2   -0.2      0.0
  SINCE JUL 1      0.0                       0.2   -0.2      0.0
  SNOW DEPTH       0

DEGREE DAYS
 HEATING
  YESTERDAY       24                        21      3        3
  MONTH TO DATE  348                       426    -78      320
  SINCE SEP 1    433                       668   -235      478
  SINCE JUL 1    433                       668   -235      478

 COOLING
  YESTERDAY        0                         0      0        0
  MONTH TO DATE   19                         0     19        9
  SINCE SEP 1    474                       252    222      333
  SINCE JAN 1   2082                      1609    473     1787
..................................................................


WIND (MPH)
  HIGHEST WIND SPEED    12   HIGHEST WIND DIRECTION     S (160)
  HIGHEST GUST SPEED    14   HIGHEST GUST DIRECTION     S (170)
  AVERAGE WIND SPEED     5.6


SKY COVER
  POSSIBLE SUNSHINE  MM
  AVERAGE SKY COVER 0.5


WEATHER CONDITIONS
 THE FOLLOWING WEATHER WAS RECORDED YESTERDAY.
  FOG
  HAZE


RELATIVE HUMIDITY (PERCENT)
 HIGHEST    92           300 AM
 LOWEST     41           400 PM
 AVERAGE    67

..........................................................


THE LOUISVILLE KY CLIMATE NORMALS FOR TODAY
                         NORMAL    RECORD    YEAR
 MAXIMUM TEMPERATURE (F)   52        73      1909
 MINIMUM TEMPERATURE (F)   35         8      1887


SUNRISE AND SUNSET
NOVEMBER 28 2016......SUNRISE   738 AM EST   SUNSET   524 PM EST
NOVEMBER 29 2016......SUNRISE   739 AM EST   SUNSET   524 PM EST


-  INDICATES NEGATIVE NUMBERS.
R  INDICATES RECORD WAS SET OR TIED.
MM INDICATES DATA IS MISSING.
T  INDICATES TRACE AMOUNT.




$$
