882
CDUS43 KLMK 110641
CLISDF


CLIMATE REPORT
NATIONAL WEATHER SERVICE LOUISVILLE KY
141 AM EST MON DEC 11 2017


...................................

...THE LOUISVILLE KY CLIMATE SUMMARY FOR DECEMBER 10 2017...

CLIMATE NORMAL PERIOD 1981 TO 2010
CLIMATE RECORD PERIOD 1871 TO 2017


WEATHER ITEM   OBSERVED TIME   RECORD YEAR NORMAL DEPARTURE LAST
                VALUE   (LST)  VALUE       VALUE  FROM      YEAR
                                                  NORMAL
..................................................................
TEMPERATURE (F)
 YESTERDAY
  MAXIMUM         44    329 PM  71    1971  47     -3       35
  MINIMUM         24    705 AM  -4    1917  31     -7       20
  AVERAGE         34                        39     -5       28

PRECIPITATION (IN)
  YESTERDAY        0.00          1.64 1879   0.12  -0.12     0.00
  MONTH TO DATE    0.97                      1.26  -0.29     1.01
  SINCE DEC 1      0.97                      1.26  -0.29     1.01
  SINCE JAN 1     42.80                     42.34   0.46    39.26

SNOWFALL (IN)
  YESTERDAY        0.0           1.4  1932   0.0    0.0      0.0
  MONTH TO DATE    T                         0.5   -0.5       T
  SINCE DEC 1      T                         0.5   -0.5       T
  SINCE JUL 1      T                         0.7   -0.7       T
  SNOW DEPTH       0

DEGREE DAYS
 HEATING
  YESTERDAY       31                        26      5       37
  MONTH TO DATE  244                       245     -1      269
  SINCE DEC 1    244                       245     -1      269
  SINCE JUL 1    910                       980    -70      736

 COOLING
  YESTERDAY        0                         0      0        0
  MONTH TO DATE    0                         0      0        0
  SINCE DEC 1      0                         0      0        0
  SINCE JAN 1   1789                      1613    176     2082
..................................................................


WIND (MPH)
  HIGHEST WIND SPEED    21   HIGHEST WIND DIRECTION    SW (230)
  HIGHEST GUST SPEED    28   HIGHEST GUST DIRECTION    SW (230)
  AVERAGE WIND SPEED     9.4


SKY COVER
  POSSIBLE SUNSHINE  MM
  AVERAGE SKY COVER 0.2


WEATHER CONDITIONS
 THE FOLLOWING WEATHER WAS RECORDED YESTERDAY.
  NO SIGNIFICANT WEATHER WAS OBSERVED.


RELATIVE HUMIDITY (PERCENT)
 HIGHEST    68           300 AM
 LOWEST     34           200 PM
 AVERAGE    51

..........................................................


THE LOUISVILLE KY CLIMATE NORMALS FOR TODAY
                         NORMAL    RECORD    YEAR
 MAXIMUM TEMPERATURE (F)   47        74      2007
 MINIMUM TEMPERATURE (F)   31        -3      1917


SUNRISE AND SUNSET
DECEMBER 11 2017......SUNRISE   749 AM EST   SUNSET   523 PM EST
DECEMBER 12 2017......SUNRISE   750 AM EST   SUNSET   523 PM EST


-  INDICATES NEGATIVE NUMBERS.
R  INDICATES RECORD WAS SET OR TIED.
MM INDICATES DATA IS MISSING.
T  INDICATES TRACE AMOUNT.




$$
