000
CDUS43 KLMK 102031
CLISDF


CLIMATE REPORT
NATIONAL WEATHER SERVICE LOUISVILLE KY
430 PM EDT WED SEP 10 2014


...................................

...THE LOUISVILLE KY CLIMATE SUMMARY FOR SEPTEMBER 10 2014...
VALID TODAY AS OF 0400 PM LOCAL TIME.

CLIMATE NORMAL PERIOD 1981 TO 2010
CLIMATE RECORD PERIOD 1871 TO 2014


WEATHER ITEM   OBSERVED TIME   RECORD YEAR NORMAL DEPARTURE LAST
                VALUE   (LST)  VALUE       VALUE  FROM      YEAR
                                                  NORMAL
..................................................................
TEMPERATURE (F)
 TODAY
  MAXIMUM         85    259 PM  98    1897  84      1       93
  MINIMUM         70    240 AM  44    1924  63      7       75
  AVERAGE         78                        73      5       84

PRECIPITATION (IN)
  TODAY            0.00          1.40 1938   0.11  -0.11     0.00
  MONTH TO DATE    0.37                      0.95  -0.58     0.71
  SINCE SEP 1      0.37                      0.95  -0.58     0.71
  SINCE JAN 1     31.54                     32.17  -0.63    32.52

SNOWFALL (IN)
  TODAY            0.0          MM      MM   0.0    0.0      0.0
  MONTH TO DATE    0.0                       0.0    0.0      0.0
  SINCE SEP 1      0.0                       0.0    0.0      0.0
  SINCE JUL 1      0.0                       0.0    0.0      0.0
  SNOW DEPTH       0

DEGREE DAYS
 HEATING
  TODAY            0                         0      0        0
  MONTH TO DATE    0                         0      0        0
  SINCE SEP 1      0                         0      0        0
  SINCE JUL 1      0                         0      0        0

 COOLING
  TODAY           13                         9      4       19
  MONTH TO DATE  133                       100     33      133
  SINCE SEP 1    133                       100     33      133
  SINCE JAN 1   1525                      1457     68     1473
..................................................................


WIND (MPH)
  HIGHEST WIND SPEED    22   HIGHEST WIND DIRECTION     S (190)
  HIGHEST GUST SPEED    28   HIGHEST GUST DIRECTION     S (180)
  AVERAGE WIND SPEED    11.9


SKY COVER
  POSSIBLE SUNSHINE  MM
  AVERAGE SKY COVER 0.9


WEATHER CONDITIONS
 THE FOLLOWING WEATHER WAS RECORDED TODAY.
  NO SIGNIFICANT WEATHER WAS OBSERVED.


RELATIVE HUMIDITY (PERCENT)
 HIGHEST    84           500 AM
 LOWEST     65           200 PM
 AVERAGE    75

..........................................................


THE LOUISVILLE KY CLIMATE NORMALS FOR TOMORROW
                         NORMAL    RECORD    YEAR
 MAXIMUM TEMPERATURE (F)   83        97      1897
                                             1896
 MINIMUM TEMPERATURE (F)   63        44      1917


SUNRISE AND SUNSET
SEPTEMBER 10 2014.....SUNRISE   720 AM EDT   SUNSET   759 PM EDT
SEPTEMBER 11 2014.....SUNRISE   721 AM EDT   SUNSET   757 PM EDT


-  INDICATES NEGATIVE NUMBERS.
R  INDICATES RECORD WAS SET OR TIED.
MM INDICATES DATA IS MISSING.
T  INDICATES TRACE AMOUNT.




$$
