000
CDUS43 KLMK 160627
CLISDF


CLIMATE REPORT
NATIONAL WEATHER SERVICE LOUISVILLE KY
127 AM EST THU FEB 16 2017


...................................

...THE LOUISVILLE KY CLIMATE SUMMARY FOR FEBRUARY 15 2017...

CLIMATE NORMAL PERIOD 1981 TO 2010
CLIMATE RECORD PERIOD 1871 TO 2017


WEATHER ITEM   OBSERVED TIME   RECORD YEAR NORMAL DEPARTURE LAST
                VALUE   (LST)  VALUE       VALUE  FROM      YEAR
                                                  NORMAL
..................................................................
TEMPERATURE (F)
 YESTERDAY
  MAXIMUM         49    337 PM  74    1945  48      1       39
                                      1883
  MINIMUM         34   1121 PM   3    1905  30      4       25
  AVERAGE         42                        39      3       32

PRECIPITATION (IN)
  YESTERDAY        0.00          3.66 1990   0.12  -0.12      T
  MONTH TO DATE    0.62                      1.70  -1.08     2.15
  SINCE DEC 1     10.13                      8.77   1.36     9.74
  SINCE JAN 1      4.83                      4.94  -0.11     3.16

SNOWFALL (IN)
  YESTERDAY        0.0           7.1  1993   0.2   -0.2       T
  MONTH TO DATE    T                         2.7   -2.7      6.2
  SINCE DEC 1      2.7                       9.0   -6.3     14.4
  SINCE JUL 1      2.7                       9.2   -6.5     14.4
  SNOW DEPTH       0

DEGREE DAYS
 HEATING
  YESTERDAY       23                        26     -3       33
  MONTH TO DATE  316                       416   -100      448
  SINCE DEC 1   1868                      2190   -322     1840
  SINCE JUL 1   2335                      2925   -590     2364

 COOLING
  YESTERDAY        0                         0      0        0
  MONTH TO DATE    0                         0      0        0
  SINCE DEC 1      1                         1      0        3
  SINCE JAN 1      0                         0      0        0
..................................................................


WIND (MPH)
  HIGHEST WIND SPEED    21   HIGHEST WIND DIRECTION     N (10)
  HIGHEST GUST SPEED    27   HIGHEST GUST DIRECTION     N (10)
  AVERAGE WIND SPEED    11.3


SKY COVER
  POSSIBLE SUNSHINE  MM
  AVERAGE SKY COVER 0.6


WEATHER CONDITIONS
 THE FOLLOWING WEATHER WAS RECORDED YESTERDAY.
  NO SIGNIFICANT WEATHER WAS OBSERVED.


RELATIVE HUMIDITY (PERCENT)
 HIGHEST    79           400 AM
 LOWEST     22           600 PM
 AVERAGE    51

..........................................................


THE LOUISVILLE KY CLIMATE NORMALS FOR TODAY
                         NORMAL    RECORD    YEAR
 MAXIMUM TEMPERATURE (F)   48        78      1883
 MINIMUM TEMPERATURE (F)   30         2      1958


SUNRISE AND SUNSET
FEBRUARY 16 2017......SUNRISE   732 AM EST   SUNSET   623 PM EST
FEBRUARY 17 2017......SUNRISE   730 AM EST   SUNSET   624 PM EST


-  INDICATES NEGATIVE NUMBERS.
R  INDICATES RECORD WAS SET OR TIED.
MM INDICATES DATA IS MISSING.
T  INDICATES TRACE AMOUNT.




$$
