588
CDUS43 KLMK 210628
CLISDF


CLIMATE REPORT
NATIONAL WEATHER SERVICE LOUISVILLE KY
227 AM EDT WED JUN 21 2017


...................................

...THE LOUISVILLE KY CLIMATE SUMMARY FOR JUNE 20 2017...

CLIMATE NORMAL PERIOD 1981 TO 2010
CLIMATE RECORD PERIOD 1871 TO 2017


WEATHER ITEM   OBSERVED TIME   RECORD YEAR NORMAL DEPARTURE LAST
                VALUE   (LST)  VALUE       VALUE  FROM      YEAR
                                                  NORMAL
..................................................................
TEMPERATURE (F)
 YESTERDAY
  MAXIMUM         89    357 PM 100    1953  87      2       90
  MINIMUM         68    603 AM  50    1980  67      1       76
  AVERAGE         79                        77      2       83

PRECIPITATION (IN)
  YESTERDAY        0.00          2.64 1895   0.12  -0.12     0.00
  MONTH TO DATE    1.10                      2.63  -1.53     2.42
  SINCE JUN 1      1.10                      2.63  -1.53     2.42
  SINCE JAN 1     20.26                     22.50  -2.24    21.48

SNOWFALL (IN)
  YESTERDAY        0.0          MM      MM   0.0    0.0      0.0
  MONTH TO DATE    0.0                       0.0    0.0      0.0
  SINCE JUN 1      0.0                       0.0    0.0      0.0
  SINCE JUL 1      2.7                      12.5   -9.8     14.9
  SNOW DEPTH       0

DEGREE DAYS
 HEATING
  YESTERDAY        0                         0      0        0
  MONTH TO DATE    0                         1     -1        0
  SINCE JUN 1      0                         1     -1        0
  SINCE JUL 1   3087                      4093  -1006     3252

 COOLING
  YESTERDAY       14                        12      2       18
  MONTH TO DATE  230                       194     36      255
  SINCE JUN 1    230                       194     36      255
  SINCE JAN 1    522                       368    154      448
..................................................................


WIND (MPH)
  HIGHEST WIND SPEED    17   HIGHEST WIND DIRECTION     W (280)
  HIGHEST GUST SPEED    22   HIGHEST GUST DIRECTION     W (280)
  AVERAGE WIND SPEED     7.9


SKY COVER
  POSSIBLE SUNSHINE  MM
  AVERAGE SKY COVER 0.4


WEATHER CONDITIONS
 THE FOLLOWING WEATHER WAS RECORDED YESTERDAY.
  NO SIGNIFICANT WEATHER WAS OBSERVED.


RELATIVE HUMIDITY (PERCENT)
 HIGHEST    68           700 AM
 LOWEST     30           300 PM
 AVERAGE    49

..........................................................


THE LOUISVILLE KY CLIMATE NORMALS FOR TODAY
                         NORMAL    RECORD    YEAR
 MAXIMUM TEMPERATURE (F)   87        98      1988
                                             1933
 MINIMUM TEMPERATURE (F)   68        52      2003
                                             1992


SUNRISE AND SUNSET
JUNE 21 2017..........SUNRISE   620 AM EDT   SUNSET   910 PM EDT
JUNE 22 2017..........SUNRISE   620 AM EDT   SUNSET   910 PM EDT


-  INDICATES NEGATIVE NUMBERS.
R  INDICATES RECORD WAS SET OR TIED.
MM INDICATES DATA IS MISSING.
T  INDICATES TRACE AMOUNT.




$$
