000
CDUS43 KLMK 182127
CLISDF

CLIMATE REPORT
NATIONAL WEATHER SERVICE LOUISVILLE KY
426 PM EST TUE NOV 18 2014


...................................

...THE LOUISVILLE KY CLIMATE SUMMARY FOR NOVEMBER 18 2014...
VALID TODAY AS OF 0400 PM LOCAL TIME.

CLIMATE NORMAL PERIOD 1981 TO 2010
CLIMATE RECORD PERIOD 1871 TO 2014


WEATHER ITEM   OBSERVED TIME   RECORD YEAR NORMAL DEPARTURE LAST
                VALUE   (LST)  VALUE       VALUE  FROM      YEAR
                                                  NORMAL
..................................................................
TEMPERATURE (F)
 TODAY
  MAXIMUM         25    359 PM  77    1985  57    -32       57
                                      1930
  MINIMUM         16    829 AM  13    1959  39    -23       42
  AVERAGE         21                        48    -27       50

PRECIPITATION (IN)
  TODAY            0.00          3.07 1957   0.13  -0.13     0.00
  MONTH TO DATE    0.80                      2.04  -1.24     3.56
  SINCE SEP 1      7.62                      8.31  -0.69    16.20
  SINCE JAN 1     38.79                     39.53  -0.74    48.01

SNOWFALL (IN)
  TODAY            0.0           0.3  1955   0.0    0.0      0.0
  MONTH TO DATE    3.3                       0.0    3.3      0.3
  SINCE SEP 1      3.3                       0.1    3.2      0.3
  SINCE JUL 1      3.3                       0.1    3.2      0.3
  SNOW DEPTH       2

DEGREE DAYS
 HEATING
  TODAY           44                        17     27       15
  MONTH TO DATE  411                       251    160      277
  SINCE SEP 1    612                       493    119      510
  SINCE JUL 1    612                       493    119      510

 COOLING
  TODAY            0                         0      0        0
  MONTH TO DATE    0                         0      0        0
  SINCE SEP 1    233                       252    -19      288
  SINCE JAN 1   1625                      1609     16     1628
..................................................................


WIND (MPH)
  HIGHEST WIND SPEED    25   HIGHEST WIND DIRECTION     W (250)
  HIGHEST GUST SPEED    33   HIGHEST GUST DIRECTION     W (260)
  AVERAGE WIND SPEED    13.2


SKY COVER
  POSSIBLE SUNSHINE  MM
  AVERAGE SKY COVER 0.2


WEATHER CONDITIONS
 THE FOLLOWING WEATHER WAS RECORDED TODAY.
  NO SIGNIFICANT WEATHER WAS OBSERVED.


RELATIVE HUMIDITY (PERCENT)
 HIGHEST    73          1200 AM
 LOWEST     50           200 PM
 AVERAGE    62

..........................................................


THE LOUISVILLE KY CLIMATE NORMALS FOR TOMORROW
                         NORMAL    RECORD    YEAR
 MAXIMUM TEMPERATURE (F)   56        78      1930
 MINIMUM TEMPERATURE (F)   38        10      1880


SUNRISE AND SUNSET
NOVEMBER 18 2014......SUNRISE   727 AM EST   SUNSET   529 PM EST
NOVEMBER 19 2014......SUNRISE   728 AM EST   SUNSET   528 PM EST


-  INDICATES NEGATIVE NUMBERS.
R  INDICATES RECORD WAS SET OR TIED.
MM INDICATES DATA IS MISSING.
T  INDICATES TRACE AMOUNT.




$$
