000
CDUS43 KLMK 220645
CLISDF


CLIMATE REPORT
NATIONAL WEATHER SERVICE LOUISVILLE KY
245 AM EDT SUN MAR 22 2015


...................................

...THE LOUISVILLE KY CLIMATE SUMMARY FOR MARCH 21 2015...

CLIMATE NORMAL PERIOD 1981 TO 2010
CLIMATE RECORD PERIOD 1871 TO 2015


WEATHER ITEM   OBSERVED TIME   RECORD YEAR NORMAL DEPARTURE LAST
                VALUE   (LST)  VALUE       VALUE  FROM      YEAR
                                                  NORMAL
..................................................................
TEMPERATURE (F)
 YESTERDAY
  MAXIMUM         71    514 PM  87    1907  60     11       73
  MINIMUM         41    711 AM  17    1876  39      2       41
  AVERAGE         56                        50      6       57

PRECIPITATION (IN)
  YESTERDAY        0.00          1.16 1952   0.14  -0.14     0.00
  MONTH TO DATE    7.12                      2.75   4.37     1.24
  SINCE MAR 1      7.12                      2.75   4.37     1.24
  SINCE JAN 1     10.22                      9.17   1.05     7.40

SNOWFALL (IN)
  YESTERDAY        0.0           1.0  1885   0.0    0.0      0.0
  MONTH TO DATE   11.9                       1.1   10.8      3.8
  SINCE MAR 1     11.9                       1.1   10.8      3.8
  SINCE JUL 1     27.6                      12.1   15.5     25.6
  SNOW DEPTH       0

DEGREE DAYS
 HEATING
  YESTERDAY        9                        16     -7        8
  MONTH TO DATE  403                       399      4      447
  SINCE MAR 1    403                       399      4      447
  SINCE JUL 1   4023                      3640    383     4101

 COOLING
  YESTERDAY        0                         0      0        0
  MONTH TO DATE    1                         0      1        0
  SINCE MAR 1      1                         0      1        0
  SINCE JAN 1      1                         0      1        0
..................................................................


WIND (MPH)
  HIGHEST WIND SPEED    17   HIGHEST WIND DIRECTION     N (10)
  HIGHEST GUST SPEED    23   HIGHEST GUST DIRECTION     N (10)
  AVERAGE WIND SPEED     6.9


SKY COVER
  POSSIBLE SUNSHINE  MM
  AVERAGE SKY COVER 0.8


WEATHER CONDITIONS
 THE FOLLOWING WEATHER WAS RECORDED YESTERDAY.
  FOG
  HAZE


RELATIVE HUMIDITY (PERCENT)
 HIGHEST    83           800 AM
 LOWEST     33           500 PM
 AVERAGE    58

..........................................................


THE LOUISVILLE KY CLIMATE NORMALS FOR TODAY
                         NORMAL    RECORD    YEAR
 MAXIMUM TEMPERATURE (F)   60        88      1907
 MINIMUM TEMPERATURE (F)   40        14      1888


SUNRISE AND SUNSET
MARCH 22 2015.........SUNRISE   744 AM EDT   SUNSET   757 PM EDT
MARCH 23 2015.........SUNRISE   742 AM EDT   SUNSET   757 PM EDT


-  INDICATES NEGATIVE NUMBERS.
R  INDICATES RECORD WAS SET OR TIED.
MM INDICATES DATA IS MISSING.
T  INDICATES TRACE AMOUNT.




$$
