000
CDUS43 KLMK 120629
CLISDF


CLIMATE REPORT
NATIONAL WEATHER SERVICE LOUISVILLE KY
128 AM EST FRI DEC 12 2014


...................................

...THE LOUISVILLE KY CLIMATE SUMMARY FOR DECEMBER 11 2014...

CLIMATE NORMAL PERIOD 1981 TO 2010
CLIMATE RECORD PERIOD 1871 TO 2014


WEATHER ITEM   OBSERVED TIME   RECORD YEAR NORMAL DEPARTURE LAST
                VALUE   (LST)  VALUE       VALUE  FROM      YEAR
                                                  NORMAL
..................................................................
TEMPERATURE (F)
 YESTERDAY
  MAXIMUM         44    302 PM  74    2007  47     -3       38
  MINIMUM         29   1148 PM  -3    1917  31     -2       20
  AVERAGE         37                        39     -2       29

PRECIPITATION (IN)
  YESTERDAY        0.00          1.85 1964   0.13  -0.13     0.00
  MONTH TO DATE    2.59                      1.39   1.20     1.60
  SINCE DEC 1      2.59                      1.39   1.20     1.60
  SINCE JAN 1     42.29                     42.47  -0.18    49.77

SNOWFALL (IN)
  YESTERDAY        0.0           2.0  1944   0.1   -0.1      0.0
  MONTH TO DATE    0.0                       0.6   -0.6      5.3
  SINCE DEC 1      0.0                       0.6   -0.6      5.3
  SINCE JUL 1      3.7                       0.8    2.9      5.8
  SNOW DEPTH       0

DEGREE DAYS
 HEATING
  YESTERDAY       28                        26      2       36
  MONTH TO DATE  245                       271    -26      281
  SINCE DEC 1    245                       271    -26      281
  SINCE JUL 1   1131                      1006    125     1111

 COOLING
  YESTERDAY        0                         0      0        0
  MONTH TO DATE    0                         0      0        0
  SINCE DEC 1      0                         0      0        0
  SINCE JAN 1   1626                      1613     13     1628
..................................................................


WIND (MPH)
  HIGHEST WIND SPEED    14   HIGHEST WIND DIRECTION     N (340)
  HIGHEST GUST SPEED    16   HIGHEST GUST DIRECTION    NW (320)
  AVERAGE WIND SPEED     6.6


SKY COVER
  POSSIBLE SUNSHINE  MM
  AVERAGE SKY COVER 0.5


WEATHER CONDITIONS
 THE FOLLOWING WEATHER WAS RECORDED YESTERDAY.
  NO SIGNIFICANT WEATHER WAS OBSERVED.


RELATIVE HUMIDITY (PERCENT)
 HIGHEST    78          1100 PM
 LOWEST     46           200 PM
 AVERAGE    62

..........................................................


THE LOUISVILLE KY CLIMATE NORMALS FOR TODAY
                         NORMAL    RECORD    YEAR
 MAXIMUM TEMPERATURE (F)   46        68      2007
 MINIMUM TEMPERATURE (F)   31        -3      1962


SUNRISE AND SUNSET
DECEMBER 12 2014......SUNRISE   750 AM EST   SUNSET   523 PM EST
DECEMBER 13 2014......SUNRISE   751 AM EST   SUNSET   523 PM EST


-  INDICATES NEGATIVE NUMBERS.
R  INDICATES RECORD WAS SET OR TIED.
MM INDICATES DATA IS MISSING.
T  INDICATES TRACE AMOUNT.




$$
