000
CDUS43 KLMK 102037
CLISDF


CLIMATE REPORT
NATIONAL WEATHER SERVICE LOUISVILLE KY
436 PM EDT TUE OCT 10 2017


...................................

...THE LOUISVILLE KY CLIMATE SUMMARY FOR OCTOBER 10 2017...
VALID TODAY AS OF 0400 PM LOCAL TIME.

CLIMATE NORMAL PERIOD 1981 TO 2010
CLIMATE RECORD PERIOD 1871 TO 2017


WEATHER ITEM   OBSERVED TIME   RECORD YEAR NORMAL DEPARTURE LAST
                VALUE   (LST)  VALUE       VALUE  FROM      YEAR
                                                  NORMAL
..................................................................
TEMPERATURE (F)
 TODAY
  MAXIMUM         76   1241 PM  91    2010  72      4       75
  MINIMUM         67    552 AM  27    1964  51     16       51
  AVERAGE         72                        61     11       63

PRECIPITATION (IN)
  TODAY            0.46          2.04 2002   0.11   0.35     0.00
  MONTH TO DATE    2.43                      1.06   1.37      T
  SINCE SEP 1      7.90                      4.11   3.79     2.28
  SINCE JAN 1     37.31                     35.33   1.98    35.95

SNOWFALL (IN)
  TODAY            0.0           T    1906   0.0    0.0      0.0
  MONTH TO DATE    0.0                       0.0    0.0      0.0
  SINCE SEP 1      0.0                       0.0    0.0      0.0
  SINCE JUL 1      0.0                       0.0    0.0      0.0
  SNOW DEPTH       0

DEGREE DAYS
 HEATING
  TODAY            0                         5     -5        2
  MONTH TO DATE    0                        44    -44        9
  SINCE SEP 1     13                        74    -61       21
  SINCE JUL 1     13                        74    -61       21

 COOLING
  TODAY            7                         2      5        0
  MONTH TO DATE   62                        24     38       46
  SINCE SEP 1    272                       234     38      380
  SINCE JAN 1   1766                      1591    175     1988
..................................................................


WIND (MPH)
  HIGHEST WIND SPEED    14   HIGHEST WIND DIRECTION     E (70)
  HIGHEST GUST SPEED    19   HIGHEST GUST DIRECTION     E (90)
  AVERAGE WIND SPEED     4.7


SKY COVER
  POSSIBLE SUNSHINE  MM
  AVERAGE SKY COVER 0.8


WEATHER CONDITIONS
 THE FOLLOWING WEATHER WAS RECORDED TODAY.
  HEAVY RAIN
  RAIN
  LIGHT RAIN
  FOG


RELATIVE HUMIDITY (PERCENT)
 HIGHEST   100           500 AM
 LOWEST     82          1200 PM
 AVERAGE    91

..........................................................


THE LOUISVILLE KY CLIMATE NORMALS FOR TOMORROW
                         NORMAL    RECORD    YEAR
 MAXIMUM TEMPERATURE (F)   72        90      2010
 MINIMUM TEMPERATURE (F)   50        30      1906


SUNRISE AND SUNSET
OCTOBER 10 2017.......SUNRISE   747 AM EDT   SUNSET   712 PM EDT
OCTOBER 11 2017.......SUNRISE   748 AM EDT   SUNSET   710 PM EDT


-  INDICATES NEGATIVE NUMBERS.
R  INDICATES RECORD WAS SET OR TIED.
MM INDICATES DATA IS MISSING.
T  INDICATES TRACE AMOUNT.




$$
