000
CDUS43 KLMK 172136
CLISDF


CLIMATE REPORT
NATIONAL WEATHER SERVICE LOUISVILLE KY
434 PM EST MON NOV 17 2014


...................................

...THE LOUISVILLE KY CLIMATE SUMMARY FOR NOVEMBER 17 2014...
VALID TODAY AS OF 0400 PM LOCAL TIME.

CLIMATE NORMAL PERIOD 1981 TO 2010
CLIMATE RECORD PERIOD 1871 TO 2014


WEATHER ITEM   OBSERVED TIME   RECORD YEAR NORMAL DEPARTURE LAST
                VALUE   (LST)  VALUE       VALUE  FROM      YEAR
                                                  NORMAL
..................................................................
TEMPERATURE (F)
 TODAY
  MAXIMUM         34    200 AM  84    1958  57    -23       69
  MINIMUM         24    336 PM  13    1959  39    -15       51
  AVERAGE         29                        48    -19       60

PRECIPITATION (IN)
  TODAY            0.25          3.14 2013   0.12   0.13     3.14
  MONTH TO DATE    0.79                      1.91  -1.12     3.56
  SINCE SEP 1      7.61                      8.18  -0.57    16.20
  SINCE JAN 1     38.78                     39.40  -0.62    48.01

SNOWFALL (IN)
  TODAY            2.9 R         0.1  1951   0.0    2.9      0.0
  MONTH TO DATE    2.9                       0.0    2.9      0.3
  SINCE SEP 1      2.9                       0.1    2.8      0.3
  SINCE JUL 1      2.9                       0.1    2.8      0.3
  SNOW DEPTH       2

DEGREE DAYS
 HEATING
  TODAY           36                        17     19        5
  MONTH TO DATE  365                       234    131      262
  SINCE SEP 1    566                       476     90      495
  SINCE JUL 1    566                       476     90      495

 COOLING
  TODAY            0                         0      0        0
  MONTH TO DATE    0                         0      0        0
  SINCE SEP 1    233                       252    -19      288
  SINCE JAN 1   1625                      1609     16     1628
..................................................................


WIND (MPH)
  HIGHEST WIND SPEED    23   HIGHEST WIND DIRECTION     W (290)
  HIGHEST GUST SPEED    30   HIGHEST GUST DIRECTION     W (290)
  AVERAGE WIND SPEED     9.7


SKY COVER
  POSSIBLE SUNSHINE  MM
  AVERAGE SKY COVER 0.9


WEATHER CONDITIONS
 THE FOLLOWING WEATHER WAS RECORDED TODAY.
  LIGHT RAIN
  SNOW
  LIGHT SNOW
  SLEET
  FOG
  HAZE


RELATIVE HUMIDITY (PERCENT)
 HIGHEST   100           100 AM
 LOWEST     68           200 PM
 AVERAGE    84

..........................................................


THE LOUISVILLE KY CLIMATE NORMALS FOR TOMORROW
                         NORMAL    RECORD    YEAR
 MAXIMUM TEMPERATURE (F)   57        77      1985
                                             1930
 MINIMUM TEMPERATURE (F)   39        13      1959


SUNRISE AND SUNSET
NOVEMBER 17 2014......SUNRISE   726 AM EST   SUNSET   529 PM EST
NOVEMBER 18 2014......SUNRISE   727 AM EST   SUNSET   529 PM EST


-  INDICATES NEGATIVE NUMBERS.
R  INDICATES RECORD WAS SET OR TIED.
MM INDICATES DATA IS MISSING.
T  INDICATES TRACE AMOUNT.




$$
