650
CDUS43 KLMK 310629
CLISDF


CLIMATE REPORT
NATIONAL WEATHER SERVICE LOUISVILLE KY
127 AM EST SUN JAN 31 2016


...................................

...THE LOUISVILLE KY CLIMATE SUMMARY FOR JANUARY 30 2016...

CLIMATE NORMAL PERIOD 1981 TO 2010
CLIMATE RECORD PERIOD 1871 TO 2016


WEATHER ITEM   OBSERVED TIME   RECORD YEAR NORMAL DEPARTURE LAST
                VALUE   (LST)  VALUE       VALUE  FROM      YEAR
                                                  NORMAL
..................................................................
TEMPERATURE (F)
 YESTERDAY
  MAXIMUM         68    350 PM  71    2013  44     24       41
                                      1916
  MINIMUM         33    414 AM  -9    1966  27      6       28
  AVERAGE         51                        36     15       35

PRECIPITATION (IN)
  YESTERDAY        0.00          1.37 1938   0.12  -0.12      T
  MONTH TO DATE    0.99                      3.13  -2.14     0.87
  SINCE DEC 1      7.57                      6.96   0.61     4.44
  SINCE JAN 1      0.99                      3.13  -2.14     0.87

SNOWFALL (IN)
  YESTERDAY        0.0           6.8  1980   0.1   -0.1       T
  MONTH TO DATE    8.2                       3.5    4.7      1.1
  SINCE DEC 1      8.2                       6.1    2.1      1.1
  SINCE JUL 1      8.2                       6.3    1.9      4.8
  SNOW DEPTH       0

DEGREE DAYS
 HEATING
  YESTERDAY       14                        29    -15       30
  MONTH TO DATE  931                       898     33      927
  SINCE DEC 1   1389                      1739   -350     1663
  SINCE JUL 1   1913                      2474   -561     2549

 COOLING
  YESTERDAY        0                         0      0        0
  MONTH TO DATE    0                         0      0        0
  SINCE DEC 1      3                         1      2        0
  SINCE JAN 1      0                         0      0        0
..................................................................


WIND (MPH)
  HIGHEST WIND SPEED    22   HIGHEST WIND DIRECTION     S (200)
  HIGHEST GUST SPEED    29   HIGHEST GUST DIRECTION    SW (210)
  AVERAGE WIND SPEED    11.4


SKY COVER
  POSSIBLE SUNSHINE  MM
  AVERAGE SKY COVER 0.3


WEATHER CONDITIONS
 THE FOLLOWING WEATHER WAS RECORDED YESTERDAY.
  NO SIGNIFICANT WEATHER WAS OBSERVED.


RELATIVE HUMIDITY (PERCENT)
 HIGHEST    69           200 AM
 LOWEST     29           200 PM
 AVERAGE    49

..........................................................


THE LOUISVILLE KY CLIMATE NORMALS FOR TODAY
                         NORMAL    RECORD    YEAR
 MAXIMUM TEMPERATURE (F)   44        67      1989
 MINIMUM TEMPERATURE (F)   27        -7      1936


SUNRISE AND SUNSET
JANUARY 31 2016.......SUNRISE   749 AM EST   SUNSET   604 PM EST
FEBRUARY  1 2016......SUNRISE   748 AM EST   SUNSET   605 PM EST


-  INDICATES NEGATIVE NUMBERS.
R  INDICATES RECORD WAS SET OR TIED.
MM INDICATES DATA IS MISSING.
T  INDICATES TRACE AMOUNT.

$$

SCHOETTMER
