000
CDUS43 KLMK 162033
CLISDF

CLIMATE REPORT
NATIONAL WEATHER SERVICE LOUISVILLE KY
431 PM EDT TUE SEP 16 2014


...................................

...THE LOUISVILLE KY CLIMATE SUMMARY FOR SEPTEMBER 16 2014...
VALID TODAY AS OF 0400 PM LOCAL TIME.

CLIMATE NORMAL PERIOD 1981 TO 2010
CLIMATE RECORD PERIOD 1871 TO 2014


WEATHER ITEM   OBSERVED TIME   RECORD YEAR NORMAL DEPARTURE LAST
                VALUE   (LST)  VALUE       VALUE  FROM      YEAR
                                                  NORMAL
..................................................................
TEMPERATURE (F)
 TODAY
  MAXIMUM         71    240 PM  96    1954  82    -11       75
                                      1897
  MINIMUM         62    946 AM  44    1916  61      1       64
  AVERAGE         67                        71     -4       70

PRECIPITATION (IN)
  TODAY            T             1.47 1956   0.10  -0.10      T
  MONTH TO DATE    3.31                      1.59   1.72     0.80
  SINCE SEP 1      3.31                      1.59   1.72     0.80
  SINCE JAN 1     34.48                     32.81   1.67    32.61

SNOWFALL (IN)
  TODAY            0.0          MM      MM   0.0    0.0      0.0
  MONTH TO DATE    0.0                       0.0    0.0      0.0
  SINCE SEP 1      0.0                       0.0    0.0      0.0
  SINCE JUL 1      0.0                       0.0    0.0      0.0
  SNOW DEPTH       0

DEGREE DAYS
 HEATING
  TODAY            0                         1     -1        0
  MONTH TO DATE    5                         2      3        2
  SINCE SEP 1      5                         2      3        2
  SINCE JUL 1      5                         2      3        2

 COOLING
  TODAY            2                         7     -5        5
  MONTH TO DATE  140                       145     -5      169
  SINCE SEP 1    140                       145     -5      169
  SINCE JAN 1   1532                      1502     30     1509
..................................................................


WIND (MPH)
  HIGHEST WIND SPEED    16   HIGHEST WIND DIRECTION     N (360)
  HIGHEST GUST SPEED    20   HIGHEST GUST DIRECTION     N (350)
  AVERAGE WIND SPEED     8.8


SKY COVER
  POSSIBLE SUNSHINE  MM
  AVERAGE SKY COVER 0.9


WEATHER CONDITIONS
 THE FOLLOWING WEATHER WAS RECORDED TODAY.
  LIGHT RAIN
  FOG


RELATIVE HUMIDITY (PERCENT)
 HIGHEST    90           500 AM
 LOWEST     61          1200 PM
 AVERAGE    76

..........................................................


THE LOUISVILLE KY CLIMATE NORMALS FOR TOMORROW
                         NORMAL    RECORD    YEAR
 MAXIMUM TEMPERATURE (F)   81        96      1955
 MINIMUM TEMPERATURE (F)   60        43      2000


SUNRISE AND SUNSET
SEPTEMBER 16 2014.....SUNRISE   725 AM EDT   SUNSET   749 PM EDT
SEPTEMBER 17 2014.....SUNRISE   726 AM EDT   SUNSET   748 PM EDT


-  INDICATES NEGATIVE NUMBERS.
R  INDICATES RECORD WAS SET OR TIED.
MM INDICATES DATA IS MISSING.
T  INDICATES TRACE AMOUNT.




$$
