000
CDUS43 KLMK 122145
CLISDF


CLIMATE REPORT
NATIONAL WEATHER SERVICE LOUISVILLE KY
445 PM EST FRI JAN 12 2018


...................................

...THE LOUISVILLE KY CLIMATE SUMMARY FOR JANUARY 12 2018...
VALID TODAY AS OF 0400 PM LOCAL TIME.

CLIMATE NORMAL PERIOD 1981 TO 2010
CLIMATE RECORD PERIOD 1871 TO 2018


WEATHER ITEM   OBSERVED TIME   RECORD YEAR NORMAL DEPARTURE LAST
                VALUE   (LST)  VALUE       VALUE  FROM      YEAR
                                                  NORMAL
..................................................................
TEMPERATURE (F)
 TODAY
  MAXIMUM         59    121 AM  72    1916  43     16       70
                                      1890
  MINIMUM         31   1219 PM -15    1918  27      4       40
  AVERAGE         45                        35     10       55

PRECIPITATION (IN)
  TODAY            0.53          1.18 1888   0.10   0.43     0.44
  MONTH TO DATE    0.98                      1.27  -0.29     1.76
  SINCE DEC 1      3.71                      5.10  -1.39     7.06
  SINCE JAN 1      0.98                      1.27  -0.29     1.76

SNOWFALL (IN)
  TODAY            0.3           7.0  1964   0.1    0.2      0.0
  MONTH TO DATE    0.4                       1.3   -0.9      2.3
  SINCE DEC 1      0.6                       3.9   -3.3      2.4
  SINCE JUL 1      0.6                       4.1   -3.5      2.4
  SNOW DEPTH       0

DEGREE DAYS
 HEATING
  TODAY           20                        30    -10       10
  MONTH TO DATE  428                       360     68      344
  SINCE DEC 1   1291                      1201     90     1175
  SINCE JUL 1   1957                      1936     21     1642

 COOLING
  TODAY            0                         0      0        0
  MONTH TO DATE    0                         0      0        0
  SINCE DEC 1      0                         1     -1        1
  SINCE JAN 1      0                         0      0        0
..................................................................


WIND (MPH)
  HIGHEST WIND SPEED    24   HIGHEST WIND DIRECTION     N (340)
  HIGHEST GUST SPEED    31   HIGHEST GUST DIRECTION     N (350)
  AVERAGE WIND SPEED    13.3


SKY COVER
  POSSIBLE SUNSHINE  MM
  AVERAGE SKY COVER 1.0


WEATHER CONDITIONS
 THE FOLLOWING WEATHER WAS RECORDED TODAY.
  RAIN
  LIGHT RAIN
  FREEZING RAIN
  LT FREEZING RAIN
  SNOW
  LIGHT SNOW
  SLEET
  FOG


RELATIVE HUMIDITY (PERCENT)
 HIGHEST    96           500 AM
 LOWEST     85           100 PM
 AVERAGE    91

..........................................................


THE LOUISVILLE KY CLIMATE NORMALS FOR TOMORROW
                         NORMAL    RECORD    YEAR
 MAXIMUM TEMPERATURE (F)   43        70      1960
 MINIMUM TEMPERATURE (F)   27        -6      1895


SUNRISE AND SUNSET
JANUARY 12 2018.......SUNRISE   759 AM EST   SUNSET   544 PM EST
JANUARY 13 2018.......SUNRISE   759 AM EST   SUNSET   545 PM EST


-  INDICATES NEGATIVE NUMBERS.
R  INDICATES RECORD WAS SET OR TIED.
MM INDICATES DATA IS MISSING.
T  INDICATES TRACE AMOUNT.




$$
