000
CDUS43 KLMK 230625
CLISDF


CLIMATE REPORT
NATIONAL WEATHER SERVICE LOUISVILLE KY
225 AM EDT MON MAR 23 2015


...................................

...THE LOUISVILLE KY CLIMATE SUMMARY FOR MARCH 22 2015...

CLIMATE NORMAL PERIOD 1981 TO 2010
CLIMATE RECORD PERIOD 1871 TO 2015


WEATHER ITEM   OBSERVED TIME   RECORD YEAR NORMAL DEPARTURE LAST
                VALUE   (LST)  VALUE       VALUE  FROM      YEAR
                                                  NORMAL
..................................................................
TEMPERATURE (F)
 YESTERDAY
  MAXIMUM         61    333 PM  88    1907  60      1       60
  MINIMUM         44    758 AM  14    1888  40      4       41
  AVERAGE         53                        50      3       51

PRECIPITATION (IN)
  YESTERDAY        0.00          1.55 1879   0.15  -0.15     0.00
  MONTH TO DATE    7.12                      2.90   4.22     1.24
  SINCE MAR 1      7.12                      2.90   4.22     1.24
  SINCE JAN 1     10.22                      9.32   0.90     7.40

SNOWFALL (IN)
  YESTERDAY        0.0          12.0  1968   0.1   -0.1      0.0
  MONTH TO DATE   11.9                       1.2   10.7      3.8
  SINCE MAR 1     11.9                       1.2   10.7      3.8
  SINCE JUL 1     27.6                      12.2   15.4     25.6
  SNOW DEPTH       0

DEGREE DAYS
 HEATING
  YESTERDAY       12                        15     -3       14
  MONTH TO DATE  415                       414      1      461
  SINCE MAR 1    415                       414      1      461
  SINCE JUL 1   4035                      3655    380     4115

 COOLING
  YESTERDAY        0                         0      0        0
  MONTH TO DATE    1                         0      1        0
  SINCE MAR 1      1                         0      1        0
  SINCE JAN 1      1                         0      1        0
..................................................................


WIND (MPH)
  HIGHEST WIND SPEED    17   HIGHEST WIND DIRECTION    NE (40)
  HIGHEST GUST SPEED    21   HIGHEST GUST DIRECTION    NE (60)
  AVERAGE WIND SPEED     9.8


SKY COVER
  POSSIBLE SUNSHINE  MM
  AVERAGE SKY COVER 0.9


WEATHER CONDITIONS
 THE FOLLOWING WEATHER WAS RECORDED YESTERDAY.
  NO SIGNIFICANT WEATHER WAS OBSERVED.


RELATIVE HUMIDITY (PERCENT)
 HIGHEST    63           100 AM
 LOWEST     22           200 PM
 AVERAGE    43

..........................................................


THE LOUISVILLE KY CLIMATE NORMALS FOR TODAY
                         NORMAL    RECORD    YEAR
 MAXIMUM TEMPERATURE (F)   61        85      1907
 MINIMUM TEMPERATURE (F)   40        17      1885


SUNRISE AND SUNSET
MARCH 23 2015.........SUNRISE   742 AM EDT   SUNSET   757 PM EDT
MARCH 24 2015.........SUNRISE   741 AM EDT   SUNSET   758 PM EDT


-  INDICATES NEGATIVE NUMBERS.
R  INDICATES RECORD WAS SET OR TIED.
MM INDICATES DATA IS MISSING.
T  INDICATES TRACE AMOUNT.




$$
