000
CDUS43 KLMK 150628
CLISDF


CLIMATE REPORT
NATIONAL WEATHER SERVICE LOUISVILLE KY
228 AM EDT SAT APR 15 2017


...................................

...THE LOUISVILLE KY CLIMATE SUMMARY FOR APRIL 14 2017...

CLIMATE NORMAL PERIOD 1981 TO 2010
CLIMATE RECORD PERIOD 1871 TO 2017


WEATHER ITEM   OBSERVED TIME   RECORD YEAR NORMAL DEPARTURE LAST
                VALUE   (LST)  VALUE       VALUE  FROM      YEAR
                                                  NORMAL
..................................................................
TEMPERATURE (F)
 YESTERDAY
  MAXIMUM         87    307 PM  89    1883  69     18       75
  MINIMUM         55    608 AM  28    1943  47      8       44
  AVERAGE         71                        58     13       60

PRECIPITATION (IN)
  YESTERDAY        0.00          3.01 1922   0.13  -0.13     0.00
  MONTH TO DATE    0.92                      1.75  -0.83     0.96
  SINCE MAR 1      4.60                      5.92  -1.32     6.46
  SINCE JAN 1     10.87                     12.34  -1.47    12.28

SNOWFALL (IN)
  YESTERDAY        0.0           0.2  1943   0.0    0.0      0.0
  MONTH TO DATE    0.0                       0.1   -0.1      0.0
  SINCE MAR 1      T                         1.5   -1.5      0.5
  SINCE JUL 1      2.7                      12.5   -9.8     14.9
  SNOW DEPTH       0

DEGREE DAYS
 HEATING
  YESTERDAY        0                         9     -9        5
  MONTH TO DATE   66                       145    -79      197
  SINCE MAR 1    524                       683   -159      533
  SINCE JUL 1   2989                      3924   -935     3155

 COOLING
  YESTERDAY        6                         1      5        0
  MONTH TO DATE   25                        14     11        0
  SINCE MAR 1     36                        20     16        7
  SINCE JAN 1     41                        20     21        7
..................................................................


WIND (MPH)
  HIGHEST WIND SPEED    12   HIGHEST WIND DIRECTION     S (160)
  HIGHEST GUST SPEED    19   HIGHEST GUST DIRECTION    SE (150)
  AVERAGE WIND SPEED     4.6


SKY COVER
  POSSIBLE SUNSHINE  MM
  AVERAGE SKY COVER 0.9


WEATHER CONDITIONS
 THE FOLLOWING WEATHER WAS RECORDED YESTERDAY.
  NO SIGNIFICANT WEATHER WAS OBSERVED.


RELATIVE HUMIDITY (PERCENT)
 HIGHEST    77           700 AM
 LOWEST     26          1200 PM
 AVERAGE    52

..........................................................


THE LOUISVILLE KY CLIMATE NORMALS FOR TODAY
                         NORMAL    RECORD    YEAR
 MAXIMUM TEMPERATURE (F)   69        86      2010
                                             2006
 MINIMUM TEMPERATURE (F)   47        30      1928
                                             1907


SUNRISE AND SUNSET
APRIL 15 2017.........SUNRISE   707 AM EDT   SUNSET   819 PM EDT
APRIL 16 2017.........SUNRISE   706 AM EDT   SUNSET   820 PM EDT


-  INDICATES NEGATIVE NUMBERS.
R  INDICATES RECORD WAS SET OR TIED.
MM INDICATES DATA IS MISSING.
T  INDICATES TRACE AMOUNT.




$$
