000
CDUS43 KLMK 282032
CLISDF


CLIMATE REPORT
NATIONAL WEATHER SERVICE LOUISVILLE KY
432 PM EDT TUE MAR 28 2017


...................................

...THE LOUISVILLE KY CLIMATE SUMMARY FOR MARCH 28 2017...
VALID TODAY AS OF 0400 PM LOCAL TIME.

CLIMATE NORMAL PERIOD 1981 TO 2010
CLIMATE RECORD PERIOD 1871 TO 2017


WEATHER ITEM   OBSERVED TIME   RECORD YEAR NORMAL DEPARTURE LAST
                VALUE   (LST)  VALUE       VALUE  FROM      YEAR
                                                  NORMAL
..................................................................
TEMPERATURE (F)
 TODAY
  MAXIMUM         70    253 PM  87    1910  62      8       61
  MINIMUM         57    849 AM   8    1947  41     16       46
  AVERAGE         64                        52     12       54

PRECIPITATION (IN)
  TODAY            T             2.41 1975   0.14  -0.14     0.00
  MONTH TO DATE    3.42                      3.75  -0.33     4.25
  SINCE MAR 1      3.42                      3.75  -0.33     4.25
  SINCE JAN 1      9.69                     10.17  -0.48    10.07

SNOWFALL (IN)
  TODAY            0.0           0.2  1899   0.0    0.0      0.0
  MONTH TO DATE    T                         1.3   -1.3      0.5
  SINCE MAR 1      T                         1.3   -1.3      0.5
  SINCE JUL 1      2.7                      12.3   -9.6     14.9
  SNOW DEPTH       0

DEGREE DAYS
 HEATING
  TODAY            1                        13    -12       11
  MONTH TO DATE  442                       499    -57      318
  SINCE MAR 1    442                       499    -57      318
  SINCE JUL 1   2907                      3740   -833     2940

 COOLING
  TODAY            0                         0      0        0
  MONTH TO DATE    8                         0      8        6
  SINCE MAR 1      8                         0      8        6
  SINCE JAN 1     13                         0     13        6
..................................................................


WIND (MPH)
  HIGHEST WIND SPEED    14   HIGHEST WIND DIRECTION    NW (330)
  HIGHEST GUST SPEED    17   HIGHEST GUST DIRECTION     N (10)
  AVERAGE WIND SPEED     7.8


SKY COVER
  POSSIBLE SUNSHINE  MM
  AVERAGE SKY COVER 0.9


WEATHER CONDITIONS
 THE FOLLOWING WEATHER WAS RECORDED TODAY.
  LIGHT RAIN
  FOG
  HAZE


RELATIVE HUMIDITY (PERCENT)
 HIGHEST    86           100 AM
 LOWEST     51           300 PM
 AVERAGE    69

..........................................................


THE LOUISVILLE KY CLIMATE NORMALS FOR TOMORROW
                         NORMAL    RECORD    YEAR
 MAXIMUM TEMPERATURE (F)   63        86      1895
 MINIMUM TEMPERATURE (F)   42        18      1887


SUNRISE AND SUNSET
MARCH 28 2017.........SUNRISE   734 AM EDT   SUNSET   803 PM EDT
MARCH 29 2017.........SUNRISE   732 AM EDT   SUNSET   804 PM EDT


-  INDICATES NEGATIVE NUMBERS.
R  INDICATES RECORD WAS SET OR TIED.
MM INDICATES DATA IS MISSING.
T  INDICATES TRACE AMOUNT.




$$
