000
CDUS43 KLMK 120627
CLISDF


CLIMATE REPORT
NATIONAL WEATHER SERVICE LOUISVILLE KY
126 AM EST THU JAN 12 2017


...................................

...THE LOUISVILLE KY CLIMATE SUMMARY FOR JANUARY 11 2017...

CLIMATE NORMAL PERIOD 1981 TO 2010
CLIMATE RECORD PERIOD 1871 TO 2017


WEATHER ITEM   OBSERVED TIME   RECORD YEAR NORMAL DEPARTURE LAST
                VALUE   (LST)  VALUE       VALUE  FROM      YEAR
                                                  NORMAL
..................................................................
TEMPERATURE (F)
 YESTERDAY
  MAXIMUM         66   1159 PM  69    1890  43     23       35
  MINIMUM         36    637 AM  -8    1977  27      9       12
                                      1886
  AVERAGE         51                        35     16       24

PRECIPITATION (IN)
  YESTERDAY        0.37          1.90 1913   0.11   0.26     0.00
  MONTH TO DATE    1.32                      1.17   0.15     0.40
  SINCE DEC 1      6.62                      5.00   1.62     6.98
  SINCE JAN 1      1.32                      1.17   0.15     0.40

SNOWFALL (IN)
  YESTERDAY        0.0           8.2  1912   0.1   -0.1      0.0
  MONTH TO DATE    2.3                       1.2    1.1      0.8
  SINCE DEC 1      2.4                       3.8   -1.4      0.8
  SINCE JUL 1      2.4                       4.0   -1.6      0.8
  SNOW DEPTH       0

DEGREE DAYS
 HEATING
  YESTERDAY       14                        30    -16       41
  MONTH TO DATE  334                       330      4      303
  SINCE DEC 1   1165                      1171     -6      761
  SINCE JUL 1   1632                      1906   -274     1285

 COOLING
  YESTERDAY        0                         0      0        0
  MONTH TO DATE    0                         0      0        0
  SINCE DEC 1      1                         1      0        3
  SINCE JAN 1      0                         0      0        0
..................................................................


WIND (MPH)
  HIGHEST WIND SPEED    28   HIGHEST WIND DIRECTION     S (190)
  HIGHEST GUST SPEED    38   HIGHEST GUST DIRECTION     S (180)
  AVERAGE WIND SPEED     9.8


SKY COVER
  POSSIBLE SUNSHINE  MM
  AVERAGE SKY COVER 0.6


WEATHER CONDITIONS
 THE FOLLOWING WEATHER WAS RECORDED YESTERDAY.
  HEAVY RAIN
  RAIN
  LIGHT RAIN
  FOG


RELATIVE HUMIDITY (PERCENT)
 HIGHEST   100           100 PM
 LOWEST     56           200 AM
 AVERAGE    78

..........................................................


THE LOUISVILLE KY CLIMATE NORMALS FOR TODAY
                         NORMAL    RECORD    YEAR
 MAXIMUM TEMPERATURE (F)   43        72      1916
                                             1890
 MINIMUM TEMPERATURE (F)   27       -15      1918


SUNRISE AND SUNSET
JANUARY 12 2017.......SUNRISE   759 AM EST   SUNSET   544 PM EST
JANUARY 13 2017.......SUNRISE   759 AM EST   SUNSET   545 PM EST


-  INDICATES NEGATIVE NUMBERS.
R  INDICATES RECORD WAS SET OR TIED.
MM INDICATES DATA IS MISSING.
T  INDICATES TRACE AMOUNT.




$$
