000
CDUS43 KLMK 170636
CLISDF


CLIMATE REPORT
NATIONAL WEATHER SERVICE LOUISVILLE KY
233 AM EDT FRI MAR 17 2017

...................................

...THE LOUISVILLE KY CLIMATE SUMMARY FOR MARCH 16 2017...

CLIMATE NORMAL PERIOD 1981 TO 2010
CLIMATE RECORD PERIOD 1871 TO 2017


WEATHER ITEM   OBSERVED TIME   RECORD YEAR NORMAL DEPARTURE LAST
                VALUE   (LST)  VALUE       VALUE  FROM      YEAR
                                                  NORMAL
..................................................................
TEMPERATURE (F)
 YESTERDAY
  MAXIMUM         47    501 PM  84    1945  58    -11       77
  MINIMUM         22    718 AM  11    1900  38    -16       57
  AVERAGE         35                        48    -13       67

PRECIPITATION (IN)
  YESTERDAY        0.00          2.72 1963   0.13  -0.13     0.06
  MONTH TO DATE    2.49                      2.06   0.43     2.76
  SINCE MAR 1      2.49                      2.06   0.43     2.76
  SINCE JAN 1      8.76                      8.48   0.28     8.58

SNOWFALL (IN)
  YESTERDAY        0.0           2.6  1936   0.0    0.0      0.0
  MONTH TO DATE    T                         0.9   -0.9      0.5
  SINCE MAR 1      T                         0.9   -0.9      0.5
  SINCE JUL 1      2.7                      11.9   -9.2     14.9
  SNOW DEPTH       0

DEGREE DAYS
 HEATING
  YESTERDAY       30                        17     13        0
  MONTH TO DATE  325                       317      8      177
  SINCE MAR 1    325                       317      8      177
  SINCE JUL 1   2790                      3558   -768     2799

 COOLING
  YESTERDAY        0                         0      0        2
  MONTH TO DATE    0                         0      0        6
  SINCE MAR 1      0                         0      0        6
  SINCE JAN 1      5                         0      5        6
..................................................................


WIND (MPH)
  HIGHEST WIND SPEED    10   HIGHEST WIND DIRECTION     W (290)
  HIGHEST GUST SPEED    15   HIGHEST GUST DIRECTION    SW (210)
  AVERAGE WIND SPEED     3.8


SKY COVER
  POSSIBLE SUNSHINE  MM
  AVERAGE SKY COVER 0.1


WEATHER CONDITIONS
 THE FOLLOWING WEATHER WAS RECORDED YESTERDAY.
  NO SIGNIFICANT WEATHER WAS OBSERVED.


RELATIVE HUMIDITY (PERCENT)
 HIGHEST    62           500 AM
 LOWEST     17           500 PM
 AVERAGE    40

..........................................................


THE LOUISVILLE KY CLIMATE NORMALS FOR TODAY
                         NORMAL    RECORD    YEAR
 MAXIMUM TEMPERATURE (F)   58        79      1894
 MINIMUM TEMPERATURE (F)   38         9      1900


SUNRISE AND SUNSET
MARCH 17 2017.........SUNRISE   751 AM EDT   SUNSET   752 PM EDT
MARCH 18 2017.........SUNRISE   749 AM EDT   SUNSET   753 PM EDT


-  INDICATES NEGATIVE NUMBERS.
R  INDICATES RECORD WAS SET OR TIED.
MM INDICATES DATA IS MISSING.
T  INDICATES TRACE AMOUNT.

$$
04
