000
CDUS43 KLMK 120627
CLISDF


CLIMATE REPORT
NATIONAL WEATHER SERVICE LOUISVILLE KY
126 AM EST SUN NOV 12 2017


...................................

...THE LOUISVILLE KY CLIMATE SUMMARY FOR NOVEMBER 11 2017...

CLIMATE NORMAL PERIOD 1981 TO 2010
CLIMATE RECORD PERIOD 1871 TO 2017


WEATHER ITEM   OBSERVED TIME   RECORD YEAR NORMAL DEPARTURE LAST
                VALUE   (LST)  VALUE       VALUE  FROM      YEAR
                                                  NORMAL
..................................................................
TEMPERATURE (F)
 YESTERDAY
  MAXIMUM         49    440 PM  79    1902  60    -11       67
  MINIMUM         28    751 AM  21    1960  41    -13       45
                                      1957
  AVERAGE         39                        51    -12       56

PRECIPITATION (IN)
  YESTERDAY        0.00          2.12 2004   0.11  -0.11     0.00
  MONTH TO DATE    1.45                      1.19   0.26     0.24
  SINCE SEP 1     11.81                      7.46   4.35     3.17
  SINCE JAN 1     41.22                     38.68   2.54    36.84

SNOWFALL (IN)
  YESTERDAY        0.0           T    1996   0.0    0.0      0.0
                                      1995
                                      1932
  MONTH TO DATE    0.0                       0.0    0.0      0.0
  SINCE SEP 1      T                         0.1   -0.1      0.0
  SINCE JUL 1      T                         0.1   -0.1      0.0
  SNOW DEPTH       0

DEGREE DAYS
 HEATING
  YESTERDAY       26                        14     12        9
  MONTH TO DATE  123                       139    -16       76
  SINCE SEP 1    318                       381    -63      161
  SINCE JUL 1    318                       381    -63      161

 COOLING
  YESTERDAY        0                         0      0        0
  MONTH TO DATE    8                         0      8       17
  SINCE SEP 1    295                       252     43      472
  SINCE JAN 1   1789                      1609    180     2080
..................................................................


WIND (MPH)
  HIGHEST WIND SPEED     9   HIGHEST WIND DIRECTION    SE (120)
  HIGHEST GUST SPEED    12   HIGHEST GUST DIRECTION     E (70)
  AVERAGE WIND SPEED     4.3


SKY COVER
  POSSIBLE SUNSHINE  MM
  AVERAGE SKY COVER 0.9


WEATHER CONDITIONS
 THE FOLLOWING WEATHER WAS RECORDED YESTERDAY.
  NO SIGNIFICANT WEATHER WAS OBSERVED.


RELATIVE HUMIDITY (PERCENT)
 HIGHEST    67          1100 PM
 LOWEST     42           200 PM
 AVERAGE    55

..........................................................


THE LOUISVILLE KY CLIMATE NORMALS FOR TODAY
                         NORMAL    RECORD    YEAR
 MAXIMUM TEMPERATURE (F)   60        78      1879
 MINIMUM TEMPERATURE (F)   41        17      1995
                                             1894


SUNRISE AND SUNSET
NOVEMBER 12 2017......SUNRISE   721 AM EST   SUNSET   533 PM EST
NOVEMBER 13 2017......SUNRISE   722 AM EST   SUNSET   532 PM EST


-  INDICATES NEGATIVE NUMBERS.
R  INDICATES RECORD WAS SET OR TIED.
MM INDICATES DATA IS MISSING.
T  INDICATES TRACE AMOUNT.




$$
