000
CDUS43 KLMK 032135
CLISDF


CLIMATE REPORT
NATIONAL WEATHER SERVICE LOUISVILLE KY
434 PM EST WED FEB 3 2016


...................................

...THE LOUISVILLE KY CLIMATE SUMMARY FOR FEBRUARY 3 2016...
VALID TODAY AS OF 0400 PM LOCAL TIME.

CLIMATE NORMAL PERIOD 1981 TO 2010
CLIMATE RECORD PERIOD 1871 TO 2016


WEATHER ITEM   OBSERVED TIME   RECORD YEAR NORMAL DEPARTURE LAST
                VALUE   (LST)  VALUE       VALUE  FROM      YEAR
                                                  NORMAL
..................................................................
TEMPERATURE (F)
 TODAY
  MAXIMUM         63    414 AM  72    1890  45     18       41
  MINIMUM         49    415 PM  -9    1951  28     21       22
  AVERAGE         56                        36     20       32

PRECIPITATION (IN)
  TODAY            0.21          1.29 1887   0.12   0.09     0.00
  MONTH TO DATE    1.58                      0.36   1.22     0.45
  SINCE DEC 1      9.17                      7.43   1.74     4.89
  SINCE JAN 1      2.59                      3.60  -1.01     1.32

SNOWFALL (IN)
  TODAY            0.0           4.5  1939   0.2   -0.2      0.0
  MONTH TO DATE    0.0                       0.6   -0.6       T
  SINCE DEC 1      8.2                       6.9    1.3      1.1
  SINCE JUL 1      8.2                       7.1    1.1      4.8
  SNOW DEPTH       0

DEGREE DAYS
 HEATING
  TODAY            9                        29    -20       33
  MONTH TO DATE   31                        87    -56       85
  SINCE DEC 1   1423                      1861   -438     1781
  SINCE JUL 1   1947                      2596   -649     2667

 COOLING
  TODAY            0                         0      0        0
  MONTH TO DATE    0                         0      0        0
  SINCE DEC 1      3                         1      2        0
  SINCE JAN 1      0                         0      0        0
..................................................................


WIND (MPH)
  HIGHEST WIND SPEED    28   HIGHEST WIND DIRECTION     W (250)
  HIGHEST GUST SPEED    35   HIGHEST GUST DIRECTION     W (250)
  AVERAGE WIND SPEED    15.0


SKY COVER
  POSSIBLE SUNSHINE  MM
  AVERAGE SKY COVER 0.6


WEATHER CONDITIONS
 THE FOLLOWING WEATHER WAS RECORDED TODAY.
  HEAVY RAIN
  RAIN
  LIGHT RAIN
  FOG
  HAZE


RELATIVE HUMIDITY (PERCENT)
 HIGHEST    93          1200 AM
 LOWEST     38           100 PM
 AVERAGE    66

..........................................................


THE LOUISVILLE KY CLIMATE NORMALS FOR TOMORROW
                         NORMAL    RECORD    YEAR
 MAXIMUM TEMPERATURE (F)   45        73      1890
 MINIMUM TEMPERATURE (F)   28        -7      1996


SUNRISE AND SUNSET
FEBRUARY  3 2016......SUNRISE   746 AM EST   SUNSET   607 PM EST
FEBRUARY  4 2016......SUNRISE   745 AM EST   SUNSET   609 PM EST


-  INDICATES NEGATIVE NUMBERS.
R  INDICATES RECORD WAS SET OR TIED.
MM INDICATES DATA IS MISSING.
T  INDICATES TRACE AMOUNT.




$$
