000
CDUS43 KLMK 270631
CLISDF


CLIMATE REPORT
NATIONAL WEATHER SERVICE LOUISVILLE KY
127 AM EST SUN NOV 27 2016


...................................

...THE LOUISVILLE KY CLIMATE SUMMARY FOR NOVEMBER 26 2016...

CLIMATE NORMAL PERIOD 1981 TO 2010
CLIMATE RECORD PERIOD 1871 TO 2016


WEATHER ITEM   OBSERVED TIME   RECORD YEAR NORMAL DEPARTURE LAST
                VALUE   (LST)  VALUE       VALUE  FROM      YEAR
                                                  NORMAL
..................................................................
TEMPERATURE (F)
 YESTERDAY
  MAXIMUM         49    327 PM  73    1896  53     -4       70
  MINIMUM         35   1023 PM  14    1930  36     -1       48
                                      1898
  AVERAGE         42                        44     -2       59

PRECIPITATION (IN)
  YESTERDAY        0.00          1.79 1978   0.13  -0.13     0.00
  MONTH TO DATE    0.76                      3.07  -2.31     4.10
  SINCE SEP 1      3.69                      9.34  -5.65    11.40
  SINCE JAN 1     37.36                     40.56  -3.20    54.46

SNOWFALL (IN)
  YESTERDAY        0.0           3.5  1950   0.0    0.0      0.0
  MONTH TO DATE    0.0                       0.1   -0.1      0.0
  SINCE SEP 1      0.0                       0.2   -0.2      0.0
  SINCE JUL 1      0.0                       0.2   -0.2      0.0
  SNOW DEPTH       0

DEGREE DAYS
 HEATING
  YESTERDAY       23                        21      2        6
  MONTH TO DATE  324                       405    -81      317
  SINCE SEP 1    409                       647   -238      475
  SINCE JUL 1    409                       647   -238      475

 COOLING
  YESTERDAY        0                         0      0        0
  MONTH TO DATE   19                         0     19        9
  SINCE SEP 1    474                       252    222      333
  SINCE JAN 1   2082                      1609    473     1787
..................................................................


WIND (MPH)
  HIGHEST WIND SPEED    13   HIGHEST WIND DIRECTION    NW (330)
  HIGHEST GUST SPEED    14   HIGHEST GUST DIRECTION    NW (320)
  AVERAGE WIND SPEED     5.1


SKY COVER
  POSSIBLE SUNSHINE  MM
  AVERAGE SKY COVER 0.7


WEATHER CONDITIONS
 THE FOLLOWING WEATHER WAS RECORDED YESTERDAY.
  NO SIGNIFICANT WEATHER WAS OBSERVED.


RELATIVE HUMIDITY (PERCENT)
 HIGHEST    76           900 PM
 LOWEST     49           300 PM
 AVERAGE    63

..........................................................


THE LOUISVILLE KY CLIMATE NORMALS FOR TODAY
                         NORMAL    RECORD    YEAR
 MAXIMUM TEMPERATURE (F)   52        77      1990
 MINIMUM TEMPERATURE (F)   35         8      1930


SUNRISE AND SUNSET
NOVEMBER 27 2016......SUNRISE   737 AM EST   SUNSET   524 PM EST
NOVEMBER 28 2016......SUNRISE   738 AM EST   SUNSET   524 PM EST


-  INDICATES NEGATIVE NUMBERS.
R  INDICATES RECORD WAS SET OR TIED.
MM INDICATES DATA IS MISSING.
T  INDICATES TRACE AMOUNT.




$$
