000
CDUS43 KLMK 120635
CLISDF


CLIMATE REPORT
NATIONAL WEATHER SERVICE LOUISVILLE KY
230 AM EDT TUE JUL 12 2016


...................................

...THE LOUISVILLE KY CLIMATE SUMMARY FOR JULY 11 2016...

CLIMATE NORMAL PERIOD 1981 TO 2010
CLIMATE RECORD PERIOD 1871 TO 2016


WEATHER ITEM   OBSERVED TIME   RECORD YEAR NORMAL DEPARTURE LAST
                VALUE   (LST)  VALUE       VALUE  FROM      YEAR
                                                  NORMAL
..................................................................
TEMPERATURE (F)
 YESTERDAY
  MAXIMUM         90    503 PM 103    1901  89      1       87
  MINIMUM         70    642 AM  52    1961  70      0       67
  AVERAGE         80                        79      1       77

PRECIPITATION (IN)
  YESTERDAY        T             1.68 1875   0.13  -0.13     0.00
  MONTH TO DATE    1.76                      1.43   0.33     4.49
  SINCE JUN 1      6.01                      5.22   0.79    11.31
  SINCE JAN 1     25.07                     25.09  -0.02    35.43

SNOWFALL (IN)
  YESTERDAY        0.0          MM      MM   0.0    0.0      0.0
  MONTH TO DATE    0.0                       0.0    0.0      0.0
  SINCE JUN 1      0.0                       0.0    0.0      0.0
  SINCE JUL 1      0.0                       0.0    0.0      0.0
  SNOW DEPTH       0

DEGREE DAYS
 HEATING
  YESTERDAY        0                         0      0        0
  MONTH TO DATE    0                         0      0        0
  SINCE JUN 1      0                         5     -5        6
  SINCE JUL 1      0                         0      0        0

 COOLING
  YESTERDAY       15                        14      1       12
  MONTH TO DATE  144                       154    -10      129
  SINCE JUN 1    549                       478     71      515
  SINCE JAN 1    742                       652     90      766
..................................................................


WIND (MPH)
  HIGHEST WIND SPEED    13   HIGHEST WIND DIRECTION     S (170)
  HIGHEST GUST SPEED    24   HIGHEST GUST DIRECTION     W (260)
  AVERAGE WIND SPEED     4.6


SKY COVER
  POSSIBLE SUNSHINE  MM
  AVERAGE SKY COVER 0.4


WEATHER CONDITIONS
 THE FOLLOWING WEATHER WAS RECORDED YESTERDAY.
  LIGHT RAIN


RELATIVE HUMIDITY (PERCENT)
 HIGHEST    84           500 AM
 LOWEST     38           500 PM
 AVERAGE    61

..........................................................


THE LOUISVILLE KY CLIMATE NORMALS FOR TODAY
                         NORMAL    RECORD    YEAR
 MAXIMUM TEMPERATURE (F)   89       103      1936
 MINIMUM TEMPERATURE (F)   70        55      1963
                                             1945


SUNRISE AND SUNSET
JULY 12 2016..........SUNRISE   630 AM EDT   SUNSET   907 PM EDT
JULY 13 2016..........SUNRISE   631 AM EDT   SUNSET   906 PM EDT


-  INDICATES NEGATIVE NUMBERS.
R  INDICATES RECORD WAS SET OR TIED.
MM INDICATES DATA IS MISSING.
T  INDICATES TRACE AMOUNT.

$$

SCHOETTMER
