000
CDUS43 KLMK 200628
CLISDF


CLIMATE REPORT
NATIONAL WEATHER SERVICE LOUISVILLE KY
228 AM EDT WED MAY 20 2015


...................................

...THE LOUISVILLE KY CLIMATE SUMMARY FOR MAY 19 2015...

CLIMATE NORMAL PERIOD 1981 TO 2010
CLIMATE RECORD PERIOD 1871 TO 2015


WEATHER ITEM   OBSERVED TIME   RECORD YEAR NORMAL DEPARTURE LAST
                VALUE   (LST)  VALUE       VALUE  FROM      YEAR
                                                  NORMAL
..................................................................
TEMPERATURE (F)
 YESTERDAY
  MAXIMUM         76    435 PM  93    1951  78     -2       75
  MINIMUM         60   1159 PM  35    2002  58      2       48
  AVERAGE         68                        68      0       62

PRECIPITATION (IN)
  YESTERDAY        0.00          2.22 2005   0.17  -0.17     0.00
  MONTH TO DATE    1.54                      3.33  -1.79     2.87
  SINCE MAR 1     20.18                     11.51   8.67    12.18
  SINCE JAN 1     23.28                     17.93   5.35    18.34

SNOWFALL (IN)
  YESTERDAY        0.0          MM      MM   0.0    0.0      0.0
  MONTH TO DATE    0.0                       0.0    0.0      0.0
  SINCE MAR 1     11.9                       1.5   10.4      4.2
  SINCE JUL 1     27.6                      12.5   15.1     26.0
  SNOW DEPTH       0

DEGREE DAYS
 HEATING
  YESTERDAY        0                         2     -2        3
  MONTH TO DATE    9                        54    -45       69
  SINCE MAR 1    752                       838    -86      893
  SINCE JUL 1   4372                      4079    293     4547

 COOLING
  YESTERDAY        3                         5     -2        0
  MONTH TO DATE  133                        59     74       85
  SINCE MAR 1    175                       102     73      116
  SINCE JAN 1    175                       102     73      116
..................................................................


WIND (MPH)
  HIGHEST WIND SPEED    16   HIGHEST WIND DIRECTION    NW (320)
  HIGHEST GUST SPEED    MM   HIGHEST GUST DIRECTION    MM
  AVERAGE WIND SPEED     9.1


SKY COVER
  POSSIBLE SUNSHINE  MM
  AVERAGE SKY COVER 0.3


WEATHER CONDITIONS
 THE FOLLOWING WEATHER WAS RECORDED YESTERDAY.
  NO SIGNIFICANT WEATHER WAS OBSERVED.


RELATIVE HUMIDITY (PERCENT)
 HIGHEST    90          1200 AM
 LOWEST     38           600 PM
 AVERAGE    64

..........................................................


THE LOUISVILLE KY CLIMATE NORMALS FOR TODAY
                         NORMAL    RECORD    YEAR
 MAXIMUM TEMPERATURE (F)   78        91      1934
 MINIMUM TEMPERATURE (F)   58        38      1894


SUNRISE AND SUNSET
MAY 20 2015...........SUNRISE   628 AM EDT   SUNSET   851 PM EDT
MAY 21 2015...........SUNRISE   628 AM EDT   SUNSET   852 PM EDT


-  INDICATES NEGATIVE NUMBERS.
R  INDICATES RECORD WAS SET OR TIED.
MM INDICATES DATA IS MISSING.
T  INDICATES TRACE AMOUNT.




$$
