000
CDUS43 KLMK 092129
CLISDF


CLIMATE REPORT
NATIONAL WEATHER SERVICE LOUISVILLE KY
428 PM EST TUE JAN 9 2018


...................................

...THE LOUISVILLE KY CLIMATE SUMMARY FOR JANUARY 9 2018...
VALID TODAY AS OF 0400 PM LOCAL TIME.

CLIMATE NORMAL PERIOD 1981 TO 2010
CLIMATE RECORD PERIOD 1871 TO 2018


WEATHER ITEM   OBSERVED TIME   RECORD YEAR NORMAL DEPARTURE LAST
                VALUE   (LST)  VALUE       VALUE  FROM      YEAR
                                                  NORMAL
..................................................................
TEMPERATURE (F)
 TODAY
  MAXIMUM         44    359 PM  67    1949  43      1       41
                                      1939
  MINIMUM         37    838 AM -10    1875  27     10       20
  AVERAGE         41                        35      6       31

PRECIPITATION (IN)
  TODAY            T             1.62 1937   0.11  -0.11     0.00
  MONTH TO DATE    0.19                      0.96  -0.77     0.51
  SINCE DEC 1      2.92                      4.79  -1.87     5.81
  SINCE JAN 1      0.19                      0.96  -0.77     0.51

SNOWFALL (IN)
  TODAY            0.0           6.4  1997   0.1   -0.1      0.0
  MONTH TO DATE    0.1                       1.0   -0.9      2.3
  SINCE DEC 1      0.3                       3.6   -3.3      2.4
  SINCE JUL 1      0.3                       3.8   -3.5      2.4
  SNOW DEPTH       0

DEGREE DAYS
 HEATING
  TODAY           24                        30     -6       34
  MONTH TO DATE  392                       270    122      304
  SINCE DEC 1   1255                      1111    144     1135
  SINCE JUL 1   1921                      1846     75     1602

 COOLING
  TODAY            0                         0      0        0
  MONTH TO DATE    0                         0      0        0
  SINCE DEC 1      0                         1     -1        1
  SINCE JAN 1      0                         0      0        0
..................................................................


WIND (MPH)
  HIGHEST WIND SPEED     8   HIGHEST WIND DIRECTION     E (100)
  HIGHEST GUST SPEED    12   HIGHEST GUST DIRECTION     E (100)
  AVERAGE WIND SPEED     3.9


SKY COVER
  POSSIBLE SUNSHINE  MM
  AVERAGE SKY COVER 1.0


WEATHER CONDITIONS
 THE FOLLOWING WEATHER WAS RECORDED TODAY.
  LIGHT RAIN
  FOG


RELATIVE HUMIDITY (PERCENT)
 HIGHEST   100           200 AM
 LOWEST     82           300 PM
 AVERAGE    91

..........................................................


THE LOUISVILLE KY CLIMATE NORMALS FOR TOMORROW
                         NORMAL    RECORD    YEAR
 MAXIMUM TEMPERATURE (F)   43        66      1975
 MINIMUM TEMPERATURE (F)   27       -11      1982


SUNRISE AND SUNSET
JANUARY  9 2018.......SUNRISE   800 AM EST   SUNSET   541 PM EST
JANUARY 10 2018.......SUNRISE   759 AM EST   SUNSET   542 PM EST


-  INDICATES NEGATIVE NUMBERS.
R  INDICATES RECORD WAS SET OR TIED.
MM INDICATES DATA IS MISSING.
T  INDICATES TRACE AMOUNT.




$$
