000
CDUS43 KLMK 122027
CLISDF


CLIMATE REPORT
NATIONAL WEATHER SERVICE LOUISVILLE KY
427 PM EDT WED APR 12 2017


...................................

...THE LOUISVILLE KY CLIMATE SUMMARY FOR APRIL 12 2017...
VALID TODAY AS OF 0400 PM LOCAL TIME.

CLIMATE NORMAL PERIOD 1981 TO 2010
CLIMATE RECORD PERIOD 1871 TO 2017


WEATHER ITEM   OBSERVED TIME   RECORD YEAR NORMAL DEPARTURE LAST
                VALUE   (LST)  VALUE       VALUE  FROM      YEAR
                                                  NORMAL
..................................................................
TEMPERATURE (F)
 TODAY
  MAXIMUM         73    259 PM  87    1930  68      5       58
                                      1896
  MINIMUM         50    641 AM  25    1939  46      4       37
  AVERAGE         62                        57      5       48

PRECIPITATION (IN)
  TODAY            0.00          3.16 1948   0.12  -0.12     0.00
  MONTH TO DATE    0.92                      1.49  -0.57     0.96
  SINCE MAR 1      4.60                      5.66  -1.06     6.46
  SINCE JAN 1     10.87                     12.08  -1.21    12.28

SNOWFALL (IN)
  TODAY            0.0           T    1951   0.0    0.0      0.0
                                      1940
                                      1934
  MONTH TO DATE    0.0                       0.1   -0.1      0.0
  SINCE MAR 1      T                         1.5   -1.5      0.5
  SINCE JUL 1      2.7                      12.5   -9.8     14.9
  SNOW DEPTH       0

DEGREE DAYS
 HEATING
  TODAY            3                         9     -6       17
  MONTH TO DATE   66                       127    -61      181
  SINCE MAR 1    524                       665   -141      517
  SINCE JUL 1   2989                      3906   -917     3139

 COOLING
  TODAY            0                         1     -1        0
  MONTH TO DATE   16                        12      4        0
  SINCE MAR 1     27                        18      9        7
  SINCE JAN 1     32                        18     14        7
..................................................................


WIND (MPH)
  HIGHEST WIND SPEED    10   HIGHEST WIND DIRECTION     N (10)
  HIGHEST GUST SPEED    14   HIGHEST GUST DIRECTION    NE (30)
  AVERAGE WIND SPEED     5.4


SKY COVER
  POSSIBLE SUNSHINE  MM
  AVERAGE SKY COVER 0.4


WEATHER CONDITIONS
 THE FOLLOWING WEATHER WAS RECORDED TODAY.
  NO SIGNIFICANT WEATHER WAS OBSERVED.


RELATIVE HUMIDITY (PERCENT)
 HIGHEST    83           500 AM
 LOWEST     33           300 PM
 AVERAGE    58

..........................................................


THE LOUISVILLE KY CLIMATE NORMALS FOR TOMORROW
                         NORMAL    RECORD    YEAR
 MAXIMUM TEMPERATURE (F)   68        87      1887
 MINIMUM TEMPERATURE (F)   47        26      1920


SUNRISE AND SUNSET
APRIL 12 2017.........SUNRISE   711 AM EDT   SUNSET   817 PM EDT
APRIL 13 2017.........SUNRISE   710 AM EDT   SUNSET   818 PM EDT


-  INDICATES NEGATIVE NUMBERS.
R  INDICATES RECORD WAS SET OR TIED.
MM INDICATES DATA IS MISSING.
T  INDICATES TRACE AMOUNT.




$$
