000
CDUS43 KLMK 130635
CLISDF


CLIMATE REPORT
NATIONAL WEATHER SERVICE LOUISVILLE KY
235 AM EDT FRI MAY 13 2016


...................................

...THE LOUISVILLE KY CLIMATE SUMMARY FOR MAY 12 2016...

CLIMATE NORMAL PERIOD 1981 TO 2010
CLIMATE RECORD PERIOD 1871 TO 2016


WEATHER ITEM   OBSERVED TIME   RECORD YEAR NORMAL DEPARTURE LAST
                VALUE   (LST)  VALUE       VALUE  FROM      YEAR
                                                  NORMAL
..................................................................
TEMPERATURE (F)
 YESTERDAY
  MAXIMUM         80    243 PM  90    1902  76      4       73
                                      1881
  MINIMUM         63   1159 PM  40    1917  56      7       58
  AVERAGE         72                        66      6       66

PRECIPITATION (IN)
  YESTERDAY        0.11          1.70 2002   0.18  -0.07     0.00
  MONTH TO DATE    2.51                      2.11   0.40     1.13
  SINCE MAR 1     11.19                     10.29   0.90    19.77
  SINCE JAN 1     17.01                     16.71   0.30    22.87

SNOWFALL (IN)
  YESTERDAY        0.0          MM      MM   0.0    0.0      0.0
  MONTH TO DATE    0.0                       0.0    0.0      0.0
  SINCE MAR 1      0.5                       1.5   -1.0     11.9
  SINCE JUL 1     14.9                      12.5    2.4     27.6
  SNOW DEPTH       0

DEGREE DAYS
 HEATING
  YESTERDAY        0                         3     -3        0
  MONTH TO DATE   31                        40     -9        6
  SINCE MAR 1    570                       824   -254      749
  SINCE JUL 1   3192                      4065   -873     4369

 COOLING
  YESTERDAY        7                         3      4        1
  MONTH TO DATE   38                        30      8       90
  SINCE MAR 1    101                        73     28      132
  SINCE JAN 1    101                        73     28      132
..................................................................


WIND (MPH)
  HIGHEST WIND SPEED    23   HIGHEST WIND DIRECTION     W (290)
  HIGHEST GUST SPEED    30   HIGHEST GUST DIRECTION     W (280)
  AVERAGE WIND SPEED     8.4


SKY COVER
  POSSIBLE SUNSHINE  MM
  AVERAGE SKY COVER 0.9


WEATHER CONDITIONS
 THE FOLLOWING WEATHER WAS RECORDED YESTERDAY.
  RAIN
  LIGHT RAIN
  FOG


RELATIVE HUMIDITY (PERCENT)
 HIGHEST    87          1200 AM
 LOWEST     54           300 PM
 AVERAGE    71

..........................................................


THE LOUISVILLE KY CLIMATE NORMALS FOR TODAY
                         NORMAL    RECORD    YEAR
 MAXIMUM TEMPERATURE (F)   76        91      1902
                                             1881
 MINIMUM TEMPERATURE (F)   56        40      1997
                                             1996


SUNRISE AND SUNSET
MAY 13 2016...........SUNRISE   633 AM EDT   SUNSET   846 PM EDT
MAY 14 2016...........SUNRISE   633 AM EDT   SUNSET   846 PM EDT


-  INDICATES NEGATIVE NUMBERS.
R  INDICATES RECORD WAS SET OR TIED.
MM INDICATES DATA IS MISSING.
T  INDICATES TRACE AMOUNT.




$$
