000
CDUS43 KLMK 252037
CLISDF


CLIMATE REPORT
NATIONAL WEATHER SERVICE LOUISVILLE KY
437 PM EDT THU JUN 25 2015


...................................

...THE LOUISVILLE KY CLIMATE SUMMARY FOR JUNE 25 2015...
VALID TODAY AS OF 0400 PM LOCAL TIME.

CLIMATE NORMAL PERIOD 1981 TO 2010
CLIMATE RECORD PERIOD 1871 TO 2015


WEATHER ITEM   OBSERVED TIME   RECORD YEAR NORMAL DEPARTURE LAST
                VALUE   (LST)  VALUE       VALUE  FROM      YEAR
                                                  NORMAL
..................................................................
TEMPERATURE (F)
 TODAY
  MAXIMUM         89    328 PM 101    1988  88      1       89
  MINIMUM         69    641 AM  50    1979  68      1       72
  AVERAGE         79                        78      1       81

PRECIPITATION (IN)
  TODAY            0.00          2.11 1918   0.11  -0.11     0.00
  MONTH TO DATE    4.75                      3.22   1.53     1.61
  SINCE JUN 1      4.75                      3.22   1.53     1.61
  SINCE JAN 1     28.87                     23.09   5.78    21.12

SNOWFALL (IN)
  TODAY            0.0          MM      MM   0.0    0.0      0.0
  MONTH TO DATE    0.0                       0.0    0.0      0.0
  SINCE JUN 1      0.0                       0.0    0.0      0.0
  SINCE JUL 1     27.6                      12.5   15.1     26.0
  SNOW DEPTH       0

DEGREE DAYS
 HEATING
  TODAY            0                         0      0        0
  MONTH TO DATE    6                         1      5        0
  SINCE JUN 1      6                         1      5        0
  SINCE JUL 1   4393                      4093    300     4547

 COOLING
  TODAY           14                        13      1       16
  MONTH TO DATE  335                       257     78      313
  SINCE JUN 1    335                       257     78      313
  SINCE JAN 1    586                       431    155      547
..................................................................


WIND (MPH)
  HIGHEST WIND SPEED    24   HIGHEST WIND DIRECTION     N (350)
  HIGHEST GUST SPEED    32   HIGHEST GUST DIRECTION     N (360)
  AVERAGE WIND SPEED     6.4


SKY COVER
  POSSIBLE SUNSHINE  MM
  AVERAGE SKY COVER 0.8


WEATHER CONDITIONS
 THE FOLLOWING WEATHER WAS RECORDED TODAY.
  NO SIGNIFICANT WEATHER WAS OBSERVED.


RELATIVE HUMIDITY (PERCENT)
 HIGHEST    84           500 AM
 LOWEST     62          1100 AM
 AVERAGE    73

..........................................................


THE LOUISVILLE KY CLIMATE NORMALS FOR TOMORROW
                         NORMAL    RECORD    YEAR
 MAXIMUM TEMPERATURE (F)   88       101      1954
 MINIMUM TEMPERATURE (F)   69        52      1974


SUNRISE AND SUNSET
JUNE 25 2015..........SUNRISE   621 AM EDT   SUNSET   910 PM EDT
JUNE 26 2015..........SUNRISE   621 AM EDT   SUNSET   910 PM EDT


-  INDICATES NEGATIVE NUMBERS.
R  INDICATES RECORD WAS SET OR TIED.
MM INDICATES DATA IS MISSING.
T  INDICATES TRACE AMOUNT.




$$
