380
CDUS43 KLMK 232034
CLISDF


CLIMATE REPORT
NATIONAL WEATHER SERVICE LOUISVILLE KY
432 PM EDT SAT APR 23 2016


...................................

...THE LOUISVILLE KY CLIMATE SUMMARY FOR APRIL 23 2016...
VALID TODAY AS OF 0400 PM LOCAL TIME.

CLIMATE NORMAL PERIOD 1981 TO 2010
CLIMATE RECORD PERIOD 1871 TO 2016


WEATHER ITEM   OBSERVED TIME   RECORD YEAR NORMAL DEPARTURE LAST
                VALUE   (LST)  VALUE       VALUE  FROM      YEAR
                                                  NORMAL
..................................................................
TEMPERATURE (F)
 TODAY
  MAXIMUM         70    320 PM  91    1960  71     -1       63
  MINIMUM         55    544 AM  28    1986  50      5       39
  AVERAGE         63                        60      3       51

PRECIPITATION (IN)
  TODAY            0.00          2.79 1970   0.15  -0.15     0.00
  MONTH TO DATE    1.54                      2.96  -1.42    10.61
  SINCE MAR 1      7.04                      7.13  -0.09    18.41
  SINCE JAN 1     12.86                     13.55  -0.69    21.51

SNOWFALL (IN)
  TODAY            0.0           T    1910   0.0    0.0      0.0
  MONTH TO DATE    0.0                       0.1   -0.1      0.0
  SINCE MAR 1      0.5                       1.5   -1.0     11.9
  SINCE JUL 1     14.9                      12.5    2.4     27.6
  SNOW DEPTH       0

DEGREE DAYS
 HEATING
  TODAY            2                         6     -4       14
  MONTH TO DATE  201                       209     -8      110
  SINCE MAR 1    537                       747   -210      676
  SINCE JUL 1   3159                      3988   -829     4296

 COOLING
  TODAY            0                         2     -2        0
  MONTH TO DATE   31                        27      4       41
  SINCE MAR 1     38                        33      5       42
  SINCE JAN 1     38                        33      5       42
..................................................................


WIND (MPH)
  HIGHEST WIND SPEED    14   HIGHEST WIND DIRECTION     N (360)
  HIGHEST GUST SPEED    18   HIGHEST GUST DIRECTION     N (10)
  AVERAGE WIND SPEED     8.6


SKY COVER
  POSSIBLE SUNSHINE  MM
  AVERAGE SKY COVER 0.7


WEATHER CONDITIONS
 THE FOLLOWING WEATHER WAS RECORDED TODAY.
  FOG
  HAZE


RELATIVE HUMIDITY (PERCENT)
 HIGHEST    86           200 AM
 LOWEST     49           300 PM
 AVERAGE    68

..........................................................


THE LOUISVILLE KY CLIMATE NORMALS FOR TOMORROW
                         NORMAL    RECORD    YEAR
 MAXIMUM TEMPERATURE (F)   72        91      1960
                                             1925
 MINIMUM TEMPERATURE (F)   50        33      2005
                                             1927
                                             1919


SUNRISE AND SUNSET
APRIL 23 2016.........SUNRISE   656 AM EDT   SUNSET   827 PM EDT
APRIL 24 2016.........SUNRISE   654 AM EDT   SUNSET   828 PM EDT


-  INDICATES NEGATIVE NUMBERS.
R  INDICATES RECORD WAS SET OR TIED.
MM INDICATES DATA IS MISSING.
T  INDICATES TRACE AMOUNT.




$$
