000
CDUS43 KLMK 082033
CLISDF


CLIMATE REPORT
NATIONAL WEATHER SERVICE LOUISVILLE KY
432 PM EDT FRI JUL 8 2016


...................................

...THE LOUISVILLE KY CLIMATE SUMMARY FOR JULY 8 2016...
VALID TODAY AS OF 0400 PM LOCAL TIME.

CLIMATE NORMAL PERIOD 1981 TO 2010
CLIMATE RECORD PERIOD 1871 TO 2016


WEATHER ITEM   OBSERVED TIME   RECORD YEAR NORMAL DEPARTURE LAST
                VALUE   (LST)  VALUE       VALUE  FROM      YEAR
                                                  NORMAL
..................................................................
TEMPERATURE (F)
 TODAY
  MAXIMUM         88    259 PM 103    1988  89     -1       83
  MINIMUM         73   1117 AM  54    1984  70      3       69
  AVERAGE         81                        79      2       76

PRECIPITATION (IN)
  TODAY            0.04          1.28 1882   0.14  -0.10     0.03
  MONTH TO DATE    1.55                      1.03   0.52     3.66
  SINCE JUN 1      5.80                      4.82   0.98    10.48
  SINCE JAN 1     24.86                     24.69   0.17    34.60

SNOWFALL (IN)
  TODAY            0.0          MM      MM   0.0    0.0      0.0
  MONTH TO DATE    0.0                       0.0    0.0      0.0
  SINCE JUN 1      0.0                       0.0    0.0      0.0
  SINCE JUL 1      0.0                       0.0    0.0      0.0
  SNOW DEPTH       0

DEGREE DAYS
 HEATING
  TODAY            0                         0      0        0
  MONTH TO DATE    0                         0      0        0
  SINCE JUN 1      0                         5     -5        6
  SINCE JUL 1      0                         0      0        0

 COOLING
  TODAY           16                        14      2       11
  MONTH TO DATE  103                       112     -9       91
  SINCE JUN 1    508                       436     72      477
  SINCE JAN 1    701                       610     91      728
..................................................................


WIND (MPH)
  HIGHEST WIND SPEED    28   HIGHEST WIND DIRECTION     W (280)
  HIGHEST GUST SPEED    33   HIGHEST GUST DIRECTION     W (260)
  AVERAGE WIND SPEED     6.1


SKY COVER
  POSSIBLE SUNSHINE  MM
  AVERAGE SKY COVER 0.9


WEATHER CONDITIONS
 THE FOLLOWING WEATHER WAS RECORDED TODAY.
  THUNDERSTORM
  LIGHT RAIN


RELATIVE HUMIDITY (PERCENT)
 HIGHEST    87           300 AM
 LOWEST     59           300 PM
 AVERAGE    73

..........................................................


THE LOUISVILLE KY CLIMATE NORMALS FOR TOMORROW
                         NORMAL    RECORD    YEAR
 MAXIMUM TEMPERATURE (F)   89       103      1988
 MINIMUM TEMPERATURE (F)   70        52      1961


SUNRISE AND SUNSET
JULY  8 2016..........SUNRISE   628 AM EDT   SUNSET   908 PM EDT
JULY  9 2016..........SUNRISE   628 AM EDT   SUNSET   908 PM EDT


-  INDICATES NEGATIVE NUMBERS.
R  INDICATES RECORD WAS SET OR TIED.
MM INDICATES DATA IS MISSING.
T  INDICATES TRACE AMOUNT.




$$
