000
CDUS43 KLMK 080627
CLISDF


CLIMATE REPORT
NATIONAL WEATHER SERVICE LOUISVILLE KY
126 AM EST SUN JAN 8 2017


...................................

...THE LOUISVILLE KY CLIMATE SUMMARY FOR JANUARY 7 2017...

CLIMATE NORMAL PERIOD 1981 TO 2010
CLIMATE RECORD PERIOD 1871 TO 2017


WEATHER ITEM   OBSERVED TIME   RECORD YEAR NORMAL DEPARTURE LAST
                VALUE   (LST)  VALUE       VALUE  FROM      YEAR
                                                  NORMAL
..................................................................
TEMPERATURE (F)
 YESTERDAY
  MAXIMUM         20    436 PM  72    1907  43    -23       53
  MINIMUM          9    924 AM  -8    1912  27    -18       25
  AVERAGE         15                        35    -20       39

PRECIPITATION (IN)
  YESTERDAY        0.00          1.99 1913   0.11  -0.11     0.00
  MONTH TO DATE    0.51                      0.75  -0.24      T
  SINCE DEC 1      5.81                      4.58   1.23     6.58
  SINCE JAN 1      0.51                      0.75  -0.24      T

SNOWFALL (IN)
  YESTERDAY        0.0           5.7  1996   0.2   -0.2      0.0
  MONTH TO DATE    2.3                       0.8    1.5       T
  SINCE DEC 1      2.4                       3.4   -1.0       T
  SINCE JUL 1      2.4                       3.6   -1.2       T
  SNOW DEPTH       T

DEGREE DAYS
 HEATING
  YESTERDAY       50                        30     20       26
  MONTH TO DATE  223                       210     13      201
  SINCE DEC 1   1054                      1051      3      659
  SINCE JUL 1   1521                      1786   -265     1183

 COOLING
  YESTERDAY        0                         0      0        0
  MONTH TO DATE    0                         0      0        0
  SINCE DEC 1      1                         1      0        3
  SINCE JAN 1      0                         0      0        0
..................................................................


WIND (MPH)
  HIGHEST WIND SPEED    16   HIGHEST WIND DIRECTION     N (360)
  HIGHEST GUST SPEED    19   HIGHEST GUST DIRECTION     N (360)
  AVERAGE WIND SPEED     9.8


SKY COVER
  POSSIBLE SUNSHINE  MM
  AVERAGE SKY COVER 0.4


WEATHER CONDITIONS
 THE FOLLOWING WEATHER WAS RECORDED YESTERDAY.
  NO SIGNIFICANT WEATHER WAS OBSERVED.


RELATIVE HUMIDITY (PERCENT)
 HIGHEST    69           800 AM
 LOWEST     39           400 PM
 AVERAGE    54

..........................................................


THE LOUISVILLE KY CLIMATE NORMALS FOR TODAY
                         NORMAL    RECORD    YEAR
 MAXIMUM TEMPERATURE (F)   43        70      2008
 MINIMUM TEMPERATURE (F)   27        -4      1942


SUNRISE AND SUNSET
JANUARY  8 2017.......SUNRISE   800 AM EST   SUNSET   540 PM EST
JANUARY  9 2017.......SUNRISE   800 AM EST   SUNSET   541 PM EST


-  INDICATES NEGATIVE NUMBERS.
R  INDICATES RECORD WAS SET OR TIED.
MM INDICATES DATA IS MISSING.
T  INDICATES TRACE AMOUNT.




$$
