000
CDUS43 KLMK 160627
CLISDF


CLIMATE REPORT
NATIONAL WEATHER SERVICE LOUISVILLE KY
227 AM EDT THU OCT 16 2014


...................................

...THE LOUISVILLE KY CLIMATE SUMMARY FOR OCTOBER 15 2014...

CLIMATE NORMAL PERIOD 1981 TO 2010
CLIMATE RECORD PERIOD 1871 TO 2014


WEATHER ITEM   OBSERVED TIME   RECORD YEAR NORMAL DEPARTURE LAST
                VALUE   (LST)  VALUE       VALUE  FROM      YEAR
                                                  NORMAL
..................................................................
TEMPERATURE (F)
 YESTERDAY
  MAXIMUM         59   1245 AM  91    1897  70    -11       73
  MINIMUM         55   1159 PM  28    1876  49      6       57
  AVERAGE         57                        60     -3       65

PRECIPITATION (IN)
  YESTERDAY        0.22          2.64 1880   0.10   0.12      T
  MONTH TO DATE    3.03                      1.58   1.45     7.57
  SINCE SEP 1      6.34                      4.63   1.71    10.27
  SINCE JAN 1     37.51                     35.85   1.66    42.08

SNOWFALL (IN)
  YESTERDAY        0.0           0.0    MM   0.0    0.0      0.0
  MONTH TO DATE    0.0                       0.0    0.0      0.0
  SINCE SEP 1      0.0                       0.0    0.0      0.0
  SINCE JUL 1      0.0                       0.0    0.0      0.0
  SNOW DEPTH       0

DEGREE DAYS
 HEATING
  YESTERDAY        8                         6      2        0
  MONTH TO DATE   58                        74    -16       20
  SINCE SEP 1     71                       104    -33       26
  SINCE JUL 1     71                       104    -33       26

 COOLING
  YESTERDAY        0                         1     -1        0
  MONTH TO DATE   25                        30     -5       53
  SINCE SEP 1    228                       240    -12      288
  SINCE JAN 1   1620                      1597     23     1628
..................................................................


WIND (MPH)
  HIGHEST WIND SPEED    17   HIGHEST WIND DIRECTION     S (180)
  HIGHEST GUST SPEED    27   HIGHEST GUST DIRECTION    SW (210)
  AVERAGE WIND SPEED    10.4


SKY COVER
  POSSIBLE SUNSHINE  MM
  AVERAGE SKY COVER 1.0


WEATHER CONDITIONS
 THE FOLLOWING WEATHER WAS RECORDED YESTERDAY.
  RAIN
  LIGHT RAIN
  FOG


RELATIVE HUMIDITY (PERCENT)
 HIGHEST   100           500 PM
 LOWEST     75          1200 AM
 AVERAGE    88

..........................................................


THE LOUISVILLE KY CLIMATE NORMALS FOR TODAY
                         NORMAL    RECORD    YEAR
 MAXIMUM TEMPERATURE (F)   70        89      1947
 MINIMUM TEMPERATURE (F)   49        30      1876


SUNRISE AND SUNSET
OCTOBER 16 2014.......SUNRISE   753 AM EDT   SUNSET   704 PM EDT
OCTOBER 17 2014.......SUNRISE   754 AM EDT   SUNSET   702 PM EDT


-  INDICATES NEGATIVE NUMBERS.
R  INDICATES RECORD WAS SET OR TIED.
MM INDICATES DATA IS MISSING.
T  INDICATES TRACE AMOUNT.




$$
