000
CDUS43 KLMK 232126
CLISDF


CLIMATE REPORT
NATIONAL WEATHER SERVICE LOUISVILLE KY
426 PM EST FRI JAN 23 2015


...................................

...THE LOUISVILLE KY CLIMATE SUMMARY FOR JANUARY 23 2015...
VALID TODAY AS OF 0400 PM LOCAL TIME.

CLIMATE NORMAL PERIOD 1981 TO 2010
CLIMATE RECORD PERIOD 1871 TO 2015


WEATHER ITEM   OBSERVED TIME   RECORD YEAR NORMAL DEPARTURE LAST
                VALUE   (LST)  VALUE       VALUE  FROM      YEAR
                                                  NORMAL
..................................................................
TEMPERATURE (F)
 TODAY
  MAXIMUM         39    218 PM  71    1967  43     -4       22
  MINIMUM         33    835 AM -13    1963  27      6        5
  AVERAGE         36                        35      1       14

PRECIPITATION (IN)
  TODAY            T             2.05 1876   0.10  -0.10     0.01
  MONTH TO DATE    0.62                      2.39  -1.77     2.29
  SINCE DEC 1      4.19                      6.22  -2.03     7.72
  SINCE JAN 1      0.62                      2.39  -1.77     2.29

SNOWFALL (IN)
  TODAY            T             4.6  1963   0.2   -0.2      0.3
  MONTH TO DATE    T                         2.6   -2.6      5.9
  SINCE DEC 1      T                         5.2   -5.2     11.2
  SINCE JUL 1      3.7                       5.4   -1.7     11.7
  SNOW DEPTH       0

DEGREE DAYS
 HEATING
  TODAY           29                        30     -1       51
  MONTH TO DATE  723                       690     33      797
  SINCE DEC 1   1459                      1531    -72     1608
  SINCE JUL 1   2345                      2266     79     2438

 COOLING
  TODAY            0                         0      0        0
  MONTH TO DATE    0                         0      0        0
  SINCE DEC 1      0                         1     -1        0
  SINCE JAN 1      0                         0      0        0
..................................................................


WIND (MPH)
  HIGHEST WIND SPEED    12   HIGHEST WIND DIRECTION     N (20)
  HIGHEST GUST SPEED    14   HIGHEST GUST DIRECTION     N (20)
  AVERAGE WIND SPEED     7.2


SKY COVER
  POSSIBLE SUNSHINE  MM
  AVERAGE SKY COVER 1.0


WEATHER CONDITIONS
 THE FOLLOWING WEATHER WAS RECORDED TODAY.
  RAIN
  LIGHT RAIN
  SNOW
  LIGHT SNOW
  SLEET
  HAZE


RELATIVE HUMIDITY (PERCENT)
 HIGHEST    75           900 AM
 LOWEST     64           100 AM
 AVERAGE    70

..........................................................


THE LOUISVILLE KY CLIMATE NORMALS FOR TOMORROW
                         NORMAL    RECORD    YEAR
 MAXIMUM TEMPERATURE (F)   43        77      1943
 MINIMUM TEMPERATURE (F)   27       -20      1963


SUNRISE AND SUNSET
JANUARY 23 2015.......SUNRISE   754 AM EST   SUNSET   555 PM EST
JANUARY 24 2015.......SUNRISE   754 AM EST   SUNSET   556 PM EST


-  INDICATES NEGATIVE NUMBERS.
R  INDICATES RECORD WAS SET OR TIED.
MM INDICATES DATA IS MISSING.
T  INDICATES TRACE AMOUNT.




$$
