000
CDUS43 KLMK 230635
CLISDF

CLIMATE REPORT
NATIONAL WEATHER SERVICE LOUISVILLE KY
134 AM EST TUE DEC 23 2014

...................................

...THE LOUISVILLE KY CLIMATE SUMMARY FOR DECEMBER 22 2014...

CLIMATE NORMAL PERIOD 1981 TO 2010
CLIMATE RECORD PERIOD 1871 TO 2014


WEATHER ITEM   OBSERVED TIME   RECORD YEAR NORMAL DEPARTURE LAST
                VALUE   (LST)  VALUE       VALUE  FROM      YEAR
                                                  NORMAL
..................................................................
TEMPERATURE (F)
 YESTERDAY
  MAXIMUM         54    904 PM  64    1949  44     10       63
                                      1893
  MINIMUM         34   1208 AM -15    1989  29      5       38
  AVERAGE         44                        36      8       51

PRECIPITATION (IN)
  YESTERDAY        0.21          2.15 2004   0.13   0.08     0.22
  MONTH TO DATE    3.04                      2.73   0.31     4.89
  SINCE DEC 1      3.04                      2.73   0.31     4.89
  SINCE JAN 1     42.74                     43.81  -1.07    53.06

SNOWFALL (IN)
  YESTERDAY       MM             5.5  2004   0.1   MM        0.0
  MONTH TO DATE    T                         1.6   -1.6      5.3
  SINCE DEC 1      T                         1.6   -1.6      5.3
  SINCE JUL 1      3.7                       1.8    1.9      5.8
  SNOW DEPTH       0

DEGREE DAYS
 HEATING
  YESTERDAY       21                        29     -8       14
  MONTH TO DATE  527                       577    -50      531
  SINCE DEC 1    527                       577    -50      531
  SINCE JUL 1   1413                      1312    101     1361

 COOLING
  YESTERDAY        0                         0      0        0
  MONTH TO DATE    0                         0      0        0
  SINCE DEC 1      0                         0      0        0
  SINCE JAN 1   1626                      1613     13     1628
..................................................................


WIND (MPH)
  HIGHEST WIND SPEED    20   HIGHEST WIND DIRECTION    SE (150)
  HIGHEST GUST SPEED    26   HIGHEST GUST DIRECTION    SE (140)
  AVERAGE WIND SPEED     5.6


SKY COVER
  POSSIBLE SUNSHINE  MM
  AVERAGE SKY COVER 1.0


WEATHER CONDITIONS
 THE FOLLOWING WEATHER WAS RECORDED YESTERDAY.
  RAIN
  LIGHT RAIN
  FOG


RELATIVE HUMIDITY (PERCENT)
 HIGHEST    89          1100 PM
 LOWEST     64           100 PM
 AVERAGE    77

..........................................................


THE LOUISVILLE KY CLIMATE NORMALS FOR TODAY
                         NORMAL    RECORD    YEAR
 MAXIMUM TEMPERATURE (F)   44        67      1933
 MINIMUM TEMPERATURE (F)   28        -8      1989


SUNRISE AND SUNSET
DECEMBER 23 2014......SUNRISE   757 AM EST   SUNSET   527 PM EST
DECEMBER 24 2014......SUNRISE   757 AM EST   SUNSET   528 PM EST


-  INDICATES NEGATIVE NUMBERS.
R  INDICATES RECORD WAS SET OR TIED.
MM INDICATES DATA IS MISSING.
T  INDICATES TRACE AMOUNT.

$$
04
