000
CDUS43 KLMK 202055
CLISDF


CLIMATE REPORT
NATIONAL WEATHER SERVICE LOUISVILLE KY
455 PM EDT MON JUL 20 2015


...................................

...THE LOUISVILLE KY CLIMATE SUMMARY FOR JULY 20 2015...
VALID TODAY AS OF 0400 PM LOCAL TIME.

CLIMATE NORMAL PERIOD 1981 TO 2010
CLIMATE RECORD PERIOD 1871 TO 2015


WEATHER ITEM   OBSERVED TIME   RECORD YEAR NORMAL DEPARTURE LAST
                VALUE   (LST)  VALUE       VALUE  FROM      YEAR
                                                  NORMAL
..................................................................
TEMPERATURE (F)
 TODAY
  MAXIMUM         86    202 PM 100    1954  89     -3       86
  MINIMUM         76    456 AM  55    1947  70      6       70
                                      1929
  AVERAGE         81                        79      2       78

PRECIPITATION (IN)
  TODAY            0.02          1.98 1988   0.14  -0.12      T
  MONTH TO DATE    8.14                      2.66   5.48     1.79
  SINCE JUN 1     14.96                      6.45   8.51     3.44
  SINCE JAN 1     39.08                     26.32  12.76    22.95

SNOWFALL (IN)
  TODAY            0.0          MM      MM   0.0    0.0      0.0
  MONTH TO DATE    0.0                       0.0    0.0      0.0
  SINCE JUN 1      0.0                       0.0    0.0      0.0
  SINCE JUL 1      0.0                       0.0    0.0      0.0
  SNOW DEPTH       0

DEGREE DAYS
 HEATING
  TODAY            0                         0      0        0
  MONTH TO DATE    0                         0      0        0
  SINCE JUN 1      6                         5      1        0
  SINCE JUL 1      0                         0      0        0

 COOLING
  TODAY           16                        14      2       13
  MONTH TO DATE  276                       280     -4      217
  SINCE JUN 1    662                       604     58      610
  SINCE JAN 1    913                       778    135      844
..................................................................


WIND (MPH)
  HIGHEST WIND SPEED    13   HIGHEST WIND DIRECTION     W (280)
  HIGHEST GUST SPEED    19   HIGHEST GUST DIRECTION     E (110)
  AVERAGE WIND SPEED     4.8


SKY COVER
  POSSIBLE SUNSHINE  MM
  AVERAGE SKY COVER 0.9


WEATHER CONDITIONS
 THE FOLLOWING WEATHER WAS RECORDED TODAY.
  LIGHT RAIN
  HAZE


RELATIVE HUMIDITY (PERCENT)
 HIGHEST    79           300 AM
 LOWEST     69          1200 AM
 AVERAGE    74

..........................................................


THE LOUISVILLE KY CLIMATE NORMALS FOR TOMORROW
                         NORMAL    RECORD    YEAR
 MAXIMUM TEMPERATURE (F)   89       103      1901
 MINIMUM TEMPERATURE (F)   70        56      1970


SUNRISE AND SUNSET
JULY 20 2015..........SUNRISE   635 AM EDT   SUNSET   903 PM EDT
JULY 21 2015..........SUNRISE   636 AM EDT   SUNSET   902 PM EDT


-  INDICATES NEGATIVE NUMBERS.
R  INDICATES RECORD WAS SET OR TIED.
MM INDICATES DATA IS MISSING.
T  INDICATES TRACE AMOUNT.




$$
