920
CDUS43 KLMK 190628
CLISDF


CLIMATE REPORT
NATIONAL WEATHER SERVICE LOUISVILLE KY
128 AM EST SUN FEB 19 2017


...................................

...THE LOUISVILLE KY CLIMATE SUMMARY FOR FEBRUARY 18 2017...

CLIMATE NORMAL PERIOD 1981 TO 2010
CLIMATE RECORD PERIOD 1871 TO 2017


WEATHER ITEM   OBSERVED TIME   RECORD YEAR NORMAL DEPARTURE LAST
                VALUE   (LST)  VALUE       VALUE  FROM      YEAR
                                                  NORMAL
..................................................................
TEMPERATURE (F)
 YESTERDAY
  MAXIMUM         62   1243 PM  73    1948  49     13       50
  MINIMUM         46    504 AM  -7    1936  31     15       25
  AVERAGE         54                        40     14       38

PRECIPITATION (IN)
  YESTERDAY        0.09          3.53 2000   0.11  -0.02     0.00
  MONTH TO DATE    0.71                      2.03  -1.32     2.16
  SINCE DEC 1     10.22                      9.10   1.12     9.75
  SINCE JAN 1      4.92                      5.27  -0.35     3.17

SNOWFALL (IN)
  YESTERDAY        0.0           4.7  1979   0.1   -0.1      0.0
  MONTH TO DATE    T                         3.2   -3.2      6.2
  SINCE DEC 1      2.7                       9.5   -6.8     14.4
  SINCE JUL 1      2.7                       9.7   -7.0     14.4
  SNOW DEPTH       0

DEGREE DAYS
 HEATING
  YESTERDAY       11                        25    -14       27
  MONTH TO DATE  355                       493   -138      536
  SINCE DEC 1   1907                      2267   -360     1928
  SINCE JUL 1   2374                      3002   -628     2452

 COOLING
  YESTERDAY        0                         0      0        0
  MONTH TO DATE    0                         0      0        0
  SINCE DEC 1      1                         1      0        3
  SINCE JAN 1      0                         0      0        0
..................................................................


WIND (MPH)
  HIGHEST WIND SPEED    17   HIGHEST WIND DIRECTION    SW (220)
  HIGHEST GUST SPEED    22   HIGHEST GUST DIRECTION    SW (210)
  AVERAGE WIND SPEED     7.3


SKY COVER
  POSSIBLE SUNSHINE  MM
  AVERAGE SKY COVER 0.7


WEATHER CONDITIONS
 THE FOLLOWING WEATHER WAS RECORDED YESTERDAY.
  LIGHT RAIN
  FOG


RELATIVE HUMIDITY (PERCENT)
 HIGHEST    89           700 PM
 LOWEST     38          1200 AM
 AVERAGE    64

..........................................................


THE LOUISVILLE KY CLIMATE NORMALS FOR TODAY
                         NORMAL    RECORD    YEAR
 MAXIMUM TEMPERATURE (F)   49        74      1939
 MINIMUM TEMPERATURE (F)   31        -3      2015


SUNRISE AND SUNSET
FEBRUARY 19 2017......SUNRISE   728 AM EST   SUNSET   626 PM EST
FEBRUARY 20 2017......SUNRISE   727 AM EST   SUNSET   627 PM EST


-  INDICATES NEGATIVE NUMBERS.
R  INDICATES RECORD WAS SET OR TIED.
MM INDICATES DATA IS MISSING.
T  INDICATES TRACE AMOUNT.




$$
