000
CDUS43 KLMK 130627
CLISDF


CLIMATE REPORT
NATIONAL WEATHER SERVICE LOUISVILLE KY
126 AM EST MON FEB 13 2017


...................................

...THE LOUISVILLE KY CLIMATE SUMMARY FOR FEBRUARY 12 2017...

CLIMATE NORMAL PERIOD 1981 TO 2010
CLIMATE RECORD PERIOD 1871 TO 2017


WEATHER ITEM   OBSERVED TIME   RECORD YEAR NORMAL DEPARTURE LAST
                VALUE   (LST)  VALUE       VALUE  FROM      YEAR
                                                  NORMAL
..................................................................
TEMPERATURE (F)
 YESTERDAY
  MAXIMUM         68   1047 AM  73    1984  47     21       35
                                      1938
  MINIMUM         41   1157 PM  -7    1899  29     12       26
  AVERAGE         55                        38     17       31

PRECIPITATION (IN)
  YESTERDAY        T             1.43 1894   0.11  -0.11      T
  MONTH TO DATE    0.62                      1.36  -0.74     1.86
  SINCE DEC 1     10.13                      8.43   1.70     9.45
  SINCE JAN 1      4.83                      4.60   0.23     2.87

SNOWFALL (IN)
  YESTERDAY        0.0           2.3  1982   0.2   -0.2       T
  MONTH TO DATE    T                         2.2   -2.2      3.2
  SINCE DEC 1      2.7                       8.5   -5.8     11.4
  SINCE JUL 1      2.7                       8.7   -6.0     11.4
  SNOW DEPTH       0

DEGREE DAYS
 HEATING
  YESTERDAY       10                        27    -17       34
  MONTH TO DATE  253                       337    -84      329
  SINCE DEC 1   1805                      2111   -306     1721
  SINCE JUL 1   2272                      2846   -574     2245

 COOLING
  YESTERDAY        0                         0      0        0
  MONTH TO DATE    0                         0      0        0
  SINCE DEC 1      1                         1      0        3
  SINCE JAN 1      0                         0      0        0
..................................................................


WIND (MPH)
  HIGHEST WIND SPEED    25   HIGHEST WIND DIRECTION    NW (320)
  HIGHEST GUST SPEED    35   HIGHEST GUST DIRECTION    NW (320)
  AVERAGE WIND SPEED    15.3


SKY COVER
  POSSIBLE SUNSHINE  MM
  AVERAGE SKY COVER 0.6


WEATHER CONDITIONS
 THE FOLLOWING WEATHER WAS RECORDED YESTERDAY.
  HAZE


RELATIVE HUMIDITY (PERCENT)
 HIGHEST    84           900 AM
 LOWEST     27           800 PM
 AVERAGE    56

..........................................................


THE LOUISVILLE KY CLIMATE NORMALS FOR TODAY
                         NORMAL    RECORD    YEAR
 MAXIMUM TEMPERATURE (F)   47        77      1962
 MINIMUM TEMPERATURE (F)   29       -10      1899


SUNRISE AND SUNSET
FEBRUARY 13 2017......SUNRISE   735 AM EST   SUNSET   620 PM EST
FEBRUARY 14 2017......SUNRISE   734 AM EST   SUNSET   621 PM EST


-  INDICATES NEGATIVE NUMBERS.
R  INDICATES RECORD WAS SET OR TIED.
MM INDICATES DATA IS MISSING.
T  INDICATES TRACE AMOUNT.




$$
