000
CDUS43 KLMK 100629
CLISDF


CLIMATE REPORT
NATIONAL WEATHER SERVICE LOUISVILLE KY
128 AM EST SAT FEB 10 2018


...................................

...THE LOUISVILLE KY CLIMATE SUMMARY FOR FEBRUARY 9 2018...

CLIMATE NORMAL PERIOD 1981 TO 2010
CLIMATE RECORD PERIOD 1871 TO 2018


WEATHER ITEM   OBSERVED TIME   RECORD YEAR NORMAL DEPARTURE LAST
                VALUE   (LST)  VALUE       VALUE  FROM      YEAR
                                                  NORMAL
..................................................................
TEMPERATURE (F)
 YESTERDAY
  MAXIMUM         60    452 PM  70    2009  46     14       33
                                      1965
  MINIMUM         28    618 AM -14    1899  29     -1       23
  AVERAGE         44                        37      7       28

PRECIPITATION (IN)
  YESTERDAY        0.00          1.23 1885   0.11  -0.11      T
  MONTH TO DATE    1.06                      1.03   0.03     0.62
  SINCE DEC 1      5.55                      8.10  -2.55    10.13
  SINCE JAN 1      2.82                      4.27  -1.45     4.83

SNOWFALL (IN)
  YESTERDAY        0.0           6.5  2010   0.1   -0.1       T
  MONTH TO DATE    0.3                       1.6   -1.3       T
  SINCE DEC 1      5.5                       7.9   -2.4      2.7
  SINCE JUL 1      5.5                       8.1   -2.6      2.7
  SNOW DEPTH       0

DEGREE DAYS
 HEATING
  YESTERDAY       21                        28     -7       37
  MONTH TO DATE  300                       256     44      215
  SINCE DEC 1   2156                      2030    126     1767
  SINCE JUL 1   2822                      2765     57     2234

 COOLING
  YESTERDAY        0                         0      0        0
  MONTH TO DATE    0                         0      0        0
  SINCE DEC 1      0                         1     -1        1
  SINCE JAN 1      0                         0      0        0
..................................................................


WIND (MPH)
  HIGHEST WIND SPEED    17   HIGHEST WIND DIRECTION     S (200)
  HIGHEST GUST SPEED    23   HIGHEST GUST DIRECTION    SW (210)
  AVERAGE WIND SPEED     5.9


SKY COVER
  POSSIBLE SUNSHINE  MM
  AVERAGE SKY COVER 0.9


WEATHER CONDITIONS
 THE FOLLOWING WEATHER WAS RECORDED YESTERDAY.
  NO SIGNIFICANT WEATHER WAS OBSERVED.


RELATIVE HUMIDITY (PERCENT)
 HIGHEST    78           200 AM
 LOWEST     33           300 PM
 AVERAGE    56

..........................................................


THE LOUISVILLE KY CLIMATE NORMALS FOR TODAY
                         NORMAL    RECORD    YEAR
 MAXIMUM TEMPERATURE (F)   46        78      1932
                                             1887
 MINIMUM TEMPERATURE (F)   29       -10      1899


SUNRISE AND SUNSET
FEBRUARY 10 2018......SUNRISE   739 AM EST   SUNSET   616 PM EST
FEBRUARY 11 2018......SUNRISE   738 AM EST   SUNSET   617 PM EST


-  INDICATES NEGATIVE NUMBERS.
R  INDICATES RECORD WAS SET OR TIED.
MM INDICATES DATA IS MISSING.
T  INDICATES TRACE AMOUNT.




$$
