000
CDUS43 KLMK 062032
CLISDF


CLIMATE REPORT
NATIONAL WEATHER SERVICE LOUISVILLE KY
431 PM EDT SUN JUL 6 2014


...................................

...THE LOUISVILLE KY CLIMATE SUMMARY FOR JULY 6 2014...
VALID TODAY AS OF 0400 PM LOCAL TIME.

CLIMATE NORMAL PERIOD 1981 TO 2010
CLIMATE RECORD PERIOD 1871 TO 2014


WEATHER ITEM   OBSERVED TIME   RECORD YEAR NORMAL DEPARTURE LAST
                VALUE   (LST)  VALUE       VALUE  FROM      YEAR
                                                  NORMAL
..................................................................
TEMPERATURE (F)
 TODAY
  MAXIMUM         88    232 PM 103    2012  89     -1       75
  MINIMUM         65    611 AM  53    1951  70     -5       68
  AVERAGE         77                        79     -2       72

PRECIPITATION (IN)
  TODAY            0.00          1.78 1942   0.14  -0.14     0.95
  MONTH TO DATE    0.24                      0.76  -0.52     2.47
  SINCE JUN 1      1.89                      4.55  -2.66     6.77
  SINCE JAN 1     21.40                     24.42  -3.02    25.82

SNOWFALL (IN)
  TODAY            0.0          MM      MM   0.0    0.0      0.0
  MONTH TO DATE    0.0                       0.0    0.0      0.0
  SINCE JUN 1      0.0                       0.0    0.0      0.0
  SINCE JUL 1      0.0                       0.0    0.0      0.0
  SNOW DEPTH       0

DEGREE DAYS
 HEATING
  TODAY            0                         0      0        0
  MONTH TO DATE    0                         0      0        0
  SINCE JUN 1      0                         5     -5        0
  SINCE JUL 1      0                         0      0        0

 COOLING
  TODAY           12                        14     -2        7
  MONTH TO DATE   58                        84    -26       50
  SINCE JUN 1    451                       408     43      385
  SINCE JAN 1    685                       582    103      613
..................................................................


WIND (MPH)
  HIGHEST WIND SPEED    21   HIGHEST WIND DIRECTION    SW (230)
  HIGHEST GUST SPEED    27   HIGHEST GUST DIRECTION     S (200)
  AVERAGE WIND SPEED     7.5


SKY COVER
  POSSIBLE SUNSHINE  MM
  AVERAGE SKY COVER 0.7


WEATHER CONDITIONS
 THE FOLLOWING WEATHER WAS RECORDED TODAY.
  NO SIGNIFICANT WEATHER WAS OBSERVED.


RELATIVE HUMIDITY (PERCENT)
 HIGHEST    87           600 AM
 LOWEST     34           200 PM
 AVERAGE    61

..........................................................


THE LOUISVILLE KY CLIMATE NORMALS FOR TOMORROW
                         NORMAL    RECORD    YEAR
 MAXIMUM TEMPERATURE (F)   89       106      2012
 MINIMUM TEMPERATURE (F)   70        50      1972


SUNRISE AND SUNSET
JULY  6 2014..........SUNRISE   626 AM EDT   SUNSET   909 PM EDT
JULY  7 2014..........SUNRISE   627 AM EDT   SUNSET   909 PM EDT


-  INDICATES NEGATIVE NUMBERS.
R  INDICATES RECORD WAS SET OR TIED.
MM INDICATES DATA IS MISSING.
T  INDICATES TRACE AMOUNT.




$$
