000
CDUS43 KLMK 242128
CLISDF

CLIMATE REPORT
NATIONAL WEATHER SERVICE LOUISVILLE KY
427 PM EST SAT JAN 24 2015


...................................

...THE LOUISVILLE KY CLIMATE SUMMARY FOR JANUARY 24 2015...
VALID TODAY AS OF 0400 PM LOCAL TIME.

CLIMATE NORMAL PERIOD 1981 TO 2010
CLIMATE RECORD PERIOD 1871 TO 2015


WEATHER ITEM   OBSERVED TIME   RECORD YEAR NORMAL DEPARTURE LAST
                VALUE   (LST)  VALUE       VALUE  FROM      YEAR
                                                  NORMAL
..................................................................
TEMPERATURE (F)
 TODAY
  MAXIMUM         46    359 PM  77    1943  43      3       25
  MINIMUM         26    613 AM -20    1963  27     -1        2
  AVERAGE         36                        35      1       14

PRECIPITATION (IN)
  TODAY            0.00          3.11 1937   0.11  -0.11     0.00
  MONTH TO DATE    0.74                      2.50  -1.76     2.29
  SINCE DEC 1      4.31                      6.33  -2.02     7.72
  SINCE JAN 1      0.74                      2.50  -1.76     2.29

SNOWFALL (IN)
  TODAY            0.0           2.9  1948   0.1   -0.1      0.0
  MONTH TO DATE    1.0                       2.7   -1.7      5.9
  SINCE DEC 1      1.0                       5.3   -4.3     11.2
  SINCE JUL 1      4.7                       5.5   -0.8     11.7
  SNOW DEPTH       1

DEGREE DAYS
 HEATING
  TODAY           29                        30     -1       51
  MONTH TO DATE  752                       720     32      848
  SINCE DEC 1   1488                      1561    -73     1659
  SINCE JUL 1   2374                      2296     78     2489

 COOLING
  TODAY            0                         0      0        0
  MONTH TO DATE    0                         0      0        0
  SINCE DEC 1      0                         1     -1        0
  SINCE JAN 1      0                         0      0        0
..................................................................


WIND (MPH)
  HIGHEST WIND SPEED    17   HIGHEST WIND DIRECTION     W (280)
  HIGHEST GUST SPEED    20   HIGHEST GUST DIRECTION     W (250)
  AVERAGE WIND SPEED     8.1


SKY COVER
  POSSIBLE SUNSHINE  MM
  AVERAGE SKY COVER 0.7


WEATHER CONDITIONS
 THE FOLLOWING WEATHER WAS RECORDED TODAY.
  FOG
  HAZE


RELATIVE HUMIDITY (PERCENT)
 HIGHEST    89          1200 AM
 LOWEST     62           300 PM
 AVERAGE    76

..........................................................


THE LOUISVILLE KY CLIMATE NORMALS FOR TOMORROW
                         NORMAL    RECORD    YEAR
 MAXIMUM TEMPERATURE (F)   43        77      1950
 MINIMUM TEMPERATURE (F)   27        -6      1963


SUNRISE AND SUNSET
JANUARY 24 2015.......SUNRISE   754 AM EST   SUNSET   556 PM EST
JANUARY 25 2015.......SUNRISE   753 AM EST   SUNSET   558 PM EST


-  INDICATES NEGATIVE NUMBERS.
R  INDICATES RECORD WAS SET OR TIED.
MM INDICATES DATA IS MISSING.
T  INDICATES TRACE AMOUNT.




$$
