000
CDUS43 KLMK 200626
CLISDF


CLIMATE REPORT
NATIONAL WEATHER SERVICE LOUISVILLE KY
126 AM EST SAT DEC 20 2014


...................................

...THE LOUISVILLE KY CLIMATE SUMMARY FOR DECEMBER 19 2014...

CLIMATE NORMAL PERIOD 1981 TO 2010
CLIMATE RECORD PERIOD 1871 TO 2014


WEATHER ITEM   OBSERVED TIME   RECORD YEAR NORMAL DEPARTURE LAST
                VALUE   (LST)  VALUE       VALUE  FROM      YEAR
                                                  NORMAL
..................................................................
TEMPERATURE (F)
 YESTERDAY
  MAXIMUM         37    352 PM  69    2008  45     -8       63
  MINIMUM         27    807 AM  -5    1884  29     -2       42
  AVERAGE         32                        37     -5       53

PRECIPITATION (IN)
  YESTERDAY        0.00          2.44 2002   0.12  -0.12     0.00
  MONTH TO DATE    2.83                      2.35   0.48     2.12
  SINCE DEC 1      2.83                      2.35   0.48     2.12
  SINCE JAN 1     42.53                     43.43  -0.90    50.29

SNOWFALL (IN)
  YESTERDAY        0.0           2.1  1950   0.1   -0.1      0.0
  MONTH TO DATE    T                         1.3   -1.3      5.3
  SINCE DEC 1      T                         1.3   -1.3      5.3
  SINCE JUL 1      3.7                       1.5    2.2      5.8
  SNOW DEPTH       0

DEGREE DAYS
 HEATING
  YESTERDAY       33                        28      5       12
  MONTH TO DATE  445                       491    -46      510
  SINCE DEC 1    445                       491    -46      510
  SINCE JUL 1   1331                      1226    105     1340

 COOLING
  YESTERDAY        0                         0      0        0
  MONTH TO DATE    0                         0      0        0
  SINCE DEC 1      0                         0      0        0
  SINCE JAN 1   1626                      1613     13     1628
..................................................................


WIND (MPH)
  HIGHEST WIND SPEED    12   HIGHEST WIND DIRECTION     N (10)
  HIGHEST GUST SPEED    14   HIGHEST GUST DIRECTION     N (10)
  AVERAGE WIND SPEED     5.5


SKY COVER
  POSSIBLE SUNSHINE  MM
  AVERAGE SKY COVER 0.8


WEATHER CONDITIONS
 THE FOLLOWING WEATHER WAS RECORDED YESTERDAY.
  FOG
  HAZE


RELATIVE HUMIDITY (PERCENT)
 HIGHEST    81           800 AM
 LOWEST     56           400 PM
 AVERAGE    69

..........................................................


THE LOUISVILLE KY CLIMATE NORMALS FOR TODAY
                         NORMAL    RECORD    YEAR
 MAXIMUM TEMPERATURE (F)   44        70      1949
 MINIMUM TEMPERATURE (F)   29         0      1901


SUNRISE AND SUNSET
DECEMBER 20 2014......SUNRISE   755 AM EST   SUNSET   526 PM EST
DECEMBER 21 2014......SUNRISE   756 AM EST   SUNSET   526 PM EST


-  INDICATES NEGATIVE NUMBERS.
R  INDICATES RECORD WAS SET OR TIED.
MM INDICATES DATA IS MISSING.
T  INDICATES TRACE AMOUNT.




$$
