853
CDUS43 KLMK 050645
CLISDF


CLIMATE REPORT
NATIONAL WEATHER SERVICE LOUISVILLE KY
145 AM EST TUE DEC 5 2017


...................................

...THE LOUISVILLE KY CLIMATE SUMMARY FOR DECEMBER 4 2017...

CLIMATE NORMAL PERIOD 1981 TO 2010
CLIMATE RECORD PERIOD 1871 TO 2017


WEATHER ITEM   OBSERVED TIME   RECORD YEAR NORMAL DEPARTURE LAST
                VALUE   (LST)  VALUE       VALUE  FROM      YEAR
                                                  NORMAL
..................................................................
TEMPERATURE (F)
 YESTERDAY
  MAXIMUM         69    432 PM  72    1998  49     20       49
  MINIMUM         41    708 AM  13    1893  33      8       40
  AVERAGE         55                        41     14       45

PRECIPITATION (IN)
  YESTERDAY        0.04          2.03 1922   0.13  -0.09     0.08
  MONTH TO DATE    0.04                      0.50  -0.46     0.08
  SINCE DEC 1      0.04                      0.50  -0.46     0.08
  SINCE JAN 1     41.87                     41.58   0.29    38.33

SNOWFALL (IN)
  YESTERDAY       MM             3.6  2002   0.1   MM        0.0
  MONTH TO DATE    0.0                       0.2   -0.2      0.0
  SINCE DEC 1      0.0                       0.2   -0.2      0.0
  SINCE JUL 1      T                         0.4   -0.4      0.0
  SNOW DEPTH       0

DEGREE DAYS
 HEATING
  YESTERDAY       10                        24    -14       20
  MONTH TO DATE   64                        94    -30       88
  SINCE DEC 1     64                        94    -30       88
  SINCE JUL 1    730                       829    -99      555

 COOLING
  YESTERDAY        0                         0      0        0
  MONTH TO DATE    0                         0      0        0
  SINCE DEC 1      0                         0      0        0
  SINCE JAN 1   1789                      1613    176     2082
..................................................................


WIND (MPH)
  HIGHEST WIND SPEED    28   HIGHEST WIND DIRECTION     S (180)
  HIGHEST GUST SPEED    39   HIGHEST GUST DIRECTION     S (170)
  AVERAGE WIND SPEED    10.2


SKY COVER
  POSSIBLE SUNSHINE  MM
  AVERAGE SKY COVER 0.9


WEATHER CONDITIONS
 THE FOLLOWING WEATHER WAS RECORDED YESTERDAY.
  RAIN
  LIGHT RAIN


RELATIVE HUMIDITY (PERCENT)
 HIGHEST    76           800 AM
 LOWEST     31           300 PM
 AVERAGE    54

..........................................................


THE LOUISVILLE KY CLIMATE NORMALS FOR TODAY
                         NORMAL    RECORD    YEAR
 MAXIMUM TEMPERATURE (F)   49        73      2001
 MINIMUM TEMPERATURE (F)   33        12      1895


SUNRISE AND SUNSET
DECEMBER  5 2017......SUNRISE   745 AM EST   SUNSET   523 PM EST
DECEMBER  6 2017......SUNRISE   745 AM EST   SUNSET   523 PM EST


-  INDICATES NEGATIVE NUMBERS.
R  INDICATES RECORD WAS SET OR TIED.
MM INDICATES DATA IS MISSING.
T  INDICATES TRACE AMOUNT.




$$
