000
CDUS43 KLMK 192038
CLISDF


CLIMATE REPORT
NATIONAL WEATHER SERVICE LOUISVILLE KY
436 PM EDT WED APR 19 2017


...................................

...THE LOUISVILLE KY CLIMATE SUMMARY FOR APRIL 19 2017...
VALID TODAY AS OF 0400 PM LOCAL TIME.

CLIMATE NORMAL PERIOD 1981 TO 2010
CLIMATE RECORD PERIOD 1871 TO 2017


WEATHER ITEM   OBSERVED TIME   RECORD YEAR NORMAL DEPARTURE LAST
                VALUE   (LST)  VALUE       VALUE  FROM      YEAR
                                                  NORMAL
..................................................................
TEMPERATURE (F)
 TODAY
  MAXIMUM         84    259 PM  86    2016  70     14       86
                                      2002
                                      1958
  MINIMUM         63    534 AM  27    1983  48     15       58
  AVERAGE         74                        59     15       72

PRECIPITATION (IN)
  TODAY            0.02          1.47 1903   0.13  -0.11     0.00
  MONTH TO DATE    2.33                      2.40  -0.07     0.96
  SINCE MAR 1      6.01                      6.57  -0.56     6.46
  SINCE JAN 1     12.28                     12.99  -0.71    12.28

SNOWFALL (IN)
  TODAY            0.0           T    2006   0.0    0.0      0.0
                                      1953
  MONTH TO DATE    0.0                       0.1   -0.1      0.0
  SINCE MAR 1      T                         1.5   -1.5      0.5
  SINCE JUL 1      2.7                      12.5   -9.8     14.9
  SNOW DEPTH       0

DEGREE DAYS
 HEATING
  TODAY            0                         7     -7        0
  MONTH TO DATE   66                       183   -117      197
  SINCE MAR 1    524                       721   -197      533
  SINCE JUL 1   2989                      3962   -973     3155

 COOLING
  TODAY            9                         1      8        7
  MONTH TO DATE   61                        19     42       20
  SINCE MAR 1     72                        25     47       27
  SINCE JAN 1     77                        25     52       27
..................................................................


WIND (MPH)
  HIGHEST WIND SPEED    20   HIGHEST WIND DIRECTION     W (260)
  HIGHEST GUST SPEED    24   HIGHEST GUST DIRECTION     W (250)
  AVERAGE WIND SPEED     7.1


SKY COVER
  POSSIBLE SUNSHINE  MM
  AVERAGE SKY COVER 0.5


WEATHER CONDITIONS
 THE FOLLOWING WEATHER WAS RECORDED TODAY.
  LIGHT RAIN
  FOG


RELATIVE HUMIDITY (PERCENT)
 HIGHEST    93          1200 AM
 LOWEST     44           300 PM
 AVERAGE    69

..........................................................


THE LOUISVILLE KY CLIMATE NORMALS FOR TOMORROW
                         NORMAL    RECORD    YEAR
 MAXIMUM TEMPERATURE (F)   70        87      1976
                                             1896
 MINIMUM TEMPERATURE (F)   49        28      1897


SUNRISE AND SUNSET
APRIL 19 2017.........SUNRISE   701 AM EDT   SUNSET   823 PM EDT
APRIL 20 2017.........SUNRISE   700 AM EDT   SUNSET   824 PM EDT


-  INDICATES NEGATIVE NUMBERS.
R  INDICATES RECORD WAS SET OR TIED.
MM INDICATES DATA IS MISSING.
T  INDICATES TRACE AMOUNT.




$$
