000
CDUS43 KLMK 070639
CLISDF


CLIMATE REPORT
NATIONAL WEATHER SERVICE LOUISVILLE KY
137 AM EST TUE FEB 7 2017


...................................

...THE LOUISVILLE KY CLIMATE SUMMARY FOR FEBRUARY 6 2017...

CLIMATE NORMAL PERIOD 1981 TO 2010
CLIMATE RECORD PERIOD 1871 TO 2017


WEATHER ITEM   OBSERVED TIME   RECORD YEAR NORMAL DEPARTURE LAST
                VALUE   (LST)  VALUE       VALUE  FROM      YEAR
                                                  NORMAL
..................................................................
TEMPERATURE (F)
 YESTERDAY
  MAXIMUM         62   1159 PM  70    2008  45     17       53
  MINIMUM         34    650 AM   3    1988  28      6       28
                                      1906
  AVERAGE         48                        37     11       41

PRECIPITATION (IN)
  YESTERDAY        T             2.21 1883   0.11  -0.11     0.00
  MONTH TO DATE    T                         0.70  -0.70     1.58
  SINCE DEC 1      9.51                      7.77   1.74     9.17
  SINCE JAN 1      4.21                      3.94   0.27     2.59

SNOWFALL (IN)
  YESTERDAY        0.0           4.5  1998   0.2   -0.2      0.0
  MONTH TO DATE    0.0                       1.1   -1.1       T
  SINCE DEC 1      2.7                       7.4   -4.7      8.2
  SINCE JUL 1      2.7                       7.6   -4.9      8.2
  SNOW DEPTH       0

DEGREE DAYS
 HEATING
  YESTERDAY       17                        28    -11       24
  MONTH TO DATE  153                       172    -19      120
  SINCE DEC 1   1705                      1946   -241     1512
  SINCE JUL 1   2172                      2681   -509     2036

 COOLING
  YESTERDAY        0                         0      0        0
  MONTH TO DATE    0                         0      0        0
  SINCE DEC 1      1                         1      0        3
  SINCE JAN 1      0                         0      0        0
..................................................................


WIND (MPH)
  HIGHEST WIND SPEED    15   HIGHEST WIND DIRECTION     S (190)
  HIGHEST GUST SPEED    22   HIGHEST GUST DIRECTION     S (200)
  AVERAGE WIND SPEED     7.7


SKY COVER
  POSSIBLE SUNSHINE  MM
  AVERAGE SKY COVER 0.8


WEATHER CONDITIONS
 THE FOLLOWING WEATHER WAS RECORDED YESTERDAY.
  FOG
  HAZE


RELATIVE HUMIDITY (PERCENT)
 HIGHEST    89           600 AM
 LOWEST     70          1200 AM
 AVERAGE    80

..........................................................


THE LOUISVILLE KY CLIMATE NORMALS FOR TODAY
                         NORMAL    RECORD    YEAR
 MAXIMUM TEMPERATURE (F)   46        69      1925
 MINIMUM TEMPERATURE (F)   28        -1      1906


SUNRISE AND SUNSET
FEBRUARY  7 2017......SUNRISE   742 AM EST   SUNSET   613 PM EST
FEBRUARY  8 2017......SUNRISE   741 AM EST   SUNSET   614 PM EST


-  INDICATES NEGATIVE NUMBERS.
R  INDICATES RECORD WAS SET OR TIED.
MM INDICATES DATA IS MISSING.
T  INDICATES TRACE AMOUNT.




$$
