000
CDUS43 KLMK 100626
CLISDF


CLIMATE REPORT
NATIONAL WEATHER SERVICE LOUISVILLE KY
226 AM EDT THU APR 10 2014


...................................

...THE LOUISVILLE KY CLIMATE SUMMARY FOR APRIL 9 2014...

CLIMATE NORMAL PERIOD 1981 TO 2010
CLIMATE RECORD PERIOD 1871 TO 2014


WEATHER ITEM   OBSERVED TIME   RECORD YEAR NORMAL DEPARTURE LAST
                VALUE   (LST)  VALUE       VALUE  FROM      YEAR
                                                  NORMAL
..................................................................
TEMPERATURE (F)
 YESTERDAY
  MAXIMUM         67    311 PM  86    1978  67      0       84
  MINIMUM         41    656 AM  23    1997  45     -4       62
  AVERAGE         54                        56     -2       73

PRECIPITATION (IN)
  YESTERDAY        0.00          1.38 1894   0.13  -0.13      T
  MONTH TO DATE    3.75                      1.12   2.63      T
  SINCE MAR 1      6.05                      5.29   0.76     4.25
  SINCE JAN 1     12.21                     11.71   0.50    11.27

SNOWFALL (IN)
  YESTERDAY        0.0           0.3  1973   0.0    0.0      0.0
  MONTH TO DATE    0.0                       0.1   -0.1      0.0
  SINCE MAR 1      4.1                       1.5    2.6      1.7
  SINCE JUL 1     25.9                      12.5   13.4      9.8
  SNOW DEPTH       0

DEGREE DAYS
 HEATING
  YESTERDAY       11                        10      1        0
  MONTH TO DATE   86                        99    -13      103
  SINCE MAR 1    734                       637     97      838
  SINCE JUL 1   4388                      3878    510     3920

 COOLING
  YESTERDAY        0                         1     -1        8
  MONTH TO DATE    3                         9     -6       12
  SINCE MAR 1      3                        15    -12       12
  SINCE JAN 1      3                        15    -12       12
..................................................................


WIND (MPH)
  HIGHEST WIND SPEED    16   HIGHEST WIND DIRECTION     W (250)
  HIGHEST GUST SPEED    27   HIGHEST GUST DIRECTION     N (20)
  AVERAGE WIND SPEED     6.5


SKY COVER
  POSSIBLE SUNSHINE  MM
  AVERAGE SKY COVER 0.3


WEATHER CONDITIONS
 THE FOLLOWING WEATHER WAS RECORDED YESTERDAY.
  FOG
  HAZE


RELATIVE HUMIDITY (PERCENT)
 HIGHEST    93           700 AM
 LOWEST     31           400 PM
 AVERAGE    62

..........................................................


THE LOUISVILLE KY CLIMATE NORMALS FOR TODAY
                         NORMAL    RECORD    YEAR
 MAXIMUM TEMPERATURE (F)   67        90      2011
 MINIMUM TEMPERATURE (F)   46        27      1985
                                             1918


SUNRISE AND SUNSET
APRIL 10 2014.........SUNRISE   715 AM EDT   SUNSET   814 PM EDT
APRIL 11 2014.........SUNRISE   713 AM EDT   SUNSET   815 PM EDT


-  INDICATES NEGATIVE NUMBERS.
R  INDICATES RECORD WAS SET OR TIED.
MM INDICATES DATA IS MISSING.
T  INDICATES TRACE AMOUNT.




$$
