000
CDUS43 KLMK 202126
CLISDF


CLIMATE REPORT
NATIONAL WEATHER SERVICE LOUISVILLE KY
426 PM EST THU NOV 20 2014


...................................

...THE LOUISVILLE KY CLIMATE SUMMARY FOR NOVEMBER 20 2014...
VALID TODAY AS OF 0400 PM LOCAL TIME.

CLIMATE NORMAL PERIOD 1981 TO 2010
CLIMATE RECORD PERIOD 1871 TO 2014


WEATHER ITEM   OBSERVED TIME   RECORD YEAR NORMAL DEPARTURE LAST
                VALUE   (LST)  VALUE       VALUE  FROM      YEAR
                                                  NORMAL
..................................................................
TEMPERATURE (F)
 TODAY
  MAXIMUM         36    336 PM  78    1906  56    -20       56
  MINIMUM         22    719 AM  10    1914  38    -16       31
  AVERAGE         29                        47    -18       44

PRECIPITATION (IN)
  TODAY            0.00          2.42 1900   0.13  -0.13     0.00
  MONTH TO DATE    0.80                      2.30  -1.50     3.56
  SINCE SEP 1      7.62                      8.57  -0.95    16.20
  SINCE JAN 1     38.79                     39.79  -1.00    48.01

SNOWFALL (IN)
  TODAY            0.0           0.3  1926   0.0    0.0      0.0
  MONTH TO DATE    3.3                       0.0    3.3      0.3
  SINCE SEP 1      3.3                       0.1    3.2      0.3
  SINCE JUL 1      3.3                       0.1    3.2      0.3
  SNOW DEPTH       0

DEGREE DAYS
 HEATING
  TODAY           36                        18     18       21
  MONTH TO DATE  479                       287    192      322
  SINCE SEP 1    680                       529    151      555
  SINCE JUL 1    680                       529    151      555

 COOLING
  TODAY            0                         0      0        0
  MONTH TO DATE    0                         0      0        0
  SINCE SEP 1    233                       252    -19      288
  SINCE JAN 1   1625                      1609     16     1628
..................................................................


WIND (MPH)
  HIGHEST WIND SPEED    20   HIGHEST WIND DIRECTION     W (260)
  HIGHEST GUST SPEED    24   HIGHEST GUST DIRECTION     W (270)
  AVERAGE WIND SPEED    10.3


SKY COVER
  POSSIBLE SUNSHINE  MM
  AVERAGE SKY COVER 0.4


WEATHER CONDITIONS
 THE FOLLOWING WEATHER WAS RECORDED TODAY.
  NO SIGNIFICANT WEATHER WAS OBSERVED.


RELATIVE HUMIDITY (PERCENT)
 HIGHEST    74           700 AM
 LOWEST     44           300 PM
 AVERAGE    59

..........................................................


THE LOUISVILLE KY CLIMATE NORMALS FOR TOMORROW
                         NORMAL    RECORD    YEAR
 MAXIMUM TEMPERATURE (F)   55        77      1934
 MINIMUM TEMPERATURE (F)   38        13      1887
                                             1880


SUNRISE AND SUNSET
NOVEMBER 20 2014......SUNRISE   729 AM EST   SUNSET   527 PM EST
NOVEMBER 21 2014......SUNRISE   730 AM EST   SUNSET   527 PM EST


-  INDICATES NEGATIVE NUMBERS.
R  INDICATES RECORD WAS SET OR TIED.
MM INDICATES DATA IS MISSING.
T  INDICATES TRACE AMOUNT.




$$
