273
CDUS43 KLMK 270647
CLISDF


CLIMATE REPORT
NATIONAL WEATHER SERVICE LOUISVILLE KY
247 AM EDT WED APR 27 2016


...................................

...THE LOUISVILLE KY CLIMATE SUMMARY FOR APRIL 26 2016...

CLIMATE NORMAL PERIOD 1981 TO 2010
CLIMATE RECORD PERIOD 1871 TO 2016


WEATHER ITEM   OBSERVED TIME   RECORD YEAR NORMAL DEPARTURE LAST
                VALUE   (LST)  VALUE       VALUE  FROM      YEAR
                                                  NORMAL
..................................................................
TEMPERATURE (F)
 YESTERDAY
  MAXIMUM         86    227 PM  90    1989  72     14       65
  MINIMUM         63   1108 PM  35    1947  51     12       46
                                      1873
  AVERAGE         75                        61     14       56

PRECIPITATION (IN)
  YESTERDAY        0.33          2.93 1912   0.15   0.18     0.01
  MONTH TO DATE    1.87                      3.41  -1.54    10.83
  SINCE MAR 1      7.37                      7.58  -0.21    18.63
  SINCE JAN 1     13.19                     14.00  -0.81    21.73

SNOWFALL (IN)
  YESTERDAY        0.0           T    1989   0.0    0.0      0.0
  MONTH TO DATE    0.0                       0.1   -0.1      0.0
  SINCE MAR 1      0.5                       1.5   -1.0     11.9
  SINCE JUL 1     14.9                      12.5    2.4     27.6
  SNOW DEPTH       0

DEGREE DAYS
 HEATING
  YESTERDAY        0                         5     -5        9
  MONTH TO DATE  201                       226    -25      142
  SINCE MAR 1    537                       764   -227      708
  SINCE JUL 1   3159                      4005   -846     4328

 COOLING
  YESTERDAY       10                         2      8        0
  MONTH TO DATE   48                        33     15       41
  SINCE MAR 1     55                        39     16       42
  SINCE JAN 1     55                        39     16       42
..................................................................


WIND (MPH)
  HIGHEST WIND SPEED    38   HIGHEST WIND DIRECTION     W (270)
  HIGHEST GUST SPEED    45   HIGHEST GUST DIRECTION     W (270)
  AVERAGE WIND SPEED     8.2


SKY COVER
  POSSIBLE SUNSHINE  MM
  AVERAGE SKY COVER 0.7


WEATHER CONDITIONS
 THE FOLLOWING WEATHER WAS RECORDED YESTERDAY.
  THUNDERSTORM
  HEAVY RAIN
  RAIN
  LIGHT RAIN
  FOG


RELATIVE HUMIDITY (PERCENT)
 HIGHEST    63           700 AM
 LOWEST     44           100 AM
 AVERAGE    54

..........................................................


THE LOUISVILLE KY CLIMATE NORMALS FOR TODAY
                         NORMAL    RECORD    YEAR
 MAXIMUM TEMPERATURE (F)   72        88      1986
                                             1899
 MINIMUM TEMPERATURE (F)   51        34      1996
                                             1976


SUNRISE AND SUNSET
APRIL 27 2016.........SUNRISE   651 AM EDT   SUNSET   831 PM EDT
APRIL 28 2016.........SUNRISE   649 AM EDT   SUNSET   832 PM EDT


-  INDICATES NEGATIVE NUMBERS.
R  INDICATES RECORD WAS SET OR TIED.
MM INDICATES DATA IS MISSING.
T  INDICATES TRACE AMOUNT.




$$
