000
CDUS43 KLMK 070629
CLISDF


CLIMATE REPORT
NATIONAL WEATHER SERVICE LOUISVILLE KY
228 AM EDT SAT OCT 7 2017


...................................

...THE LOUISVILLE KY CLIMATE SUMMARY FOR OCTOBER 6 2017...

CLIMATE NORMAL PERIOD 1981 TO 2010
CLIMATE RECORD PERIOD 1871 TO 2017


WEATHER ITEM   OBSERVED TIME   RECORD YEAR NORMAL DEPARTURE LAST
                VALUE   (LST)  VALUE       VALUE  FROM      YEAR
                                                  NORMAL
..................................................................
TEMPERATURE (F)
 YESTERDAY
  MAXIMUM         84    246 PM  91    2007  74     10       87
  MINIMUM         62    645 AM  34    1980  52     10       64
  AVERAGE         73                        63     10       76

PRECIPITATION (IN)
  YESTERDAY        0.00          2.31 1910   0.11  -0.11     0.00
  MONTH TO DATE    T                         0.64  -0.64      T
  SINCE SEP 1      5.47                      3.69   1.78     2.28
  SINCE JAN 1     34.88                     34.91  -0.03    35.95

SNOWFALL (IN)
  YESTERDAY        0.0           T    1952   0.0    0.0      0.0
  MONTH TO DATE    0.0                       0.0    0.0      0.0
  SINCE SEP 1      0.0                       0.0    0.0      0.0
  SINCE JUL 1      0.0                       0.0    0.0      0.0
  SNOW DEPTH       0

DEGREE DAYS
 HEATING
  YESTERDAY        0                         5     -5        0
  MONTH TO DATE    0                        24    -24        1
  SINCE SEP 1     13                        54    -41       13
  SINCE JUL 1     13                        54    -41       13

 COOLING
  YESTERDAY        8                         2      6       11
  MONTH TO DATE   34                        16     18       37
  SINCE SEP 1    244                       226     18      371
  SINCE JAN 1   1738                      1583    155     1979
..................................................................


WIND (MPH)
  HIGHEST WIND SPEED    13   HIGHEST WIND DIRECTION     S (190)
  HIGHEST GUST SPEED    18   HIGHEST GUST DIRECTION    SE (150)
  AVERAGE WIND SPEED     6.1


SKY COVER
  POSSIBLE SUNSHINE  MM
  AVERAGE SKY COVER 0.7


WEATHER CONDITIONS
 THE FOLLOWING WEATHER WAS RECORDED YESTERDAY.
  NO SIGNIFICANT WEATHER WAS OBSERVED.


RELATIVE HUMIDITY (PERCENT)
 HIGHEST    93           500 AM
 LOWEST     40           200 PM
 AVERAGE    67

..........................................................


THE LOUISVILLE KY CLIMATE NORMALS FOR TODAY
                         NORMAL    RECORD    YEAR
 MAXIMUM TEMPERATURE (F)   73        93      2007
 MINIMUM TEMPERATURE (F)   52        30      1952


SUNRISE AND SUNSET
OCTOBER  7 2017.......SUNRISE   744 AM EDT   SUNSET   716 PM EDT
OCTOBER  8 2017.......SUNRISE   745 AM EDT   SUNSET   715 PM EDT


-  INDICATES NEGATIVE NUMBERS.
R  INDICATES RECORD WAS SET OR TIED.
MM INDICATES DATA IS MISSING.
T  INDICATES TRACE AMOUNT.

$$

SCHOETTMER
