000
CDUS43 KLMK 140628
CLISDF


CLIMATE REPORT
NATIONAL WEATHER SERVICE LOUISVILLE KY
226 AM EDT TUE OCT 14 2014


...................................

...THE LOUISVILLE KY CLIMATE SUMMARY FOR OCTOBER 13 2014...

CLIMATE NORMAL PERIOD 1981 TO 2010
CLIMATE RECORD PERIOD 1871 TO 2014


WEATHER ITEM   OBSERVED TIME   RECORD YEAR NORMAL DEPARTURE LAST
                VALUE   (LST)  VALUE       VALUE  FROM      YEAR
                                                  NORMAL
..................................................................
TEMPERATURE (F)
 YESTERDAY
  MAXIMUM         79    203 PM  88    1975  71      8       78
                                      1928
                                      1897
  MINIMUM         65   1153 PM  31    1988  50     15       58
                                      1909
  AVERAGE         72                        60     12       68

PRECIPITATION (IN)
  YESTERDAY        0.92          1.22 1893   0.10   0.82      T
  MONTH TO DATE    2.13                      1.37   0.76     7.57
  SINCE SEP 1      5.44                      4.42   1.02    10.27
  SINCE JAN 1     36.61                     35.64   0.97    42.08

SNOWFALL (IN)
  YESTERDAY        0.0           0.0    MM   0.0    0.0      0.0
  MONTH TO DATE    0.0                       0.0    0.0      0.0
  SINCE SEP 1      0.0                       0.0    0.0      0.0
  SINCE JUL 1      0.0                       0.0    0.0      0.0
  SNOW DEPTH       0

DEGREE DAYS
 HEATING
  YESTERDAY        0                         6     -6        0
  MONTH TO DATE   50                        62    -12       17
  SINCE SEP 1     63                        92    -29       23
  SINCE JUL 1     63                        92    -29       23

 COOLING
  YESTERDAY        7                         1      6        3
  MONTH TO DATE   25                        28     -3       53
  SINCE SEP 1    228                       238    -10      288
  SINCE JAN 1   1620                      1595     25     1628
..................................................................


WIND (MPH)
  HIGHEST WIND SPEED    28   HIGHEST WIND DIRECTION    SW (230)
  HIGHEST GUST SPEED    39   HIGHEST GUST DIRECTION     S (170)
  AVERAGE WIND SPEED    14.1


SKY COVER
  POSSIBLE SUNSHINE  MM
  AVERAGE SKY COVER 0.8


WEATHER CONDITIONS
 THE FOLLOWING WEATHER WAS RECORDED YESTERDAY.
  THUNDERSTORM
  HEAVY RAIN
  RAIN
  LIGHT RAIN
  FOG


RELATIVE HUMIDITY (PERCENT)
 HIGHEST    93           300 AM
 LOWEST     58           300 PM
 AVERAGE    76

..........................................................


THE LOUISVILLE KY CLIMATE NORMALS FOR TODAY
                         NORMAL    RECORD    YEAR
 MAXIMUM TEMPERATURE (F)   71        90      1899
                                             1897
 MINIMUM TEMPERATURE (F)   49        33      1979
                                             1874


SUNRISE AND SUNSET
OCTOBER 14 2014.......SUNRISE   751 AM EDT   SUNSET   707 PM EDT
OCTOBER 15 2014.......SUNRISE   752 AM EDT   SUNSET   705 PM EDT


-  INDICATES NEGATIVE NUMBERS.
R  INDICATES RECORD WAS SET OR TIED.
MM INDICATES DATA IS MISSING.
T  INDICATES TRACE AMOUNT.




$$
