000
CDUS43 KLMK 210629
CLISDF


CLIMATE REPORT
NATIONAL WEATHER SERVICE LOUISVILLE KY
128 AM EST MON NOV 21 2016


...................................

...THE LOUISVILLE KY CLIMATE SUMMARY FOR NOVEMBER 20 2016...

CLIMATE NORMAL PERIOD 1981 TO 2010
CLIMATE RECORD PERIOD 1871 TO 2016


WEATHER ITEM   OBSERVED TIME   RECORD YEAR NORMAL DEPARTURE LAST
                VALUE   (LST)  VALUE       VALUE  FROM      YEAR
                                                  NORMAL
..................................................................
TEMPERATURE (F)
 YESTERDAY
  MAXIMUM         46    347 PM  78    1906  56    -10       56
  MINIMUM         27    738 AM  10    1914  38    -11       33
  AVERAGE         37                        47    -10       45

PRECIPITATION (IN)
  YESTERDAY        0.00          2.42 1900   0.13  -0.13     0.00
  MONTH TO DATE    0.44                      2.30  -1.86     3.98
  SINCE SEP 1      3.37                      8.57  -5.20    11.28
  SINCE JAN 1     37.04                     39.79  -2.75    54.34

SNOWFALL (IN)
  YESTERDAY        0.0           0.3  1926   0.0    0.0      0.0
  MONTH TO DATE    0.0                       0.0    0.0      0.0
  SINCE SEP 1      0.0                       0.1   -0.1      0.0
  SINCE JUL 1      0.0                       0.1   -0.1      0.0
  SNOW DEPTH       0

DEGREE DAYS
 HEATING
  YESTERDAY       28                        18     10       20
  MONTH TO DATE  204                       287    -83      202
  SINCE SEP 1    289                       529   -240      360
  SINCE JUL 1    289                       529   -240      360

 COOLING
  YESTERDAY        0                         0      0        0
  MONTH TO DATE   19                         0     19        9
  SINCE SEP 1    474                       252    222      333
  SINCE JAN 1   2082                      1609    473     1787
..................................................................


WIND (MPH)
  HIGHEST WIND SPEED    14   HIGHEST WIND DIRECTION     W (290)
  HIGHEST GUST SPEED    20   HIGHEST GUST DIRECTION     W (290)
  AVERAGE WIND SPEED     8.9


SKY COVER
  POSSIBLE SUNSHINE  MM
  AVERAGE SKY COVER 0.1


WEATHER CONDITIONS
 THE FOLLOWING WEATHER WAS RECORDED YESTERDAY.
  NO SIGNIFICANT WEATHER WAS OBSERVED.


RELATIVE HUMIDITY (PERCENT)
 HIGHEST    69           500 AM
 LOWEST     27           400 PM
 AVERAGE    48

..........................................................


THE LOUISVILLE KY CLIMATE NORMALS FOR TODAY
                         NORMAL    RECORD    YEAR
 MAXIMUM TEMPERATURE (F)   55        77      1934
 MINIMUM TEMPERATURE (F)   38        13      1887
                                             1880


SUNRISE AND SUNSET
NOVEMBER 21 2016......SUNRISE   731 AM EST   SUNSET   527 PM EST
NOVEMBER 22 2016......SUNRISE   732 AM EST   SUNSET   526 PM EST


-  INDICATES NEGATIVE NUMBERS.
R  INDICATES RECORD WAS SET OR TIED.
MM INDICATES DATA IS MISSING.
T  INDICATES TRACE AMOUNT.

$$

SCHOETTMER
