000
CDUS43 KLMK 170629
CLISDF


CLIMATE REPORT
NATIONAL WEATHER SERVICE LOUISVILLE KY
229 AM EDT TUE MAY 17 2016


...................................

...THE LOUISVILLE KY CLIMATE SUMMARY FOR MAY 16 2016...

CLIMATE NORMAL PERIOD 1981 TO 2010
CLIMATE RECORD PERIOD 1871 TO 2016


WEATHER ITEM   OBSERVED TIME   RECORD YEAR NORMAL DEPARTURE LAST
                VALUE   (LST)  VALUE       VALUE  FROM      YEAR
                                                  NORMAL
..................................................................
TEMPERATURE (F)
 YESTERDAY
  MAXIMUM         61    155 PM  92    1900  77    -16       75
  MINIMUM         44    613 AM  35    1997  57    -13       70
  AVERAGE         53                        67    -14       73

PRECIPITATION (IN)
  YESTERDAY        0.01          2.80 1990   0.18  -0.17     0.22
  MONTH TO DATE    2.58                      2.84  -0.26     1.35
  SINCE MAR 1     11.26                     11.02   0.24    19.99
  SINCE JAN 1     17.08                     17.44  -0.36    23.09

SNOWFALL (IN)
  YESTERDAY        0.0          MM      MM   0.0    0.0      0.0
  MONTH TO DATE    0.0                       0.0    0.0      0.0
  SINCE MAR 1      0.5                       1.5   -1.0     11.9
  SINCE JUL 1     14.9                      12.5    2.4     27.6
  SNOW DEPTH       0

DEGREE DAYS
 HEATING
  YESTERDAY       12                         2     10        0
  MONTH TO DATE   64                        48     16        9
  SINCE MAR 1    603                       832   -229      752
  SINCE JUL 1   3225                      4073   -848     4372

 COOLING
  YESTERDAY        0                         4     -4        8
  MONTH TO DATE   38                        46     -8      110
  SINCE MAR 1    101                        89     12      152
  SINCE JAN 1    101                        89     12      152
..................................................................


WIND (MPH)
  HIGHEST WIND SPEED    15   HIGHEST WIND DIRECTION    SE (130)
  HIGHEST GUST SPEED    19   HIGHEST GUST DIRECTION    SE (130)
  AVERAGE WIND SPEED     5.6


SKY COVER
  POSSIBLE SUNSHINE  MM
  AVERAGE SKY COVER 0.8


WEATHER CONDITIONS
 THE FOLLOWING WEATHER WAS RECORDED YESTERDAY.
  LIGHT RAIN


RELATIVE HUMIDITY (PERCENT)
 HIGHEST    66           900 PM
 LOWEST     35           100 PM
 AVERAGE    51

..........................................................


THE LOUISVILLE KY CLIMATE NORMALS FOR TODAY
                         NORMAL    RECORD    YEAR
 MAXIMUM TEMPERATURE (F)   77        91      1962
                                             1911
 MINIMUM TEMPERATURE (F)   57        40      1895


SUNRISE AND SUNSET
MAY 17 2016...........SUNRISE   630 AM EDT   SUNSET   849 PM EDT
MAY 18 2016...........SUNRISE   629 AM EDT   SUNSET   850 PM EDT


-  INDICATES NEGATIVE NUMBERS.
R  INDICATES RECORD WAS SET OR TIED.
MM INDICATES DATA IS MISSING.
T  INDICATES TRACE AMOUNT.




$$
