000
CDUS43 KLMK 010630
CLISDF


CLIMATE REPORT
NATIONAL WEATHER SERVICE LOUISVILLE KY
128 AM EST FRI DEC 1 2017


...................................

...THE LOUISVILLE KY CLIMATE SUMMARY FOR NOVEMBER 30 2017...

CLIMATE NORMAL PERIOD 1981 TO 2010
CLIMATE RECORD PERIOD 1871 TO 2017


WEATHER ITEM   OBSERVED TIME   RECORD YEAR NORMAL DEPARTURE LAST
                VALUE   (LST)  VALUE       VALUE  FROM      YEAR
                                                  NORMAL
..................................................................
TEMPERATURE (F)
 YESTERDAY
  MAXIMUM         57    227 PM  74    2006  51      6       61
  MINIMUM         41   1136 PM   1    1929  34      7       43
  AVERAGE         49                        43      6       52

PRECIPITATION (IN)
  YESTERDAY        0.03          1.70 1997   0.13  -0.10      T
  MONTH TO DATE    2.06                      3.59  -1.53     1.65
  SINCE SEP 1     12.42                      9.86   2.56     4.58
  SINCE JAN 1     41.83                     41.08   0.75    38.25

SNOWFALL (IN)
  YESTERDAY        0.0           1.8  1886   0.0    0.0      0.0
  MONTH TO DATE    0.0                       0.1   -0.1      0.0
  SINCE SEP 1      T                         0.2   -0.2      0.0
  SINCE JUL 1      T                         0.2   -0.2      0.0
  SNOW DEPTH       0

DEGREE DAYS
 HEATING
  YESTERDAY       16                        22     -6       13
  MONTH TO DATE  471                       492    -21      382
  SINCE SEP 1    666                       735    -69      467
  SINCE JUL 1    666                       735    -69      467

 COOLING
  YESTERDAY        0                         0      0        0
  MONTH TO DATE    8                         4      4       19
  SINCE SEP 1    295                       256     39      474
  SINCE JAN 1   1789                      1613    176     2082
..................................................................


WIND (MPH)
  HIGHEST WIND SPEED    12   HIGHEST WIND DIRECTION    NW (300)
  HIGHEST GUST SPEED    15   HIGHEST GUST DIRECTION     W (270)
  AVERAGE WIND SPEED     5.6


SKY COVER
  POSSIBLE SUNSHINE  MM
  AVERAGE SKY COVER 0.6


WEATHER CONDITIONS
 THE FOLLOWING WEATHER WAS RECORDED YESTERDAY.
  LIGHT RAIN


RELATIVE HUMIDITY (PERCENT)
 HIGHEST    83           300 PM
 LOWEST     66          1200 AM
 AVERAGE    75

..........................................................


THE LOUISVILLE KY CLIMATE NORMALS FOR TODAY
                         NORMAL    RECORD    YEAR
 MAXIMUM TEMPERATURE (F)   51        70      1970
 MINIMUM TEMPERATURE (F)   34        11      1886


SUNRISE AND SUNSET
DECEMBER  1 2017......SUNRISE   741 AM EST   SUNSET   523 PM EST
DECEMBER  2 2017......SUNRISE   742 AM EST   SUNSET   523 PM EST


-  INDICATES NEGATIVE NUMBERS.
R  INDICATES RECORD WAS SET OR TIED.
MM INDICATES DATA IS MISSING.
T  INDICATES TRACE AMOUNT.

$$

SCHOETTMER
