240
CDUS43 KLMK 192031
CLISDF


CLIMATE REPORT
NATIONAL WEATHER SERVICE LOUISVILLE KY
430 PM EDT MON SEP 19 2016


...................................

...THE LOUISVILLE KY CLIMATE SUMMARY FOR SEPTEMBER 19 2016...
VALID TODAY AS OF 0400 PM LOCAL TIME.

CLIMATE NORMAL PERIOD 1981 TO 2010
CLIMATE RECORD PERIOD 1871 TO 2016


WEATHER ITEM   OBSERVED TIME   RECORD YEAR NORMAL DEPARTURE LAST
                VALUE   (LST)  VALUE       VALUE  FROM      YEAR
                                                  NORMAL
..................................................................
TEMPERATURE (F)
 TODAY
  MAXIMUM         88    259 PM  96    1954  80      8       82
                                      1925
                                      1895
  MINIMUM         66    645 AM  42    1901  59      7       63
  AVERAGE         77                        70      7       73

PRECIPITATION (IN)
  TODAY            0.00          1.80 1954   0.10  -0.10      T
  MONTH TO DATE    0.68                      1.88  -1.20     0.80
  SINCE SEP 1      0.68                      1.88  -1.20     0.80
  SINCE JAN 1     34.35                     33.10   1.25    43.86

SNOWFALL (IN)
  TODAY            0.0          MM      MM   0.0    0.0      0.0
  MONTH TO DATE    0.0                       0.0    0.0      0.0
  SINCE SEP 1      0.0                       0.0    0.0      0.0
  SINCE JUL 1      0.0                       0.0    0.0      0.0
  SNOW DEPTH       0

DEGREE DAYS
 HEATING
  TODAY            0                         1     -1        0
  MONTH TO DATE    0                         5     -5        4
  SINCE SEP 1      0                         5     -5        4
  SINCE JUL 1      0                         5     -5        4

 COOLING
  TODAY           12                         6      6        8
  MONTH TO DATE  245                       163     82      213
  SINCE SEP 1    245                       163     82      213
  SINCE JAN 1   1853                      1520    333     1667
..................................................................


WIND (MPH)
  HIGHEST WIND SPEED     9   HIGHEST WIND DIRECTION     N (340)
  HIGHEST GUST SPEED    14   HIGHEST GUST DIRECTION     N (20)
  AVERAGE WIND SPEED     3.7


SKY COVER
  POSSIBLE SUNSHINE  MM
  AVERAGE SKY COVER 0.1


WEATHER CONDITIONS
 THE FOLLOWING WEATHER WAS RECORDED TODAY.
  NO SIGNIFICANT WEATHER WAS OBSERVED.


RELATIVE HUMIDITY (PERCENT)
 HIGHEST    87           500 AM
 LOWEST     34           200 PM
 AVERAGE    61

..........................................................


THE LOUISVILLE KY CLIMATE NORMALS FOR TOMORROW
                         NORMAL    RECORD    YEAR
 MAXIMUM TEMPERATURE (F)   80        96      1895
 MINIMUM TEMPERATURE (F)   59        43      1956
                                             1896


SUNRISE AND SUNSET
SEPTEMBER 19 2016.....SUNRISE   728 AM EDT   SUNSET   744 PM EDT
SEPTEMBER 20 2016.....SUNRISE   729 AM EDT   SUNSET   742 PM EDT


-  INDICATES NEGATIVE NUMBERS.
R  INDICATES RECORD WAS SET OR TIED.
MM INDICATES DATA IS MISSING.
T  INDICATES TRACE AMOUNT.




$$
