000
CDUS43 KLMK 100632
CLISDF


CLIMATE REPORT
NATIONAL WEATHER SERVICE LOUISVILLE KY
131 AM EST FRI FEB 10 2017


...................................

...THE LOUISVILLE KY CLIMATE SUMMARY FOR FEBRUARY 9 2017...

CLIMATE NORMAL PERIOD 1981 TO 2010
CLIMATE RECORD PERIOD 1871 TO 2017


WEATHER ITEM   OBSERVED TIME   RECORD YEAR NORMAL DEPARTURE LAST
                VALUE   (LST)  VALUE       VALUE  FROM      YEAR
                                                  NORMAL
..................................................................
TEMPERATURE (F)
 YESTERDAY
  MAXIMUM         33    358 PM  70    2009  46    -13       26
                                      1965
  MINIMUM         23   1114 PM -14    1899  29     -6       19
  AVERAGE         28                        37     -9       23

PRECIPITATION (IN)
  YESTERDAY        T             1.23 1885   0.11  -0.11     0.02
  MONTH TO DATE    0.62                      1.03  -0.41     1.84
  SINCE DEC 1     10.13                      8.10   2.03     9.43
  SINCE JAN 1      4.83                      4.27   0.56     2.85

SNOWFALL (IN)
  YESTERDAY        T             6.5  2010   0.1   -0.1      1.3
  MONTH TO DATE    T                         1.6   -1.6      2.5
  SINCE DEC 1      2.7                       7.9   -5.2     10.7
  SINCE JUL 1      2.7                       8.1   -5.4     10.7
  SNOW DEPTH       0

DEGREE DAYS
 HEATING
  YESTERDAY       37                        28      9       42
  MONTH TO DATE  215                       256    -41      212
  SINCE DEC 1   1767                      2030   -263     1604
  SINCE JUL 1   2234                      2765   -531     2128

 COOLING
  YESTERDAY        0                         0      0        0
  MONTH TO DATE    0                         0      0        0
  SINCE DEC 1      1                         1      0        3
  SINCE JAN 1      0                         0      0        0
..................................................................


WIND (MPH)
  HIGHEST WIND SPEED    23   HIGHEST WIND DIRECTION     N (340)
  HIGHEST GUST SPEED    30   HIGHEST GUST DIRECTION     N (340)
  AVERAGE WIND SPEED    12.3


SKY COVER
  POSSIBLE SUNSHINE  MM
  AVERAGE SKY COVER 0.5


WEATHER CONDITIONS
 THE FOLLOWING WEATHER WAS RECORDED YESTERDAY.
  LIGHT SNOW
  HAZE


RELATIVE HUMIDITY (PERCENT)
 HIGHEST    75          1200 AM
 LOWEST     35           400 PM
 AVERAGE    55

..........................................................


THE LOUISVILLE KY CLIMATE NORMALS FOR TODAY
                         NORMAL    RECORD    YEAR
 MAXIMUM TEMPERATURE (F)   46        78      1932
                                             1887
 MINIMUM TEMPERATURE (F)   29       -10      1899


SUNRISE AND SUNSET
FEBRUARY 10 2017......SUNRISE   739 AM EST   SUNSET   616 PM EST
FEBRUARY 11 2017......SUNRISE   737 AM EST   SUNSET   617 PM EST


-  INDICATES NEGATIVE NUMBERS.
R  INDICATES RECORD WAS SET OR TIED.
MM INDICATES DATA IS MISSING.
T  INDICATES TRACE AMOUNT.




$$
