000
CDUS43 KLMK 110630
CLISDF


CLIMATE REPORT
NATIONAL WEATHER SERVICE LOUISVILLE KY
128 AM EST THU DEC 11 2014


...................................

...THE LOUISVILLE KY CLIMATE SUMMARY FOR DECEMBER 10 2014...

CLIMATE NORMAL PERIOD 1981 TO 2010
CLIMATE RECORD PERIOD 1871 TO 2014


WEATHER ITEM   OBSERVED TIME   RECORD YEAR NORMAL DEPARTURE LAST
                VALUE   (LST)  VALUE       VALUE  FROM      YEAR
                                                  NORMAL
..................................................................
TEMPERATURE (F)
 YESTERDAY
  MAXIMUM         40    244 PM  71    1971  47     -7       32
  MINIMUM         34   1159 PM  -4    1917  31      3       22
  AVERAGE         37                        39     -2       27

PRECIPITATION (IN)
  YESTERDAY        0.00          1.64 1879   0.12  -0.12     0.03
  MONTH TO DATE    2.59                      1.26   1.33     1.60
  SINCE DEC 1      2.59                      1.26   1.33     1.60
  SINCE JAN 1     42.29                     42.34  -0.05    49.77

SNOWFALL (IN)
  YESTERDAY        0.0           1.4  1932   0.0    0.0      0.7
  MONTH TO DATE    0.0                       0.5   -0.5      5.3
  SINCE DEC 1      0.0                       0.5   -0.5      5.3
  SINCE JUL 1      3.7                       0.7    3.0      5.8
  SNOW DEPTH       0

DEGREE DAYS
 HEATING
  YESTERDAY       28                        26      2       38
  MONTH TO DATE  217                       245    -28      245
  SINCE DEC 1    217                       245    -28      245
  SINCE JUL 1   1103                       980    123     1075

 COOLING
  YESTERDAY        0                         0      0        0
  MONTH TO DATE    0                         0      0        0
  SINCE DEC 1      0                         0      0        0
  SINCE JAN 1   1626                      1613     13     1628
..................................................................


WIND (MPH)
  HIGHEST WIND SPEED    15   HIGHEST WIND DIRECTION     N (360)
  HIGHEST GUST SPEED    20   HIGHEST GUST DIRECTION     N (350)
  AVERAGE WIND SPEED     9.5


SKY COVER
  POSSIBLE SUNSHINE  MM
  AVERAGE SKY COVER 1.0


WEATHER CONDITIONS
 THE FOLLOWING WEATHER WAS RECORDED YESTERDAY.
  NO SIGNIFICANT WEATHER WAS OBSERVED.


RELATIVE HUMIDITY (PERCENT)
 HIGHEST    76          1200 AM
 LOWEST     54           300 PM
 AVERAGE    65

..........................................................


THE LOUISVILLE KY CLIMATE NORMALS FOR TODAY
                         NORMAL    RECORD    YEAR
 MAXIMUM TEMPERATURE (F)   47        74      2007
 MINIMUM TEMPERATURE (F)   31        -3      1917


SUNRISE AND SUNSET
DECEMBER 11 2014......SUNRISE   749 AM EST   SUNSET   523 PM EST
DECEMBER 12 2014......SUNRISE   750 AM EST   SUNSET   523 PM EST


-  INDICATES NEGATIVE NUMBERS.
R  INDICATES RECORD WAS SET OR TIED.
MM INDICATES DATA IS MISSING.
T  INDICATES TRACE AMOUNT.




$$
