903
CDUS43 KLMK 182030
CLISDF


CLIMATE REPORT
NATIONAL WEATHER SERVICE LOUISVILLE KY
429 PM EDT MON JUL 18 2016


...................................

...THE LOUISVILLE KY CLIMATE SUMMARY FOR JULY 18 2016...
VALID TODAY AS OF 0400 PM LOCAL TIME.

CLIMATE NORMAL PERIOD 1981 TO 2010
CLIMATE RECORD PERIOD 1871 TO 2016


WEATHER ITEM   OBSERVED TIME   RECORD YEAR NORMAL DEPARTURE LAST
                VALUE   (LST)  VALUE       VALUE  FROM      YEAR
                                                  NORMAL
..................................................................
TEMPERATURE (F)
 TODAY
  MAXIMUM         87    239 PM 104    1913  89     -2       94
  MINIMUM         72    921 AM  57    1976  70      2       71
  AVERAGE         80                        79      1       83

PRECIPITATION (IN)
  TODAY            T             3.35 1971   0.14  -0.14     0.51
  MONTH TO DATE    2.58                      2.39   0.19     8.12
  SINCE JUN 1      6.83                      6.18   0.65    14.94
  SINCE JAN 1     25.89                     26.05  -0.16    39.06

SNOWFALL (IN)
  TODAY            0.0          MM      MM   0.0    0.0      0.0
  MONTH TO DATE    0.0                       0.0    0.0      0.0
  SINCE JUN 1      0.0                       0.0    0.0      0.0
  SINCE JUL 1      0.0                       0.0    0.0      0.0
  SNOW DEPTH       0

DEGREE DAYS
 HEATING
  TODAY            0                         0      0        0
  MONTH TO DATE    0                         0      0        0
  SINCE JUN 1      0                         5     -5        6
  SINCE JUL 1      0                         0      0        0

 COOLING
  TODAY           15                        14      1       18
  MONTH TO DATE  256                       252      4      239
  SINCE JUN 1    661                       576     85      625
  SINCE JAN 1    854                       750    104      876
..................................................................


WIND (MPH)
  HIGHEST WIND SPEED    38   HIGHEST WIND DIRECTION     N (10)
  HIGHEST GUST SPEED    46   HIGHEST GUST DIRECTION     N (20)
  AVERAGE WIND SPEED     6.0


SKY COVER
  POSSIBLE SUNSHINE  MM
  AVERAGE SKY COVER 0.6


WEATHER CONDITIONS
 THE FOLLOWING WEATHER WAS RECORDED TODAY.
  LIGHT RAIN


RELATIVE HUMIDITY (PERCENT)
 HIGHEST    79           500 AM
 LOWEST     58          1100 AM
 AVERAGE    69

..........................................................


THE LOUISVILLE KY CLIMATE NORMALS FOR TOMORROW
                         NORMAL    RECORD    YEAR
 MAXIMUM TEMPERATURE (F)   89       100      1980
 MINIMUM TEMPERATURE (F)   70        56      2009


SUNRISE AND SUNSET
JULY 18 2016..........SUNRISE   635 AM EDT   SUNSET   903 PM EDT
JULY 19 2016..........SUNRISE   635 AM EDT   SUNSET   903 PM EDT


-  INDICATES NEGATIVE NUMBERS.
R  INDICATES RECORD WAS SET OR TIED.
MM INDICATES DATA IS MISSING.
T  INDICATES TRACE AMOUNT.




$$
