000
CDUS43 KLMK 242135
CLISDF


CLIMATE REPORT
NATIONAL WEATHER SERVICE LOUISVILLE KY
435 PM EST TUE FEB 24 2015


...................................

...THE LOUISVILLE KY CLIMATE SUMMARY FOR FEBRUARY 24 2015...
VALID TODAY AS OF 0400 PM LOCAL TIME.

CLIMATE NORMAL PERIOD 1981 TO 2010
CLIMATE RECORD PERIOD 1871 TO 2015


WEATHER ITEM   OBSERVED TIME   RECORD YEAR NORMAL DEPARTURE LAST
                VALUE   (LST)  VALUE       VALUE  FROM      YEAR
                                                  NORMAL
..................................................................
TEMPERATURE (F)
 TODAY
  MAXIMUM         32    322 PM  71    2000  51    -19       42
  MINIMUM         10    802 AM   3    1914  32    -22       22
  AVERAGE         21                        41    -20       32

PRECIPITATION (IN)
  TODAY            0.00          2.31 2011   0.12  -0.12     0.00
  MONTH TO DATE    2.23                      2.72  -0.49     3.74
  SINCE DEC 1      6.67                      9.79  -3.12    11.58
  SINCE JAN 1      3.10                      5.96  -2.86     6.15

SNOWFALL (IN)
  TODAY            0.0           2.5  1885   0.2   -0.2      0.0
  MONTH TO DATE   10.9                       4.1    6.8      7.5
  SINCE DEC 1     12.0                      10.4    1.6     21.1
  SINCE JUL 1     15.7                      10.6    5.1     21.6
  SNOW DEPTH       3

DEGREE DAYS
 HEATING
  TODAY           44                        24     20       33
  MONTH TO DATE  882                       640    242      748
  SINCE DEC 1   2578                      2414    164     2678
  SINCE JUL 1   3464                      3149    315     3508

 COOLING
  TODAY            0                         0      0        0
  MONTH TO DATE    0                         0      0        0
  SINCE DEC 1      0                         1     -1        0
  SINCE JAN 1      0                         0      0        0
..................................................................


WIND (MPH)
  HIGHEST WIND SPEED    18   HIGHEST WIND DIRECTION    SW (230)
  HIGHEST GUST SPEED    23   HIGHEST GUST DIRECTION    SW (240)
  AVERAGE WIND SPEED     6.5


SKY COVER
  POSSIBLE SUNSHINE  MM
  AVERAGE SKY COVER 0.6


WEATHER CONDITIONS
 THE FOLLOWING WEATHER WAS RECORDED TODAY.
  NO SIGNIFICANT WEATHER WAS OBSERVED.


RELATIVE HUMIDITY (PERCENT)
 HIGHEST    63           700 AM
 LOWEST     39           200 PM
 AVERAGE    51

..........................................................


THE LOUISVILLE KY CLIMATE NORMALS FOR TOMORROW
                         NORMAL    RECORD    YEAR
 MAXIMUM TEMPERATURE (F)   51        77      2000
 MINIMUM TEMPERATURE (F)   32         0      1967
                                             1900


SUNRISE AND SUNSET
FEBRUARY 24 2015......SUNRISE   722 AM EST   SUNSET   631 PM EST
FEBRUARY 25 2015......SUNRISE   721 AM EST   SUNSET   632 PM EST


-  INDICATES NEGATIVE NUMBERS.
R  INDICATES RECORD WAS SET OR TIED.
MM INDICATES DATA IS MISSING.
T  INDICATES TRACE AMOUNT.




$$
