676
CDUS43 KLMK 132039
CLISDF


CLIMATE REPORT
NATIONAL WEATHER SERVICE LOUISVILLE KY
439 PM EDT FRI OCT 13 2017


...................................

...THE LOUISVILLE KY CLIMATE SUMMARY FOR OCTOBER 13 2017...
VALID TODAY AS OF 0400 PM LOCAL TIME.

CLIMATE NORMAL PERIOD 1981 TO 2010
CLIMATE RECORD PERIOD 1871 TO 2017


WEATHER ITEM   OBSERVED TIME   RECORD YEAR NORMAL DEPARTURE LAST
                VALUE   (LST)  VALUE       VALUE  FROM      YEAR
                                                  NORMAL
..................................................................
TEMPERATURE (F)
 TODAY
  MAXIMUM         74    312 PM  88    1975  71      3       70
                                      1928
                                      1897
  MINIMUM         54    638 AM  31    1988  50      4       53
                                      1909
  AVERAGE         64                        60      4       62

PRECIPITATION (IN)
  TODAY            0.00          1.22 1893   0.10  -0.10      T
  MONTH TO DATE    2.91                      1.37   1.54      T
  SINCE SEP 1      8.38                      4.42   3.96     2.28
  SINCE JAN 1     37.79                     35.64   2.15    35.95

SNOWFALL (IN)
  TODAY            0.0           0.0    MM   0.0    0.0      0.0
  MONTH TO DATE    0.0                       0.0    0.0      0.0
  SINCE SEP 1      0.0                       0.0    0.0      0.0
  SINCE JUL 1      0.0                       0.0    0.0      0.0
  SNOW DEPTH       0

DEGREE DAYS
 HEATING
  TODAY            1                         6     -5        3
  MONTH TO DATE    3                        62    -59       12
  SINCE SEP 1     16                        92    -76       24
  SINCE JUL 1     16                        92    -76       24

 COOLING
  TODAY            0                         1     -1        0
  MONTH TO DATE   64                        28     36       51
  SINCE SEP 1    274                       238     36      385
  SINCE JAN 1   1768                      1595    173     1993
..................................................................


WIND (MPH)
  HIGHEST WIND SPEED     9   HIGHEST WIND DIRECTION    SE (130)
  HIGHEST GUST SPEED    12   HIGHEST GUST DIRECTION    SE (140)
  AVERAGE WIND SPEED     1.7


SKY COVER
  POSSIBLE SUNSHINE  MM
  AVERAGE SKY COVER 0.5


WEATHER CONDITIONS
 THE FOLLOWING WEATHER WAS RECORDED TODAY.
  FOG


RELATIVE HUMIDITY (PERCENT)
 HIGHEST   100           700 AM
 LOWEST     53           300 PM
 AVERAGE    77

..........................................................


THE LOUISVILLE KY CLIMATE NORMALS FOR TOMORROW
                         NORMAL    RECORD    YEAR
 MAXIMUM TEMPERATURE (F)   71        90      1899
                                             1897
 MINIMUM TEMPERATURE (F)   49        33      1979
                                             1874


SUNRISE AND SUNSET
OCTOBER 13 2017.......SUNRISE   750 AM EDT   SUNSET   708 PM EDT
OCTOBER 14 2017.......SUNRISE   751 AM EDT   SUNSET   706 PM EDT


-  INDICATES NEGATIVE NUMBERS.
R  INDICATES RECORD WAS SET OR TIED.
MM INDICATES DATA IS MISSING.
T  INDICATES TRACE AMOUNT.




$$
