755
CDUS43 KLMK 162035
CLISDF


CLIMATE REPORT
NATIONAL WEATHER SERVICE LOUISVILLE KY
435 PM EDT FRI JUN 16 2017


...................................

...THE LOUISVILLE KY CLIMATE SUMMARY FOR JUNE 16 2017...
VALID TODAY AS OF 0400 PM LOCAL TIME.

CLIMATE NORMAL PERIOD 1981 TO 2010
CLIMATE RECORD PERIOD 1871 TO 2017


WEATHER ITEM   OBSERVED TIME   RECORD YEAR NORMAL DEPARTURE LAST
                VALUE   (LST)  VALUE       VALUE  FROM      YEAR
                                                  NORMAL
..................................................................
TEMPERATURE (F)
 TODAY
  MAXIMUM         88    154 PM  99    1952  86      2       94
  MINIMUM         70    604 AM  46    1917  66      4       69
  AVERAGE         79                        76      3       82

PRECIPITATION (IN)
  TODAY            0.00          2.07 1912   0.13  -0.13     0.00
  MONTH TO DATE    0.76                      2.16  -1.40     2.42
  SINCE JUN 1      0.76                      2.16  -1.40     2.42
  SINCE JAN 1     19.92                     22.03  -2.11    21.48

SNOWFALL (IN)
  TODAY            0.0          MM      MM   0.0    0.0      0.0
  MONTH TO DATE    0.0                       0.0    0.0      0.0
  SINCE JUN 1      0.0                       0.0    0.0      0.0
  SINCE JUL 1      2.7                      12.5   -9.8     14.9
  SNOW DEPTH       0

DEGREE DAYS
 HEATING
  TODAY            0                         0      0        0
  MONTH TO DATE    0                         1     -1        0
  SINCE JUN 1      0                         1     -1        0
  SINCE JUL 1   3087                      4093  -1006     3252

 COOLING
  TODAY           14                        11      3       17
  MONTH TO DATE  172                       147     25      197
  SINCE JUN 1    172                       147     25      197
  SINCE JAN 1    464                       321    143      390
..................................................................


WIND (MPH)
  HIGHEST WIND SPEED    14   HIGHEST WIND DIRECTION    SE (150)
  HIGHEST GUST SPEED    17   HIGHEST GUST DIRECTION    SE (150)
  AVERAGE WIND SPEED     4.1


SKY COVER
  POSSIBLE SUNSHINE  MM
  AVERAGE SKY COVER 0.6


WEATHER CONDITIONS
 THE FOLLOWING WEATHER WAS RECORDED TODAY.
  FOG
  HAZE


RELATIVE HUMIDITY (PERCENT)
 HIGHEST    97           600 AM
 LOWEST     51           300 PM
 AVERAGE    74

..........................................................


THE LOUISVILLE KY CLIMATE NORMALS FOR TOMORROW
                         NORMAL    RECORD    YEAR
 MAXIMUM TEMPERATURE (F)   86        98      1913
 MINIMUM TEMPERATURE (F)   67        49      1961


SUNRISE AND SUNSET
JUNE 16 2017..........SUNRISE   619 AM EDT   SUNSET   908 PM EDT
JUNE 17 2017..........SUNRISE   619 AM EDT   SUNSET   909 PM EDT


-  INDICATES NEGATIVE NUMBERS.
R  INDICATES RECORD WAS SET OR TIED.
MM INDICATES DATA IS MISSING.
T  INDICATES TRACE AMOUNT.




$$
