000
CDUS43 KLMK 192136
CLISDF


CLIMATE REPORT
NATIONAL WEATHER SERVICE LOUISVILLE KY
436 PM EST SAT NOV 19 2016


...................................

...THE LOUISVILLE KY CLIMATE SUMMARY FOR NOVEMBER 19 2016...
VALID TODAY AS OF 0400 PM LOCAL TIME.

CLIMATE NORMAL PERIOD 1981 TO 2010
CLIMATE RECORD PERIOD 1871 TO 2016


WEATHER ITEM   OBSERVED TIME   RECORD YEAR NORMAL DEPARTURE LAST
                VALUE   (LST)  VALUE       VALUE  FROM      YEAR
                                                  NORMAL
..................................................................
TEMPERATURE (F)
 TODAY
  MAXIMUM         55   1209 AM  78    1930  56     -1       61
  MINIMUM         42    916 AM  10    1880  38      4       42
  AVERAGE         49                        47      2       52

PRECIPITATION (IN)
  TODAY            0.22          1.62 1988   0.13   0.09     0.00
  MONTH TO DATE    0.47                      2.17  -1.70     3.98
  SINCE SEP 1      3.40                      8.44  -5.04    11.28
  SINCE JAN 1     37.07                     39.66  -2.59    54.34

SNOWFALL (IN)
  TODAY           MM             0.9  1961   0.0   MM        0.0
  MONTH TO DATE    0.0                       0.0    0.0      0.0
  SINCE SEP 1      0.0                       0.1   -0.1      0.0
  SINCE JUL 1      0.0                       0.1   -0.1      0.0
  SNOW DEPTH       0

DEGREE DAYS
 HEATING
  TODAY           16                        18     -2       13
  MONTH TO DATE  172                       269    -97      182
  SINCE SEP 1    257                       511   -254      340
  SINCE JUL 1    257                       511   -254      340

 COOLING
  TODAY            0                         0      0        0
  MONTH TO DATE   19                         0     19        9
  SINCE SEP 1    474                       252    222      333
  SINCE JAN 1   2082                      1609    473     1787
..................................................................


WIND (MPH)
  HIGHEST WIND SPEED    28   HIGHEST WIND DIRECTION     W (290)
  HIGHEST GUST SPEED    36   HIGHEST GUST DIRECTION    NW (310)
  AVERAGE WIND SPEED    18.1


SKY COVER
  POSSIBLE SUNSHINE  MM
  AVERAGE SKY COVER 0.8


WEATHER CONDITIONS
 THE FOLLOWING WEATHER WAS RECORDED TODAY.
  RAIN
  LIGHT RAIN
  FOG


RELATIVE HUMIDITY (PERCENT)
 HIGHEST    82           200 AM
 LOWEST     38           300 PM
 AVERAGE    60

..........................................................


THE LOUISVILLE KY CLIMATE NORMALS FOR TOMORROW
                         NORMAL    RECORD    YEAR
 MAXIMUM TEMPERATURE (F)   56        78      1906
 MINIMUM TEMPERATURE (F)   38        10      1914


SUNRISE AND SUNSET
NOVEMBER 19 2016......SUNRISE   729 AM EST   SUNSET   528 PM EST
NOVEMBER 20 2016......SUNRISE   730 AM EST   SUNSET   527 PM EST


-  INDICATES NEGATIVE NUMBERS.
R  INDICATES RECORD WAS SET OR TIED.
MM INDICATES DATA IS MISSING.
T  INDICATES TRACE AMOUNT.




$$
