000
CDUS43 KLMK 010627
CLISDF


CLIMATE REPORT
NATIONAL WEATHER SERVICE LOUISVILLE KY
126 AM EST MON FEB 1 2016


...................................

...THE LOUISVILLE KY CLIMATE SUMMARY FOR JANUARY 31 2016...

CLIMATE NORMAL PERIOD 1981 TO 2010
CLIMATE RECORD PERIOD 1871 TO 2016


WEATHER ITEM   OBSERVED TIME   RECORD YEAR NORMAL DEPARTURE LAST
                VALUE   (LST)  VALUE       VALUE  FROM      YEAR
                                                  NORMAL
..................................................................
TEMPERATURE (F)
 YESTERDAY
  MAXIMUM         69R   428 PM  67    1989  44     25       43
  MINIMUM         54    513 AM  -7    1936  27     27       21
  AVERAGE         62                        36     26       32

PRECIPITATION (IN)
  YESTERDAY        0.02          1.90 1891   0.11  -0.09     0.00
  MONTH TO DATE    1.01                      3.24  -2.23     0.87
  SINCE DEC 1      7.59                      7.07   0.52     4.44
  SINCE JAN 1      1.01                      3.24  -2.23     0.87

SNOWFALL (IN)
  YESTERDAY        0.0           2.8  1951   0.2   -0.2      0.0
  MONTH TO DATE    8.2                       3.7    4.5      1.1
  SINCE DEC 1      8.2                       6.3    1.9      1.1
  SINCE JUL 1      8.2                       6.5    1.7      4.8
  SNOW DEPTH       0

DEGREE DAYS
 HEATING
  YESTERDAY        3                        29    -26       33
  MONTH TO DATE  934                       927      7      960
  SINCE DEC 1   1392                      1774   -382     1696
  SINCE JUL 1   1916                      2509   -593     2582

 COOLING
  YESTERDAY        0                         0      0        0
  MONTH TO DATE    0                         0      0        0
  SINCE DEC 1      3                         1      2        0
  SINCE JAN 1      0                         0      0        0
..................................................................


WIND (MPH)
  HIGHEST WIND SPEED    26   HIGHEST WIND DIRECTION     S (200)
  HIGHEST GUST SPEED    35   HIGHEST GUST DIRECTION     S (200)
  AVERAGE WIND SPEED    13.3


SKY COVER
  POSSIBLE SUNSHINE  MM
  AVERAGE SKY COVER 0.8


WEATHER CONDITIONS
 THE FOLLOWING WEATHER WAS RECORDED YESTERDAY.
  NO SIGNIFICANT WEATHER WAS OBSERVED.


RELATIVE HUMIDITY (PERCENT)
 HIGHEST    72          1000 PM
 LOWEST     45           500 PM
 AVERAGE    59

..........................................................


THE LOUISVILLE KY CLIMATE NORMALS FOR TODAY
                         NORMAL    RECORD    YEAR
 MAXIMUM TEMPERATURE (F)   44        71      1911
 MINIMUM TEMPERATURE (F)   27        -2      1951


SUNRISE AND SUNSET
FEBRUARY  1 2016......SUNRISE   748 AM EST   SUNSET   605 PM EST
FEBRUARY  2 2016......SUNRISE   747 AM EST   SUNSET   606 PM EST


-  INDICATES NEGATIVE NUMBERS.
R  INDICATES RECORD WAS SET OR TIED.
MM INDICATES DATA IS MISSING.
T  INDICATES TRACE AMOUNT.




$$
