547
CDUS43 KLMK 222035
CLISDF


CLIMATE REPORT
NATIONAL WEATHER SERVICE LOUISVILLE KY
435 PM EDT SUN MAY 22 2016


...................................

...THE LOUISVILLE KY CLIMATE SUMMARY FOR MAY 22 2016...
VALID TODAY AS OF 0400 PM LOCAL TIME.

CLIMATE NORMAL PERIOD 1981 TO 2010
CLIMATE RECORD PERIOD 1871 TO 2016


WEATHER ITEM   OBSERVED TIME   RECORD YEAR NORMAL DEPARTURE LAST
                VALUE   (LST)  VALUE       VALUE  FROM      YEAR
                                                  NORMAL
..................................................................
TEMPERATURE (F)
 TODAY
  MAXIMUM         80    259 PM  94    1941  79      1       77
  MINIMUM         50    500 AM  36    2002  59     -9       48
  AVERAGE         65                        69     -4       63

PRECIPITATION (IN)
  TODAY            0.00          1.99 1957   0.16  -0.16     0.00
  MONTH TO DATE    4.08                      3.82   0.26     1.54
  SINCE MAR 1     12.76                     12.00   0.76    20.18
  SINCE JAN 1     18.58                     18.42   0.16    23.28

SNOWFALL (IN)
  TODAY            0.0          MM      MM   0.0    0.0      0.0
  MONTH TO DATE    0.0                       0.0    0.0      0.0
  SINCE MAR 1      0.5                       1.5   -1.0     11.9
  SINCE JUL 1     14.9                      12.5    2.4     27.6
  SNOW DEPTH       0

DEGREE DAYS
 HEATING
  TODAY            0                         1     -1        2
  MONTH TO DATE   91                        59     32       24
  SINCE MAR 1    630                       843   -213      767
  SINCE JUL 1   3252                      4084   -832     4387

 COOLING
  TODAY            0                         5     -5        0
  MONTH TO DATE   38                        74    -36      133
  SINCE MAR 1    101                       117    -16      175
  SINCE JAN 1    101                       117    -16      175
..................................................................


WIND (MPH)
  HIGHEST WIND SPEED    20   HIGHEST WIND DIRECTION    NW (310)
  HIGHEST GUST SPEED    27   HIGHEST GUST DIRECTION     W (280)
  AVERAGE WIND SPEED     4.6


SKY COVER
  POSSIBLE SUNSHINE  MM
  AVERAGE SKY COVER 0.1


WEATHER CONDITIONS
 THE FOLLOWING WEATHER WAS RECORDED TODAY.
  FOG
  HAZE


RELATIVE HUMIDITY (PERCENT)
 HIGHEST    93           500 AM
 LOWEST     28           100 PM
 AVERAGE    61

..........................................................


THE LOUISVILLE KY CLIMATE NORMALS FOR TOMORROW
                         NORMAL    RECORD    YEAR
 MAXIMUM TEMPERATURE (F)   79        93      1921
 MINIMUM TEMPERATURE (F)   59        40      1963
                                             1917


SUNRISE AND SUNSET
MAY 22 2016...........SUNRISE   626 AM EDT   SUNSET   853 PM EDT
MAY 23 2016...........SUNRISE   626 AM EDT   SUNSET   854 PM EDT


-  INDICATES NEGATIVE NUMBERS.
R  INDICATES RECORD WAS SET OR TIED.
MM INDICATES DATA IS MISSING.
T  INDICATES TRACE AMOUNT.




$$
