000
CDUS43 KLMK 252030
CLISDF


CLIMATE REPORT
NATIONAL WEATHER SERVICE LOUISVILLE KY
430 PM EDT MON MAY 25 2015


...................................

...THE LOUISVILLE KY CLIMATE SUMMARY FOR MAY 25 2015...
VALID TODAY AS OF 0400 PM LOCAL TIME.

CLIMATE NORMAL PERIOD 1981 TO 2010
CLIMATE RECORD PERIOD 1871 TO 2015


WEATHER ITEM   OBSERVED TIME   RECORD YEAR NORMAL DEPARTURE LAST
                VALUE   (LST)  VALUE       VALUE  FROM      YEAR
                                                  NORMAL
..................................................................
TEMPERATURE (F)
 TODAY
  MAXIMUM         77    141 AM  94    1911  79     -2       77
  MINIMUM         67    805 AM  35    1925  60      7       62
  AVERAGE         72                        70      2       70

PRECIPITATION (IN)
  TODAY            0.33          1.52 1927   0.16   0.17     0.00
  MONTH TO DATE    1.87                      4.30  -2.43     3.65
  SINCE MAR 1     20.51                     12.48   8.03    12.96
  SINCE JAN 1     23.61                     18.90   4.71    19.12

SNOWFALL (IN)
  TODAY            0.0          MM      MM   0.0    0.0      0.0
  MONTH TO DATE    0.0                       0.0    0.0      0.0
  SINCE MAR 1     11.9                       1.5   10.4      4.2
  SINCE JUL 1     27.6                      12.5   15.1     26.0
  SNOW DEPTH       0

DEGREE DAYS
 HEATING
  TODAY            0                         1     -1        0
  MONTH TO DATE   24                        62    -38       69
  SINCE MAR 1    767                       846    -79      893
  SINCE JUL 1   4387                      4087    300     4547

 COOLING
  TODAY            7                         6      1        5
  MONTH TO DATE  152                        91     61      129
  SINCE MAR 1    194                       134     60      160
  SINCE JAN 1    194                       134     60      160
..................................................................


WIND (MPH)
  HIGHEST WIND SPEED    20   HIGHEST WIND DIRECTION     S (190)
  HIGHEST GUST SPEED    30   HIGHEST GUST DIRECTION     S (190)
  AVERAGE WIND SPEED    12.1


SKY COVER
  POSSIBLE SUNSHINE  MM
  AVERAGE SKY COVER 0.9


WEATHER CONDITIONS
 THE FOLLOWING WEATHER WAS RECORDED TODAY.
  HEAVY RAIN
  RAIN
  LIGHT RAIN
  FOG


RELATIVE HUMIDITY (PERCENT)
 HIGHEST    93           700 AM
 LOWEST     50          1200 AM
 AVERAGE    72

..........................................................


THE LOUISVILLE KY CLIMATE NORMALS FOR TOMORROW
                         NORMAL    RECORD    YEAR
 MAXIMUM TEMPERATURE (F)   80        96      1911
 MINIMUM TEMPERATURE (F)   60        40      1979
                                             1925


SUNRISE AND SUNSET
MAY 25 2015...........SUNRISE   625 AM EDT   SUNSET   855 PM EDT
MAY 26 2015...........SUNRISE   624 AM EDT   SUNSET   856 PM EDT


-  INDICATES NEGATIVE NUMBERS.
R  INDICATES RECORD WAS SET OR TIED.
MM INDICATES DATA IS MISSING.
T  INDICATES TRACE AMOUNT.




$$
