000
CDUS43 KLMK 110627
CLISDF


CLIMATE REPORT
NATIONAL WEATHER SERVICE LOUISVILLE KY
127 AM EST SAT FEB 11 2017


...................................

...THE LOUISVILLE KY CLIMATE SUMMARY FOR FEBRUARY 10 2017...

CLIMATE NORMAL PERIOD 1981 TO 2010
CLIMATE RECORD PERIOD 1871 TO 2017


WEATHER ITEM   OBSERVED TIME   RECORD YEAR NORMAL DEPARTURE LAST
                VALUE   (LST)  VALUE       VALUE  FROM      YEAR
                                                  NORMAL
..................................................................
TEMPERATURE (F)
 YESTERDAY
  MAXIMUM         59    441 PM  78    1932  46     13       24
                                      1887
  MINIMUM         23    601 AM -10    1899  29     -6       16
  AVERAGE         41                        38      3       20

PRECIPITATION (IN)
  YESTERDAY        0.00          1.68 1966   0.11  -0.11     0.02
  MONTH TO DATE    0.62                      1.14  -0.52     1.86
  SINCE DEC 1     10.13                      8.21   1.92     9.45
  SINCE JAN 1      4.83                      4.38   0.45     2.87

SNOWFALL (IN)
  YESTERDAY        0.0           5.3  1964   0.2   -0.2      0.7
  MONTH TO DATE    T                         1.8   -1.8      3.2
  SINCE DEC 1      2.7                       8.1   -5.4     11.4
  SINCE JUL 1      2.7                       8.3   -5.6     11.4
  SNOW DEPTH       0

DEGREE DAYS
 HEATING
  YESTERDAY       24                        27     -3       45
  MONTH TO DATE  239                       283    -44      257
  SINCE DEC 1   1791                      2057   -266     1649
  SINCE JUL 1   2258                      2792   -534     2173

 COOLING
  YESTERDAY        0                         0      0        0
  MONTH TO DATE    0                         0      0        0
  SINCE DEC 1      1                         1      0        3
  SINCE JAN 1      0                         0      0        0
..................................................................


WIND (MPH)
  HIGHEST WIND SPEED    23   HIGHEST WIND DIRECTION    SW (220)
  HIGHEST GUST SPEED    31   HIGHEST GUST DIRECTION     S (200)
  AVERAGE WIND SPEED    11.4


SKY COVER
  POSSIBLE SUNSHINE  MM
  AVERAGE SKY COVER 0.7


WEATHER CONDITIONS
 THE FOLLOWING WEATHER WAS RECORDED YESTERDAY.
  NO SIGNIFICANT WEATHER WAS OBSERVED.


RELATIVE HUMIDITY (PERCENT)
 HIGHEST    65           200 AM
 LOWEST     24           200 PM
 AVERAGE    45

..........................................................


THE LOUISVILLE KY CLIMATE NORMALS FOR TODAY
                         NORMAL    RECORD    YEAR
 MAXIMUM TEMPERATURE (F)   47        74      1999
 MINIMUM TEMPERATURE (F)   29        -1      1885


SUNRISE AND SUNSET
FEBRUARY 11 2017......SUNRISE   737 AM EST   SUNSET   617 PM EST
FEBRUARY 12 2017......SUNRISE   736 AM EST   SUNSET   618 PM EST


-  INDICATES NEGATIVE NUMBERS.
R  INDICATES RECORD WAS SET OR TIED.
MM INDICATES DATA IS MISSING.
T  INDICATES TRACE AMOUNT.




$$
