000
CDUS43 KLMK 112129
CLISDF


CLIMATE REPORT
NATIONAL WEATHER SERVICE LOUISVILLE KY
429 PM EST THU JAN 11 2018


...................................

...THE LOUISVILLE KY CLIMATE SUMMARY FOR JANUARY 11 2018...
VALID TODAY AS OF 0400 PM LOCAL TIME.

CLIMATE NORMAL PERIOD 1981 TO 2010
CLIMATE RECORD PERIOD 1871 TO 2018


WEATHER ITEM   OBSERVED TIME   RECORD YEAR NORMAL DEPARTURE LAST
                VALUE   (LST)  VALUE       VALUE  FROM      YEAR
                                                  NORMAL
..................................................................
TEMPERATURE (F)
 TODAY
  MAXIMUM         66    423 PM  69    1890  43     23       66
  MINIMUM         55   1028 AM  -8    1977  27     28       36
                                      1886
  AVERAGE         61                        35     26       51

PRECIPITATION (IN)
  TODAY            0.25          1.90 1913   0.11   0.14     0.37
  MONTH TO DATE    0.45                      1.17  -0.72     1.32
  SINCE DEC 1      3.18                      5.00  -1.82     6.62
  SINCE JAN 1      0.45                      1.17  -0.72     1.32

SNOWFALL (IN)
  TODAY            0.0           8.2  1912   0.1   -0.1      0.0
  MONTH TO DATE    0.1                       1.2   -1.1      2.3
  SINCE DEC 1      0.3                       3.8   -3.5      2.4
  SINCE JUL 1      0.3                       4.0   -3.7      2.4
  SNOW DEPTH       0

DEGREE DAYS
 HEATING
  TODAY            4                        30    -26       14
  MONTH TO DATE  408                       330     78      334
  SINCE DEC 1   1271                      1171    100     1165
  SINCE JUL 1   1937                      1906     31     1632

 COOLING
  TODAY            0                         0      0        0
  MONTH TO DATE    0                         0      0        0
  SINCE DEC 1      0                         1     -1        1
  SINCE JAN 1      0                         0      0        0
..................................................................


WIND (MPH)
  HIGHEST WIND SPEED    21   HIGHEST WIND DIRECTION     S (170)
  HIGHEST GUST SPEED    30   HIGHEST GUST DIRECTION     S (170)
  AVERAGE WIND SPEED     9.5


SKY COVER
  POSSIBLE SUNSHINE  MM
  AVERAGE SKY COVER 1.0


WEATHER CONDITIONS
 THE FOLLOWING WEATHER WAS RECORDED TODAY.
  LIGHT RAIN
  FOG


RELATIVE HUMIDITY (PERCENT)
 HIGHEST    93           800 AM
 LOWEST     65          1200 AM
 AVERAGE    79

..........................................................


THE LOUISVILLE KY CLIMATE NORMALS FOR TOMORROW
                         NORMAL    RECORD    YEAR
 MAXIMUM TEMPERATURE (F)   43        72      1916
                                             1890
 MINIMUM TEMPERATURE (F)   27       -15      1918


SUNRISE AND SUNSET
JANUARY 11 2018.......SUNRISE   759 AM EST   SUNSET   543 PM EST
JANUARY 12 2018.......SUNRISE   759 AM EST   SUNSET   544 PM EST


-  INDICATES NEGATIVE NUMBERS.
R  INDICATES RECORD WAS SET OR TIED.
MM INDICATES DATA IS MISSING.
T  INDICATES TRACE AMOUNT.




$$
