000
CDUS43 KLMK 090628
CLISDF


CLIMATE REPORT
NATIONAL WEATHER SERVICE LOUISVILLE KY
227 AM EDT WED APR 9 2014


...................................

...THE LOUISVILLE KY CLIMATE SUMMARY FOR APRIL 8 2014...

CLIMATE NORMAL PERIOD 1981 TO 2010
CLIMATE RECORD PERIOD 1871 TO 2014


WEATHER ITEM   OBSERVED TIME   RECORD YEAR NORMAL DEPARTURE LAST
                VALUE   (LST)  VALUE       VALUE  FROM      YEAR
                                                  NORMAL
..................................................................
TEMPERATURE (F)
 YESTERDAY
  MAXIMUM         63    240 PM  85    2011  67     -4       75
  MINIMUM         44    656 AM  24    1972  45     -1       56
  AVERAGE         54                        56     -2       66

PRECIPITATION (IN)
  YESTERDAY        0.03          2.40 1942   0.13  -0.10      T
  MONTH TO DATE    3.75                      0.99   2.76      T
  SINCE MAR 1      6.05                      5.16   0.89     4.25
  SINCE JAN 1     12.21                     11.58   0.63    11.27

SNOWFALL (IN)
  YESTERDAY        0.0           3.2  1917   0.0    0.0      0.0
  MONTH TO DATE    0.0                       0.1   -0.1      0.0
  SINCE MAR 1      4.1                       1.5    2.6      1.7
  SINCE JUL 1     25.9                      12.5   13.4      9.8
  SNOW DEPTH       0

DEGREE DAYS
 HEATING
  YESTERDAY       11                        10      1        0
  MONTH TO DATE   75                        89    -14      103
  SINCE MAR 1    723                       627     96      838
  SINCE JUL 1   4377                      3868    509     3920

 COOLING
  YESTERDAY        0                         1     -1        1
  MONTH TO DATE    3                         8     -5        4
  SINCE MAR 1      3                        14    -11        4
  SINCE JAN 1      3                        14    -11        4
..................................................................


WIND (MPH)
  HIGHEST WIND SPEED    18   HIGHEST WIND DIRECTION     N (10)
  HIGHEST GUST SPEED    22   HIGHEST GUST DIRECTION     N (10)
  AVERAGE WIND SPEED     7.4


SKY COVER
  POSSIBLE SUNSHINE  MM
  AVERAGE SKY COVER 0.8


WEATHER CONDITIONS
 THE FOLLOWING WEATHER WAS RECORDED YESTERDAY.
  LIGHT RAIN
  FOG


RELATIVE HUMIDITY (PERCENT)
 HIGHEST    92           500 AM
 LOWEST     55           300 PM
 AVERAGE    74

..........................................................


THE LOUISVILLE KY CLIMATE NORMALS FOR TODAY
                         NORMAL    RECORD    YEAR
 MAXIMUM TEMPERATURE (F)   67        86      1978
 MINIMUM TEMPERATURE (F)   45        23      1997


SUNRISE AND SUNSET
APRIL  9 2014.........SUNRISE   716 AM EDT   SUNSET   814 PM EDT
APRIL 10 2014.........SUNRISE   715 AM EDT   SUNSET   814 PM EDT


-  INDICATES NEGATIVE NUMBERS.
R  INDICATES RECORD WAS SET OR TIED.
MM INDICATES DATA IS MISSING.
T  INDICATES TRACE AMOUNT.




$$
