000
CDUS43 KLMK 100635
CLISDF


CLIMATE REPORT
NATIONAL WEATHER SERVICE LOUISVILLE KY
234 AM EDT MON APR 10 2017


...................................

...THE LOUISVILLE KY CLIMATE SUMMARY FOR APRIL 9 2017...

CLIMATE NORMAL PERIOD 1981 TO 2010
CLIMATE RECORD PERIOD 1871 TO 2017


WEATHER ITEM   OBSERVED TIME   RECORD YEAR NORMAL DEPARTURE LAST
                VALUE   (LST)  VALUE       VALUE  FROM      YEAR
                                                  NORMAL
..................................................................
TEMPERATURE (F)
 YESTERDAY
  MAXIMUM         80    406 PM  86    1978  67     13       49
  MINIMUM         48    619 AM  23    1997  45      3       33
  AVERAGE         64                        56      8       41

PRECIPITATION (IN)
  YESTERDAY        0.00          1.38 1894   0.13  -0.13     0.00
  MONTH TO DATE    0.42                      1.12  -0.70     0.12
  SINCE MAR 1      4.10                      5.29  -1.19     5.62
  SINCE JAN 1     10.37                     11.71  -1.34    11.44

SNOWFALL (IN)
  YESTERDAY        0.0           0.3  1973   0.0    0.0      0.0
  MONTH TO DATE    0.0                       0.1   -0.1      0.0
  SINCE MAR 1      T                         1.5   -1.5      0.5
  SINCE JUL 1      2.7                      12.5   -9.8     14.9
  SNOW DEPTH       0

DEGREE DAYS
 HEATING
  YESTERDAY        1                        10     -9       24
  MONTH TO DATE   63                        99    -36      141
  SINCE MAR 1    521                       637   -116      477
  SINCE JUL 1   2986                      3878   -892     3099

 COOLING
  YESTERDAY        0                         1     -1        0
  MONTH TO DATE    6                         9     -3        0
  SINCE MAR 1     17                        15      2        7
  SINCE JAN 1     22                        15      7        7
..................................................................


WIND (MPH)
  HIGHEST WIND SPEED    25   HIGHEST WIND DIRECTION     S (180)
  HIGHEST GUST SPEED    37   HIGHEST GUST DIRECTION     S (180)
  AVERAGE WIND SPEED    12.0


SKY COVER
  POSSIBLE SUNSHINE  MM
  AVERAGE SKY COVER 0.6


WEATHER CONDITIONS
 THE FOLLOWING WEATHER WAS RECORDED YESTERDAY.
  NO SIGNIFICANT WEATHER WAS OBSERVED.


RELATIVE HUMIDITY (PERCENT)
 HIGHEST    46           500 AM
 LOWEST     21          1200 PM
 AVERAGE    34

..........................................................


THE LOUISVILLE KY CLIMATE NORMALS FOR TODAY
                         NORMAL    RECORD    YEAR
 MAXIMUM TEMPERATURE (F)   67        90      2011
 MINIMUM TEMPERATURE (F)   46        27      1985
                                             1918


SUNRISE AND SUNSET
APRIL 10 2017.........SUNRISE   714 AM EDT   SUNSET   815 PM EDT
APRIL 11 2017.........SUNRISE   713 AM EDT   SUNSET   816 PM EDT


-  INDICATES NEGATIVE NUMBERS.
R  INDICATES RECORD WAS SET OR TIED.
MM INDICATES DATA IS MISSING.
T  INDICATES TRACE AMOUNT.

$$

SCHOETTMER
