000
CDUS43 KLMK 100637
CLISDF


CLIMATE REPORT
NATIONAL WEATHER SERVICE LOUISVILLE KY
236 AM EDT MON JUL 10 2017


...................................

...THE LOUISVILLE KY CLIMATE SUMMARY FOR JULY 9 2017...

CLIMATE NORMAL PERIOD 1981 TO 2010
CLIMATE RECORD PERIOD 1871 TO 2017


WEATHER ITEM   OBSERVED TIME   RECORD YEAR NORMAL DEPARTURE LAST
                VALUE   (LST)  VALUE       VALUE  FROM      YEAR
                                                  NORMAL
..................................................................
TEMPERATURE (F)
 YESTERDAY
  MAXIMUM         88    452 PM 103    1988  89     -1       85
  MINIMUM         67    602 AM  52    1961  70     -3       70
  AVERAGE         78                        79     -1       78

PRECIPITATION (IN)
  YESTERDAY        0.00          1.70 1933   0.14  -0.14     0.00
  MONTH TO DATE    1.58                      1.17   0.41     1.76
  SINCE JUN 1      4.84                      4.96  -0.12     6.01
  SINCE JAN 1     24.00                     24.83  -0.83    25.07

SNOWFALL (IN)
  YESTERDAY        0.0          MM      MM   0.0    0.0      0.0
  MONTH TO DATE    0.0                       0.0    0.0      0.0
  SINCE JUN 1      0.0                       0.0    0.0      0.0
  SINCE JUL 1      0.0                       0.0    0.0      0.0
  SNOW DEPTH       0

DEGREE DAYS
 HEATING
  YESTERDAY        0                         0      0        0
  MONTH TO DATE    0                         0      0        0
  SINCE JUN 1      0                         5     -5        0
  SINCE JUL 1      0                         0      0        0

 COOLING
  YESTERDAY       13                        14     -1       13
  MONTH TO DATE  122                       126     -4      116
  SINCE JUN 1    456                       450      6      521
  SINCE JAN 1    748                       624    124      714
..................................................................


WIND (MPH)
  HIGHEST WIND SPEED    14   HIGHEST WIND DIRECTION    SW (240)
  HIGHEST GUST SPEED    18   HIGHEST GUST DIRECTION     W (280)
  AVERAGE WIND SPEED     4.6


SKY COVER
  POSSIBLE SUNSHINE  MM
  AVERAGE SKY COVER 0.2


WEATHER CONDITIONS
 THE FOLLOWING WEATHER WAS RECORDED YESTERDAY.
  NO SIGNIFICANT WEATHER WAS OBSERVED.


RELATIVE HUMIDITY (PERCENT)
 HIGHEST    81           400 AM
 LOWEST     42           200 PM
 AVERAGE    62

..........................................................


THE LOUISVILLE KY CLIMATE NORMALS FOR TODAY
                         NORMAL    RECORD    YEAR
 MAXIMUM TEMPERATURE (F)   89       104      1936
 MINIMUM TEMPERATURE (F)   70        52      1961


SUNRISE AND SUNSET
JULY 10 2017..........SUNRISE   629 AM EDT   SUNSET   908 PM EDT
JULY 11 2017..........SUNRISE   629 AM EDT   SUNSET   907 PM EDT


-  INDICATES NEGATIVE NUMBERS.
R  INDICATES RECORD WAS SET OR TIED.
MM INDICATES DATA IS MISSING.
T  INDICATES TRACE AMOUNT.




$$
