000
CDUS43 KLMK 092029
CLISDF


CLIMATE REPORT
NATIONAL WEATHER SERVICE LOUISVILLE KY
429 PM EDT TUE MAY 9 2017


...................................

...THE LOUISVILLE KY CLIMATE SUMMARY FOR MAY 9 2017...
VALID TODAY AS OF 0400 PM LOCAL TIME.

CLIMATE NORMAL PERIOD 1981 TO 2010
CLIMATE RECORD PERIOD 1871 TO 2017


WEATHER ITEM   OBSERVED TIME   RECORD YEAR NORMAL DEPARTURE LAST
                VALUE   (LST)  VALUE       VALUE  FROM      YEAR
                                                  NORMAL
..................................................................
TEMPERATURE (F)
 TODAY
  MAXIMUM         85    234 PM  93    1896  75     10       72
  MINIMUM         57    633 AM  33    1947  55      2       60
                                      1923
  AVERAGE         71                        65      6       66

PRECIPITATION (IN)
  TODAY            0.00          2.23 1950   0.18  -0.18      T
  MONTH TO DATE    2.27                      1.58   0.69     0.90
  SINCE MAR 1     10.42                      9.76   0.66     9.58
  SINCE JAN 1     16.69                     16.18   0.51    15.40

SNOWFALL (IN)
  TODAY            0.0           T    1923   0.0    0.0      0.0
  MONTH TO DATE    0.0                       0.0    0.0      0.0
  SINCE MAR 1      T                         1.5   -1.5      0.5
  SINCE JUL 1      2.7                      12.5   -9.8     14.9
  SNOW DEPTH       0

DEGREE DAYS
 HEATING
  TODAY            0                         3     -3        0
  MONTH TO DATE   64                        31     33       31
  SINCE MAR 1    612                       815   -203      570
  SINCE JUL 1   3077                      4056   -979     3192

 COOLING
  TODAY            6                         3      3        1
  MONTH TO DATE    6                        21    -15       17
  SINCE MAR 1    124                        64     60       80
  SINCE JAN 1    129                        64     65       80
..................................................................


WIND (MPH)
  HIGHEST WIND SPEED    23   HIGHEST WIND DIRECTION     W (250)
  HIGHEST GUST SPEED    29   HIGHEST GUST DIRECTION     W (250)
  AVERAGE WIND SPEED     5.8


SKY COVER
  POSSIBLE SUNSHINE  MM
  AVERAGE SKY COVER 0.9


WEATHER CONDITIONS
 THE FOLLOWING WEATHER WAS RECORDED TODAY.
  NO SIGNIFICANT WEATHER WAS OBSERVED.


RELATIVE HUMIDITY (PERCENT)
 HIGHEST    80           700 AM
 LOWEST     44           200 PM
 AVERAGE    62

..........................................................


THE LOUISVILLE KY CLIMATE NORMALS FOR TOMORROW
                         NORMAL    RECORD    YEAR
 MAXIMUM TEMPERATURE (F)   76        94      1896
 MINIMUM TEMPERATURE (F)   55        31      1966


SUNRISE AND SUNSET
MAY  9 2017...........SUNRISE   637 AM EDT   SUNSET   842 PM EDT
MAY 10 2017...........SUNRISE   636 AM EDT   SUNSET   843 PM EDT


-  INDICATES NEGATIVE NUMBERS.
R  INDICATES RECORD WAS SET OR TIED.
MM INDICATES DATA IS MISSING.
T  INDICATES TRACE AMOUNT.




$$
