000
CDUS43 KLMK 220628
CLISDF


CLIMATE REPORT
NATIONAL WEATHER SERVICE LOUISVILLE KY
128 AM EST SUN FEB 22 2015


...................................

...THE LOUISVILLE KY CLIMATE SUMMARY FOR FEBRUARY 21 2015...

CLIMATE NORMAL PERIOD 1981 TO 2010
CLIMATE RECORD PERIOD 1871 TO 2015


WEATHER ITEM   OBSERVED TIME   RECORD YEAR NORMAL DEPARTURE LAST
                VALUE   (LST)  VALUE       VALUE  FROM      YEAR
                                                  NORMAL
..................................................................
TEMPERATURE (F)
 YESTERDAY
  MAXIMUM         38   1225 PM  70    1930  50    -12       51
                                      1922
  MINIMUM         24   1200 AM   3    1963  31     -7       40
  AVERAGE         31                        40     -9       46

PRECIPITATION (IN)
  YESTERDAY        0.93          1.58 1971   0.11   0.82     0.00
  MONTH TO DATE    2.23                      2.37  -0.14     3.68
  SINCE DEC 1      6.67                      9.44  -2.77    11.52
  SINCE JAN 1      3.10                      5.61  -2.51     6.09

SNOWFALL (IN)
  YESTERDAY        0.5           5.5  1948   0.1    0.4      0.0
  MONTH TO DATE   10.9                       3.6    7.3      7.1
  SINCE DEC 1     12.0                       9.9    2.1     20.7
  SINCE JUL 1     15.7                      10.1    5.6     21.2
  SNOW DEPTH       3

DEGREE DAYS
 HEATING
  YESTERDAY       34                        25      9       19
  MONTH TO DATE  756                       568    188      672
  SINCE DEC 1   2452                      2342    110     2602
  SINCE JUL 1   3338                      3077    261     3432

 COOLING
  YESTERDAY        0                         0      0        0
  MONTH TO DATE    0                         0      0        0
  SINCE DEC 1      0                         1     -1        0
  SINCE JAN 1      0                         0      0        0
..................................................................


WIND (MPH)
  HIGHEST WIND SPEED    16   HIGHEST WIND DIRECTION     N (360)
  HIGHEST GUST SPEED    19   HIGHEST GUST DIRECTION     N (350)
  AVERAGE WIND SPEED     7.4


SKY COVER
  POSSIBLE SUNSHINE  MM
  AVERAGE SKY COVER 0.9


WEATHER CONDITIONS
 THE FOLLOWING WEATHER WAS RECORDED YESTERDAY.
  RAIN
  LIGHT RAIN
  LT FREEZING RAIN
  LIGHT SNOW
  SLEET
  FOG


RELATIVE HUMIDITY (PERCENT)
 HIGHEST    96           800 AM
 LOWEST     82          1100 PM
 AVERAGE    89

..........................................................


THE LOUISVILLE KY CLIMATE NORMALS FOR TODAY
                         NORMAL    RECORD    YEAR
 MAXIMUM TEMPERATURE (F)   50        71      1992
                                             1922
 MINIMUM TEMPERATURE (F)   32        -2      1963


SUNRISE AND SUNSET
FEBRUARY 22 2015......SUNRISE   725 AM EST   SUNSET   629 PM EST
FEBRUARY 23 2015......SUNRISE   723 AM EST   SUNSET   630 PM EST


-  INDICATES NEGATIVE NUMBERS.
R  INDICATES RECORD WAS SET OR TIED.
MM INDICATES DATA IS MISSING.
T  INDICATES TRACE AMOUNT.




$$
