000
CDUS43 KLMK 152031
CLISDF


CLIMATE REPORT
NATIONAL WEATHER SERVICE LOUISVILLE KY
429 PM EDT SUN MAY 15 2016


...................................

...THE LOUISVILLE KY CLIMATE SUMMARY FOR MAY 15 2016...
VALID TODAY AS OF 0400 PM LOCAL TIME.

CLIMATE NORMAL PERIOD 1981 TO 2010
CLIMATE RECORD PERIOD 1871 TO 2016


WEATHER ITEM   OBSERVED TIME   RECORD YEAR NORMAL DEPARTURE LAST
                VALUE   (LST)  VALUE       VALUE  FROM      YEAR
                                                  NORMAL
..................................................................
TEMPERATURE (F)
 TODAY
  MAXIMUM         66    310 PM  92    1900  77    -11       87
  MINIMUM         44    547 AM  38    1888  57    -13       66
  AVERAGE         55                        67    -12       77

PRECIPITATION (IN)
  TODAY            0.00          1.98 1983   0.18  -0.18      T
  MONTH TO DATE    2.57                      2.66  -0.09     1.13
  SINCE MAR 1     11.25                     10.84   0.41    19.77
  SINCE JAN 1     17.07                     17.26  -0.19    22.87

SNOWFALL (IN)
  TODAY            0.0          MM      MM   0.0    0.0      0.0
  MONTH TO DATE    0.0                       0.0    0.0      0.0
  SINCE MAR 1      0.5                       1.5   -1.0     11.9
  SINCE JUL 1     14.9                      12.5    2.4     27.6
  SNOW DEPTH       0

DEGREE DAYS
 HEATING
  TODAY           10                         2      8        0
  MONTH TO DATE   52                        46      6        9
  SINCE MAR 1    591                       830   -239      752
  SINCE JUL 1   3213                      4071   -858     4372

 COOLING
  TODAY            0                         4     -4       12
  MONTH TO DATE   38                        42     -4      102
  SINCE MAR 1    101                        85     16      144
  SINCE JAN 1    101                        85     16      144
..................................................................


WIND (MPH)
  HIGHEST WIND SPEED    23   HIGHEST WIND DIRECTION     W (280)
  HIGHEST GUST SPEED    29   HIGHEST GUST DIRECTION     W (280)
  AVERAGE WIND SPEED    11.5


SKY COVER
  POSSIBLE SUNSHINE  MM
  AVERAGE SKY COVER 0.4


WEATHER CONDITIONS
 THE FOLLOWING WEATHER WAS RECORDED TODAY.
  NO SIGNIFICANT WEATHER WAS OBSERVED.


RELATIVE HUMIDITY (PERCENT)
 HIGHEST    76           400 AM
 LOWEST     31           200 PM
 AVERAGE    54

..........................................................


THE LOUISVILLE KY CLIMATE NORMALS FOR TOMORROW
                         NORMAL    RECORD    YEAR
 MAXIMUM TEMPERATURE (F)   77        92      1900
 MINIMUM TEMPERATURE (F)   57        35      1997


SUNRISE AND SUNSET
MAY 15 2016...........SUNRISE   632 AM EDT   SUNSET   847 PM EDT
MAY 16 2016...........SUNRISE   631 AM EDT   SUNSET   848 PM EDT


-  INDICATES NEGATIVE NUMBERS.
R  INDICATES RECORD WAS SET OR TIED.
MM INDICATES DATA IS MISSING.
T  INDICATES TRACE AMOUNT.




$$
