000
CDUS43 KLMK 060631
CLISDF


CLIMATE REPORT
NATIONAL WEATHER SERVICE LOUISVILLE KY
131 AM EST SAT FEB 6 2016


...................................

...THE LOUISVILLE KY CLIMATE SUMMARY FOR FEBRUARY 5 2016...

CLIMATE NORMAL PERIOD 1981 TO 2010
CLIMATE RECORD PERIOD 1871 TO 2016


WEATHER ITEM   OBSERVED TIME   RECORD YEAR NORMAL DEPARTURE LAST
                VALUE   (LST)  VALUE       VALUE  FROM      YEAR
                                                  NORMAL
..................................................................
TEMPERATURE (F)
 YESTERDAY
  MAXIMUM         47    408 PM  71    1927  45      2       30
  MINIMUM         23    800 AM  -4    1966  28     -5       16
                                      1917
  AVERAGE         35                        37     -2       23

PRECIPITATION (IN)
  YESTERDAY        0.00          2.38 1884   0.11  -0.11      T
  MONTH TO DATE    1.58                      0.59   0.99     0.47
  SINCE DEC 1      9.17                      7.66   1.51     4.91
  SINCE JAN 1      2.59                      3.83  -1.24     1.34

SNOWFALL (IN)
  YESTERDAY        0.0           6.4  1948   0.2   -0.2       T
  MONTH TO DATE    T                         0.9   -0.9      0.3
  SINCE DEC 1      8.2                       7.2    1.0      1.4
  SINCE JUL 1      8.2                       7.4    0.8      5.1
  SNOW DEPTH       0

DEGREE DAYS
 HEATING
  YESTERDAY       30                        28      2       42
  MONTH TO DATE   96                       144    -48      151
  SINCE DEC 1   1488                      1918   -430     1847
  SINCE JUL 1   2012                      2653   -641     2733

 COOLING
  YESTERDAY        0                         0      0        0
  MONTH TO DATE    0                         0      0        0
  SINCE DEC 1      3                         1      2        0
  SINCE JAN 1      0                         0      0        0
..................................................................


WIND (MPH)
  HIGHEST WIND SPEED    15   HIGHEST WIND DIRECTION    SW (240)
  HIGHEST GUST SPEED    21   HIGHEST GUST DIRECTION    SW (220)
  AVERAGE WIND SPEED     5.5


SKY COVER
  POSSIBLE SUNSHINE  MM
  AVERAGE SKY COVER 0.3


WEATHER CONDITIONS
 THE FOLLOWING WEATHER WAS RECORDED YESTERDAY.
  NO SIGNIFICANT WEATHER WAS OBSERVED.


RELATIVE HUMIDITY (PERCENT)
 HIGHEST    81           800 AM
 LOWEST     31           300 PM
 AVERAGE    56

..........................................................


THE LOUISVILLE KY CLIMATE NORMALS FOR TODAY
                         NORMAL    RECORD    YEAR
 MAXIMUM TEMPERATURE (F)   45        70      2008
 MINIMUM TEMPERATURE (F)   28         3      1988
                                             1906


SUNRISE AND SUNSET
FEBRUARY  6 2016......SUNRISE   744 AM EST   SUNSET   611 PM EST
FEBRUARY  7 2016......SUNRISE   743 AM EST   SUNSET   612 PM EST


-  INDICATES NEGATIVE NUMBERS.
R  INDICATES RECORD WAS SET OR TIED.
MM INDICATES DATA IS MISSING.
T  INDICATES TRACE AMOUNT.




$$
