000
CDUS43 KLMK 050627
CLISDF


CLIMATE REPORT
NATIONAL WEATHER SERVICE LOUISVILLE KY
227 AM EDT SAT APR 5 2014


...................................

...THE LOUISVILLE KY CLIMATE SUMMARY FOR APRIL 4 2014...

CLIMATE NORMAL PERIOD 1981 TO 2010
CLIMATE RECORD PERIOD 1871 TO 2014


WEATHER ITEM   OBSERVED TIME   RECORD YEAR NORMAL DEPARTURE LAST
                VALUE   (LST)  VALUE       VALUE  FROM      YEAR
                                                  NORMAL
..................................................................
TEMPERATURE (F)
 YESTERDAY
  MAXIMUM         65    229 AM  87    1934  65      0       54
  MINIMUM         45   1159 PM  27    1975  44      1       39
  AVERAGE         55                        54      1       47

PRECIPITATION (IN)
  YESTERDAY        1.32          2.14 1968   0.11   1.21     0.00
  MONTH TO DATE    2.79                      0.49   2.30     0.00
  SINCE MAR 1      5.09                      4.66   0.43     4.25
  SINCE JAN 1     11.25                     11.08   0.17    11.27

SNOWFALL (IN)
  YESTERDAY        0.0           T    2000   0.0    0.0      0.0
  MONTH TO DATE    0.0                       0.0    0.0      0.0
  SINCE MAR 1      4.1                       1.4    2.7      1.7
  SINCE JUL 1     25.9                      12.4   13.5      9.8
  SNOW DEPTH       0

DEGREE DAYS
 HEATING
  YESTERDAY       10                        11     -1       18
  MONTH TO DATE   19                        47    -28       83
  SINCE MAR 1    667                       585     82      818
  SINCE JUL 1   4321                      3826    495     3900

 COOLING
  YESTERDAY        0                         1     -1        0
  MONTH TO DATE    3                         4     -1        0
  SINCE MAR 1      3                        10     -7        0
  SINCE JAN 1      3                        10     -7        0
..................................................................


WIND (MPH)
  HIGHEST WIND SPEED    33   HIGHEST WIND DIRECTION     W (280)
  HIGHEST GUST SPEED    39   HIGHEST GUST DIRECTION    NW (320)
  AVERAGE WIND SPEED    16.2


SKY COVER
  POSSIBLE SUNSHINE  MM
  AVERAGE SKY COVER 1.0


WEATHER CONDITIONS
 THE FOLLOWING WEATHER WAS RECORDED YESTERDAY.
  THUNDERSTORM
  HEAVY RAIN
  LIGHT RAIN
  FOG


RELATIVE HUMIDITY (PERCENT)
 HIGHEST    97          1200 AM
 LOWEST     53          1100 PM
 AVERAGE    75

..........................................................


THE LOUISVILLE KY CLIMATE NORMALS FOR TODAY
                         NORMAL    RECORD    YEAR
 MAXIMUM TEMPERATURE (F)   65        87      1988
 MINIMUM TEMPERATURE (F)   44        25      1944
                                             1898


SUNRISE AND SUNSET
APRIL  5 2014.........SUNRISE   722 AM EDT   SUNSET   810 PM EDT
APRIL  6 2014.........SUNRISE   721 AM EDT   SUNSET   811 PM EDT


-  INDICATES NEGATIVE NUMBERS.
R  INDICATES RECORD WAS SET OR TIED.
MM INDICATES DATA IS MISSING.
T  INDICATES TRACE AMOUNT.




$$
