000
CDUS43 KLMK 152028
CLISDF

CLIMATE REPORT
NATIONAL WEATHER SERVICE LOUISVILLE KY
426 PM EDT FRI MAY 15 2015


...................................

...THE LOUISVILLE KY CLIMATE SUMMARY FOR MAY 15 2015...
VALID TODAY AS OF 0400 PM LOCAL TIME.

CLIMATE NORMAL PERIOD 1981 TO 2010
CLIMATE RECORD PERIOD 1871 TO 2015


WEATHER ITEM   OBSERVED TIME   RECORD YEAR NORMAL DEPARTURE LAST
                VALUE   (LST)  VALUE       VALUE  FROM      YEAR
                                                  NORMAL
..................................................................
TEMPERATURE (F)
 TODAY
  MAXIMUM         86    247 PM  92    1900  77      9       65
  MINIMUM         66    233 AM  38    1888  57      9       50
  AVERAGE         76                        67      9       58

PRECIPITATION (IN)
  TODAY            T             1.98 1983   0.18  -0.18     0.02
  MONTH TO DATE    1.13                      2.66  -1.53     2.76
  SINCE MAR 1     19.77                     10.84   8.93    12.07
  SINCE JAN 1     22.87                     17.26   5.61    18.23

SNOWFALL (IN)
  TODAY            0.0          MM      MM   0.0    0.0      0.0
  MONTH TO DATE    0.0                       0.0    0.0      0.0
  SINCE MAR 1     11.9                       1.5   10.4      4.2
  SINCE JUL 1     27.6                      12.5   15.1     26.0
  SNOW DEPTH       0

DEGREE DAYS
 HEATING
  TODAY            0                         2     -2        7
  MONTH TO DATE    9                        46    -37       33
  SINCE MAR 1    752                       830    -78      857
  SINCE JUL 1   4372                      4071    301     4511

 COOLING
  TODAY           11                         4      7        0
  MONTH TO DATE  101                        42     59       85
  SINCE MAR 1    143                        85     58      116
  SINCE JAN 1    143                        85     58      116
..................................................................


WIND (MPH)
  HIGHEST WIND SPEED    20   HIGHEST WIND DIRECTION    SW (230)
  HIGHEST GUST SPEED    34   HIGHEST GUST DIRECTION    SW (230)
  AVERAGE WIND SPEED    10.3


SKY COVER
  POSSIBLE SUNSHINE  MM
  AVERAGE SKY COVER 1.0


WEATHER CONDITIONS
 THE FOLLOWING WEATHER WAS RECORDED TODAY.
  LIGHT RAIN


RELATIVE HUMIDITY (PERCENT)
 HIGHEST    73           200 AM
 LOWEST     51           100 PM
 AVERAGE    62

..........................................................


THE LOUISVILLE KY CLIMATE NORMALS FOR TOMORROW
                         NORMAL    RECORD    YEAR
 MAXIMUM TEMPERATURE (F)   77        92      1900
 MINIMUM TEMPERATURE (F)   57        35      1997


SUNRISE AND SUNSET
MAY 15 2015...........SUNRISE   632 AM EDT   SUNSET   847 PM EDT
MAY 16 2015...........SUNRISE   632 AM EDT   SUNSET   848 PM EDT


-  INDICATES NEGATIVE NUMBERS.
R  INDICATES RECORD WAS SET OR TIED.
MM INDICATES DATA IS MISSING.
T  INDICATES TRACE AMOUNT.




$$
