000
CDUS43 KLMK 120645
CLISDF


CLIMATE REPORT
NATIONAL WEATHER SERVICE LOUISVILLE KY
245 AM EDT THU MAY 12 2016


...................................

...THE LOUISVILLE KY CLIMATE SUMMARY FOR MAY 11 2016...

CLIMATE NORMAL PERIOD 1981 TO 2010
CLIMATE RECORD PERIOD 1871 TO 2016


WEATHER ITEM   OBSERVED TIME   RECORD YEAR NORMAL DEPARTURE LAST
                VALUE   (LST)  VALUE       VALUE  FROM      YEAR
                                                  NORMAL
..................................................................
TEMPERATURE (F)
 YESTERDAY
  MAXIMUM         86    407 PM  92    1896  76     10       88
  MINIMUM         61    530 AM  37    1947  56      5       67
  AVERAGE         74                        66      8       78

PRECIPITATION (IN)
  YESTERDAY        0.69          2.31 1918   0.18   0.51     0.74
  MONTH TO DATE    2.40                      1.93   0.47     1.13
  SINCE MAR 1     11.08                     10.11   0.97    19.77
  SINCE JAN 1     16.90                     16.53   0.37    22.87

SNOWFALL (IN)
  YESTERDAY        0.0          MM      MM   0.0    0.0      0.0
  MONTH TO DATE    0.0                       0.0    0.0      0.0
  SINCE MAR 1      0.5                       1.5   -1.0     11.9
  SINCE JUL 1     14.9                      12.5    2.4     27.6
  SNOW DEPTH       0

DEGREE DAYS
 HEATING
  YESTERDAY        0                         3     -3        0
  MONTH TO DATE   31                        37     -6        6
  SINCE MAR 1    570                       821   -251      749
  SINCE JUL 1   3192                      4062   -870     4369

 COOLING
  YESTERDAY        9                         3      6       13
  MONTH TO DATE   31                        27      4       89
  SINCE MAR 1     94                        70     24      131
  SINCE JAN 1     94                        70     24      131
..................................................................


WIND (MPH)
  HIGHEST WIND SPEED    39   HIGHEST WIND DIRECTION     W (290)
  HIGHEST GUST SPEED    51   HIGHEST GUST DIRECTION     W (290)
  AVERAGE WIND SPEED     7.5


SKY COVER
  POSSIBLE SUNSHINE  MM
  AVERAGE SKY COVER 0.8


WEATHER CONDITIONS
 THE FOLLOWING WEATHER WAS RECORDED YESTERDAY.
  THUNDERSTORM
  HEAVY RAIN
  RAIN
  LIGHT RAIN
  FOG
  HAZE


RELATIVE HUMIDITY (PERCENT)
 HIGHEST    97           500 AM
 LOWEST     45           300 PM
 AVERAGE    71

..........................................................


THE LOUISVILLE KY CLIMATE NORMALS FOR TODAY
                         NORMAL    RECORD    YEAR
 MAXIMUM TEMPERATURE (F)   76        90      1902
                                             1881
 MINIMUM TEMPERATURE (F)   56        40      1917


SUNRISE AND SUNSET
MAY 12 2016...........SUNRISE   634 AM EDT   SUNSET   845 PM EDT
MAY 13 2016...........SUNRISE   633 AM EDT   SUNSET   846 PM EDT


-  INDICATES NEGATIVE NUMBERS.
R  INDICATES RECORD WAS SET OR TIED.
MM INDICATES DATA IS MISSING.
T  INDICATES TRACE AMOUNT.




$$
