000
CDUS43 KLMK 210627
CLISDF


CLIMATE REPORT
NATIONAL WEATHER SERVICE LOUISVILLE KY
227 AM EDT SUN SEP 21 2014


...................................

...THE LOUISVILLE KY CLIMATE SUMMARY FOR SEPTEMBER 20 2014...

CLIMATE NORMAL PERIOD 1981 TO 2010
CLIMATE RECORD PERIOD 1871 TO 2014


WEATHER ITEM   OBSERVED TIME   RECORD YEAR NORMAL DEPARTURE LAST
                VALUE   (LST)  VALUE       VALUE  FROM      YEAR
                                                  NORMAL
..................................................................
TEMPERATURE (F)
 YESTERDAY
  MAXIMUM         84    449 PM  96    1895  80      4       87
  MINIMUM         62    535 AM  43    1956  59      3       68
                                      1896
  AVERAGE         73                        69      4       78

PRECIPITATION (IN)
  YESTERDAY        0.00          3.95 2009   0.10  -0.10     1.20
  MONTH TO DATE    3.31                      1.98   1.33     2.01
  SINCE SEP 1      3.31                      1.98   1.33     2.01
  SINCE JAN 1     34.48                     33.20   1.28    33.82

SNOWFALL (IN)
  YESTERDAY        0.0          MM      MM   0.0    0.0      0.0
  MONTH TO DATE    0.0                       0.0    0.0      0.0
  SINCE SEP 1      0.0                       0.0    0.0      0.0
  SINCE JUL 1      0.0                       0.0    0.0      0.0
  SNOW DEPTH       0

DEGREE DAYS
 HEATING
  YESTERDAY        0                         1     -1        0
  MONTH TO DATE    8                         6      2        2
  SINCE SEP 1      8                         6      2        2
  SINCE JUL 1      8                         6      2        2

 COOLING
  YESTERDAY        8                         6      2       13
  MONTH TO DATE  149                       169    -20      202
  SINCE SEP 1    149                       169    -20      202
  SINCE JAN 1   1541                      1526     15     1542
..................................................................


WIND (MPH)
  HIGHEST WIND SPEED    18   HIGHEST WIND DIRECTION    SW (240)
  HIGHEST GUST SPEED    26   HIGHEST GUST DIRECTION    SW (220)
  AVERAGE WIND SPEED     8.9


SKY COVER
  POSSIBLE SUNSHINE  MM
  AVERAGE SKY COVER 0.7


WEATHER CONDITIONS
 THE FOLLOWING WEATHER WAS RECORDED YESTERDAY.
  NO SIGNIFICANT WEATHER WAS OBSERVED.


RELATIVE HUMIDITY (PERCENT)
 HIGHEST    84           300 AM
 LOWEST     51           400 PM
 AVERAGE    68

..........................................................


THE LOUISVILLE KY CLIMATE NORMALS FOR TODAY
                         NORMAL    RECORD    YEAR
 MAXIMUM TEMPERATURE (F)   79        98      2010
 MINIMUM TEMPERATURE (F)   58        42      1962
                                             1897


SUNRISE AND SUNSET
SEPTEMBER 21 2014.....SUNRISE   730 AM EDT   SUNSET   741 PM EDT
SEPTEMBER 22 2014.....SUNRISE   731 AM EDT   SUNSET   740 PM EDT


-  INDICATES NEGATIVE NUMBERS.
R  INDICATES RECORD WAS SET OR TIED.
MM INDICATES DATA IS MISSING.
T  INDICATES TRACE AMOUNT.




$$
