195
CDUS43 KLMK 302126
CLISDF

CLIMATE REPORT
NATIONAL WEATHER SERVICE LOUISVILLE KY
426 PM EST WED NOV 30 2016


...................................

...THE LOUISVILLE KY CLIMATE SUMMARY FOR NOVEMBER 30 2016...
VALID TODAY AS OF 0400 PM LOCAL TIME.

CLIMATE NORMAL PERIOD 1981 TO 2010
CLIMATE RECORD PERIOD 1871 TO 2016


WEATHER ITEM   OBSERVED TIME   RECORD YEAR NORMAL DEPARTURE LAST
                VALUE   (LST)  VALUE       VALUE  FROM      YEAR
                                                  NORMAL
..................................................................
TEMPERATURE (F)
 TODAY
  MAXIMUM         61    123 AM  74    2006  51     10       51
  MINIMUM         53    711 AM   1    1929  34     19       44
  AVERAGE         57                        43     14       48

PRECIPITATION (IN)
  TODAY            T             1.70 1997   0.13  -0.13     0.42
  MONTH TO DATE    1.65                      3.59  -1.94     5.47
  SINCE SEP 1      4.58                      9.86  -5.28    12.77
  SINCE JAN 1     38.25                     41.08  -2.83    55.83

SNOWFALL (IN)
  TODAY            0.0           1.8  1886   0.0    0.0      0.0
  MONTH TO DATE    0.0                       0.1   -0.1      0.0
  SINCE SEP 1      0.0                       0.2   -0.2      0.0
  SINCE JUL 1      0.0                       0.2   -0.2      0.0
  SNOW DEPTH       0

DEGREE DAYS
 HEATING
  TODAY            8                        22    -14       17
  MONTH TO DATE  377                       492   -115      366
  SINCE SEP 1    462                       735   -273      524
  SINCE JUL 1    462                       735   -273      524

 COOLING
  TODAY            0                         0      0        0
  MONTH TO DATE   19                         4     15        9
  SINCE SEP 1    474                       256    218      333
  SINCE JAN 1   2082                      1613    469     1787
..................................................................


WIND (MPH)
  HIGHEST WIND SPEED    15   HIGHEST WIND DIRECTION     W (290)
  HIGHEST GUST SPEED    17   HIGHEST GUST DIRECTION     W (280)
  AVERAGE WIND SPEED     7.4


SKY COVER
  POSSIBLE SUNSHINE  MM
  AVERAGE SKY COVER 0.9


WEATHER CONDITIONS
 THE FOLLOWING WEATHER WAS RECORDED TODAY.
  LIGHT RAIN
  FOG
  HAZE


RELATIVE HUMIDITY (PERCENT)
 HIGHEST    93           600 AM
 LOWEST     60          1200 AM
 AVERAGE    77

..........................................................


THE LOUISVILLE KY CLIMATE NORMALS FOR TOMORROW
                         NORMAL    RECORD    YEAR
 MAXIMUM TEMPERATURE (F)   51        70      1970
 MINIMUM TEMPERATURE (F)   34        11      1886


SUNRISE AND SUNSET
NOVEMBER 30 2016......SUNRISE   740 AM EST   SUNSET   523 PM EST
DECEMBER  1 2016......SUNRISE   741 AM EST   SUNSET   523 PM EST


-  INDICATES NEGATIVE NUMBERS.
R  INDICATES RECORD WAS SET OR TIED.
MM INDICATES DATA IS MISSING.
T  INDICATES TRACE AMOUNT.




$$
