000
CDUS43 KLMK 122036
CLISDF


CLIMATE REPORT
NATIONAL WEATHER SERVICE LOUISVILLE KY
435 PM EDT TUE AUG 12 2014


...................................

...THE LOUISVILLE KY CLIMATE SUMMARY FOR AUGUST 12 2014...
VALID TODAY AS OF 0400 PM LOCAL TIME.

CLIMATE NORMAL PERIOD 1981 TO 2010
CLIMATE RECORD PERIOD 1871 TO 2014


WEATHER ITEM   OBSERVED TIME   RECORD YEAR NORMAL DEPARTURE LAST
                VALUE   (LST)  VALUE       VALUE  FROM      YEAR
                                                  NORMAL
..................................................................
TEMPERATURE (F)
 TODAY
  MAXIMUM         81    324 PM 105    1881  89     -8       85
  MINIMUM         70    551 AM  54    1964  69      1       70
                                      1946
  AVERAGE         76                        79     -3       78

PRECIPITATION (IN)
  TODAY            0.00          2.00 1896   0.11  -0.11     0.57
  MONTH TO DATE    3.11                      1.42   1.69     1.81
  SINCE JUN 1      8.37                      9.44  -1.07    11.37
  SINCE JAN 1     27.88                     29.31  -1.43    30.42

SNOWFALL (IN)
  TODAY            0.0          MM      MM   0.0    0.0      0.0
  MONTH TO DATE    0.0                       0.0    0.0      0.0
  SINCE JUN 1      0.0                       0.0    0.0      0.0
  SINCE JUL 1      0.0                       0.0    0.0      0.0
  SNOW DEPTH       0

DEGREE DAYS
 HEATING
  TODAY            0                         0      0        0
  MONTH TO DATE    0                         0      0        0
  SINCE JUN 1      0                         5     -5        0
  SINCE JUL 1      0                         0      0        0

 COOLING
  TODAY           11                        14     -3       13
  MONTH TO DATE  154                       168    -14      156
  SINCE JUN 1    888                       935    -47      865
  SINCE JAN 1   1122                      1109     13     1093
..................................................................


WIND (MPH)
  HIGHEST WIND SPEED    24   HIGHEST WIND DIRECTION     W (280)
  HIGHEST GUST SPEED    27   HIGHEST GUST DIRECTION     W (270)
  AVERAGE WIND SPEED    MM


SKY COVER
  POSSIBLE SUNSHINE  MM
  AVERAGE SKY COVER 0.5


WEATHER CONDITIONS
 THE FOLLOWING WEATHER WAS RECORDED TODAY.
  FOG
  HAZE


RELATIVE HUMIDITY (PERCENT)
 HIGHEST    93           200 AM
 LOWEST     52           200 PM
 AVERAGE    73

..........................................................


THE LOUISVILLE KY CLIMATE NORMALS FOR TOMORROW
                         NORMAL    RECORD    YEAR
 MAXIMUM TEMPERATURE (F)   89       100      2010
 MINIMUM TEMPERATURE (F)   69        49      1964


SUNRISE AND SUNSET
AUGUST 12 2014........SUNRISE   655 AM EDT   SUNSET   840 PM EDT
AUGUST 13 2014........SUNRISE   656 AM EDT   SUNSET   839 PM EDT


-  INDICATES NEGATIVE NUMBERS.
R  INDICATES RECORD WAS SET OR TIED.
MM INDICATES DATA IS MISSING.
T  INDICATES TRACE AMOUNT.




$$
