000
CDUS43 KLMK 020645
CLISDF


CLIMATE REPORT
NATIONAL WEATHER SERVICE LOUISVILLE KY
145 AM EST TUE FEB 2 2016


...................................

...THE LOUISVILLE KY CLIMATE SUMMARY FOR FEBRUARY 1 2016...

CLIMATE NORMAL PERIOD 1981 TO 2010
CLIMATE RECORD PERIOD 1871 TO 2016


WEATHER ITEM   OBSERVED TIME   RECORD YEAR NORMAL DEPARTURE LAST
                VALUE   (LST)  VALUE       VALUE  FROM      YEAR
                                                  NORMAL
..................................................................
TEMPERATURE (F)
 YESTERDAY
  MAXIMUM         62   1244 AM  71    1911  44     18       51
  MINIMUM         43   1159 PM  -2    1951  27     16       37
  AVERAGE         53                        36     17       44

PRECIPITATION (IN)
  YESTERDAY        0.15          1.44 1981   0.12   0.03     0.45
  MONTH TO DATE    0.15                      0.12   0.03     0.45
  SINCE DEC 1      7.74                      7.19   0.55     4.89
  SINCE JAN 1      1.16                      3.36  -2.20     1.32

SNOWFALL (IN)
  YESTERDAY        0.0          11.0  1966   0.2   -0.2      0.0
  MONTH TO DATE    0.0                       0.2   -0.2      0.0
  SINCE DEC 1      8.2                       6.5    1.7      1.1
  SINCE JUL 1      8.2                       6.7    1.5      4.8
  SNOW DEPTH       0

DEGREE DAYS
 HEATING
  YESTERDAY       12                        29    -17       21
  MONTH TO DATE   12                        29    -17       21
  SINCE DEC 1   1404                      1803   -399     1717
  SINCE JUL 1   1928                      2538   -610     2603

 COOLING
  YESTERDAY        0                         0      0        0
  MONTH TO DATE    0                         0      0        0
  SINCE DEC 1      3                         1      2        0
  SINCE JAN 1      0                         0      0        0
..................................................................


WIND (MPH)
  HIGHEST WIND SPEED    24   HIGHEST WIND DIRECTION    NW (330)
  HIGHEST GUST SPEED    30   HIGHEST GUST DIRECTION    NW (330)
  AVERAGE WIND SPEED     7.6


SKY COVER
  POSSIBLE SUNSHINE  MM
  AVERAGE SKY COVER 0.6


WEATHER CONDITIONS
 THE FOLLOWING WEATHER WAS RECORDED YESTERDAY.
  RAIN
  LIGHT RAIN
  HAZE


RELATIVE HUMIDITY (PERCENT)
 HIGHEST    86           500 AM
 LOWEST     43           300 PM
 AVERAGE    65

..........................................................


THE LOUISVILLE KY CLIMATE NORMALS FOR TODAY
                         NORMAL    RECORD    YEAR
 MAXIMUM TEMPERATURE (F)   45        68      1903
 MINIMUM TEMPERATURE (F)   28       -19      1951


SUNRISE AND SUNSET
FEBRUARY  2 2016......SUNRISE   747 AM EST   SUNSET   606 PM EST
FEBRUARY  3 2016......SUNRISE   746 AM EST   SUNSET   607 PM EST


-  INDICATES NEGATIVE NUMBERS.
R  INDICATES RECORD WAS SET OR TIED.
MM INDICATES DATA IS MISSING.
T  INDICATES TRACE AMOUNT.




$$
