000
CDUS43 KLMK 180637
CLISDF


CLIMATE REPORT
NATIONAL WEATHER SERVICE LOUISVILLE KY
135 AM EST WED FEB 18 2015


...................................

...THE LOUISVILLE KY CLIMATE SUMMARY FOR FEBRUARY 17 2015...

CLIMATE NORMAL PERIOD 1981 TO 2010
CLIMATE RECORD PERIOD 1871 TO 2015


WEATHER ITEM   OBSERVED TIME   RECORD YEAR NORMAL DEPARTURE LAST
                VALUE   (LST)  VALUE       VALUE  FROM      YEAR
                                                  NORMAL
..................................................................
TEMPERATURE (F)
 YESTERDAY
  MAXIMUM         26    606 PM  72    1911  48    -22       45
  MINIMUM          3    746 AM  -3    1958  30    -27       25
  AVERAGE         15                        39    -24       35

PRECIPITATION (IN)
  YESTERDAY        T             1.83 1976   0.11  -0.11     0.51
  MONTH TO DATE    1.21                      1.92  -0.71     3.40
  SINCE DEC 1      5.65                      8.99  -3.34    11.24
  SINCE JAN 1      2.08                      5.16  -3.08     5.81

SNOWFALL (IN)
  YESTERDAY        T            10.5  1910   0.2   -0.2      0.0
  MONTH TO DATE    8.5                       3.1    5.4      7.1
  SINCE DEC 1      9.6                       9.4    0.2     20.7
  SINCE JUL 1     13.3                       9.6    3.7     21.2
  SNOW DEPTH       6

DEGREE DAYS
 HEATING
  YESTERDAY       50                        26     24       30
  MONTH TO DATE  555                       468     87      615
  SINCE DEC 1   2251                      2242      9     2545
  SINCE JUL 1   3137                      2977    160     3375

 COOLING
  YESTERDAY        0                         0      0        0
  MONTH TO DATE    0                         0      0        0
  SINCE DEC 1      0                         1     -1        0
  SINCE JAN 1      0                         0      0        0
..................................................................


WIND (MPH)
  HIGHEST WIND SPEED    16   HIGHEST WIND DIRECTION     W (250)
  HIGHEST GUST SPEED    19   HIGHEST GUST DIRECTION    SW (220)
  AVERAGE WIND SPEED     5.7


SKY COVER
  POSSIBLE SUNSHINE  MM
  AVERAGE SKY COVER 0.4


WEATHER CONDITIONS
 THE FOLLOWING WEATHER WAS RECORDED YESTERDAY.
  FOG
  HAZE


RELATIVE HUMIDITY (PERCENT)
 HIGHEST   100          1000 AM
 LOWEST     46           200 PM
 AVERAGE    73

..........................................................


THE LOUISVILLE KY CLIMATE NORMALS FOR TODAY
                         NORMAL    RECORD    YEAR
 MAXIMUM TEMPERATURE (F)   49        73      1948
 MINIMUM TEMPERATURE (F)   31        -7      1936


SUNRISE AND SUNSET
FEBRUARY 18 2015......SUNRISE   730 AM EST   SUNSET   624 PM EST
FEBRUARY 19 2015......SUNRISE   729 AM EST   SUNSET   625 PM EST


-  INDICATES NEGATIVE NUMBERS.
R  INDICATES RECORD WAS SET OR TIED.
MM INDICATES DATA IS MISSING.
T  INDICATES TRACE AMOUNT.




$$
