000
CDUS43 KLMK 050628
CLISDF


CLIMATE REPORT
NATIONAL WEATHER SERVICE LOUISVILLE KY
127 AM EST WED NOV 5 2014


...................................

...THE LOUISVILLE KY CLIMATE SUMMARY FOR NOVEMBER 4 2014...

CLIMATE NORMAL PERIOD 1981 TO 2010
CLIMATE RECORD PERIOD 1871 TO 2014


WEATHER ITEM   OBSERVED TIME   RECORD YEAR NORMAL DEPARTURE LAST
                VALUE   (LST)  VALUE       VALUE  FROM      YEAR
                                                  NORMAL
..................................................................
TEMPERATURE (F)
 YESTERDAY
  MAXIMUM         66    133 PM  80    2003  63      3       64
                                      1987
  MINIMUM         53    801 AM  20    1991  43     10       42
  AVERAGE         60                        53      7       53

PRECIPITATION (IN)
  YESTERDAY        0.03          1.47 1936   0.11  -0.08     0.00
  MONTH TO DATE    0.03                      0.45  -0.42     0.01
  SINCE SEP 1      6.85                      6.72   0.13    12.65
  SINCE JAN 1     38.02                     37.94   0.08    44.46

SNOWFALL (IN)
  YESTERDAY        0.0           7.4  1936   0.0    0.0      0.0
  MONTH TO DATE    T                         0.0    0.0      0.0
  SINCE SEP 1      T                         0.1   -0.1       T
  SINCE JUL 1      T                         0.1   -0.1       T
  SNOW DEPTH       0

DEGREE DAYS
 HEATING
  YESTERDAY        5                        12     -7       12
  MONTH TO DATE   63                        46     17       47
  SINCE SEP 1    264                       288    -24      280
  SINCE JUL 1    264                       288    -24      280

 COOLING
  YESTERDAY        0                         0      0        0
  MONTH TO DATE    0                         0      0        0
  SINCE SEP 1    233                       252    -19      288
  SINCE JAN 1   1625                      1609     16     1628
..................................................................


WIND (MPH)
  HIGHEST WIND SPEED    25   HIGHEST WIND DIRECTION    SW (220)
  HIGHEST GUST SPEED    31   HIGHEST GUST DIRECTION    SW (210)
  AVERAGE WIND SPEED    11.6


SKY COVER
  POSSIBLE SUNSHINE  MM
  AVERAGE SKY COVER 1.0


WEATHER CONDITIONS
 THE FOLLOWING WEATHER WAS RECORDED YESTERDAY.
  LIGHT RAIN
  FOG


RELATIVE HUMIDITY (PERCENT)
 HIGHEST    93          1100 PM
 LOWEST     28          1200 AM
 AVERAGE    61

..........................................................


THE LOUISVILLE KY CLIMATE NORMALS FOR TODAY
                         NORMAL    RECORD    YEAR
 MAXIMUM TEMPERATURE (F)   63        80      1975
 MINIMUM TEMPERATURE (F)   43        18      1991


SUNRISE AND SUNSET
NOVEMBER  5 2014......SUNRISE   713 AM EST   SUNSET   539 PM EST
NOVEMBER  6 2014......SUNRISE   714 AM EST   SUNSET   538 PM EST


-  INDICATES NEGATIVE NUMBERS.
R  INDICATES RECORD WAS SET OR TIED.
MM INDICATES DATA IS MISSING.
T  INDICATES TRACE AMOUNT.




$$
