000
CDUS43 KLMK 052033
CLISDF


CLIMATE REPORT
NATIONAL WEATHER SERVICE LOUISVILLE KY
432 PM EDT FRI MAY 5 2017


...................................

...THE LOUISVILLE KY CLIMATE SUMMARY FOR MAY 5 2017...
VALID TODAY AS OF 0400 PM LOCAL TIME.

CLIMATE NORMAL PERIOD 1981 TO 2010
CLIMATE RECORD PERIOD 1871 TO 2017


WEATHER ITEM   OBSERVED TIME   RECORD YEAR NORMAL DEPARTURE LAST
                VALUE   (LST)  VALUE       VALUE  FROM      YEAR
                                                  NORMAL
..................................................................
TEMPERATURE (F)
 TODAY
  MAXIMUM         55    352 AM  94    1959  74    -19       61
                                      1949
  MINIMUM         49    259 PM  36    1954  54     -5       45
  AVERAGE         52                        64    -12       53

PRECIPITATION (IN)
  TODAY            0.86          2.14 2003   0.17   0.69     0.05
  MONTH TO DATE    2.08                      0.87   1.21     0.61
  SINCE MAR 1     10.23                      9.05   1.18     9.29
  SINCE JAN 1     16.50                     15.47   1.03    15.11

SNOWFALL (IN)
  TODAY            0.0          MM      MM   0.0    0.0      0.0
  MONTH TO DATE    0.0                       0.0    0.0      0.0
  SINCE MAR 1      T                         1.5   -1.5      0.5
  SINCE JUL 1      2.7                      12.5   -9.8     14.9
  SNOW DEPTH       0

DEGREE DAYS
 HEATING
  TODAY           13                         3     10       12
  MONTH TO DATE   32                        19     13       26
  SINCE MAR 1    580                       803   -223      565
  SINCE JUL 1   3045                      4044   -999     3187

 COOLING
  TODAY            0                         2     -2        0
  MONTH TO DATE    0                        10    -10        9
  SINCE MAR 1    118                        53     65       72
  SINCE JAN 1    123                        53     70       72
..................................................................


WIND (MPH)
  HIGHEST WIND SPEED    24   HIGHEST WIND DIRECTION     N (350)
  HIGHEST GUST SPEED    31   HIGHEST GUST DIRECTION     N (350)
  AVERAGE WIND SPEED    16.2


SKY COVER
  POSSIBLE SUNSHINE  MM
  AVERAGE SKY COVER 0.9


WEATHER CONDITIONS
 THE FOLLOWING WEATHER WAS RECORDED TODAY.
  HEAVY RAIN
  RAIN
  LIGHT RAIN
  FOG


RELATIVE HUMIDITY (PERCENT)
 HIGHEST   100           500 AM
 LOWEST     86          1100 AM
 AVERAGE    93

..........................................................


THE LOUISVILLE KY CLIMATE NORMALS FOR TOMORROW
                         NORMAL    RECORD    YEAR
 MAXIMUM TEMPERATURE (F)   75        94      1949
 MINIMUM TEMPERATURE (F)   54        33      1898


SUNRISE AND SUNSET
MAY  5 2017...........SUNRISE   642 AM EDT   SUNSET   838 PM EDT
MAY  6 2017...........SUNRISE   641 AM EDT   SUNSET   839 PM EDT


-  INDICATES NEGATIVE NUMBERS.
R  INDICATES RECORD WAS SET OR TIED.
MM INDICATES DATA IS MISSING.
T  INDICATES TRACE AMOUNT.




$$
